{"id":45165,"date":"2021-07-05T15:39:33","date_gmt":"2021-07-05T15:39:33","guid":{"rendered":"https:\/\/revistaidees.cat\/autors\/federiga-bindi\/"},"modified":"2021-07-05T15:39:33","modified_gmt":"2021-07-05T15:39:33","slug":"federiga-bindi","status":"publish","type":"autors","link":"https:\/\/revistaidees.cat\/en\/autors\/federiga-bindi\/","title":{"rendered":"Federiga Bindi"},"content":{"rendered":"\n<p>Federiga Bindi \u00e9s directora del Foreign Policy Iniciative de l&#8217;Institue for Women\u2019s Policy Research i \u00e9s professora de Ci\u00e8ncies Pol\u00edtiques i c\u00e0tedra Jean Monnet a la Universitat de Roma Tor Vergata. Tamb\u00e9 \u00e9s investigadora principal no resident al Center for Transatlantic Relations. Anteriorment, havia sigut professora visitant al Brookings Institution, l\u2019Institute d\u2019\u00c9tudes Politiques de Paris, el Norwegian Institute of International Affairs, la Universitat de Lisboa i la Universit\u00e9 Libre de Brussel\u00b7les. Bindi ha ocupat posicions governamentals rellevants com a assessora superior del Ministeri d&#8217;Afers Exteriors d\u2019It\u00e0lia, directora d\u2019Afers Internacionals i de Pr\u00e0ctiques Internacionals a l\u2019Escola Nacional de l\u2019Administraci\u00f3 Italiana i directora de l\u2019Institurt Itali\u00e0 de Cultura a Brussel\u00b7les.<\/p>\n","protected":false},"featured_media":44799,"template":"","category_autors":[],"class_list":["post-45165","autors","type-autors","status-publish","has-post-thumbnail","hentry"],"acf":[],"yoast_head":"<!-- This site is optimized with the Yoast SEO plugin v27.4 - https:\/\/yoast.com\/product\/yoast-seo-wordpress\/ -->\n<title>Federiga Bindi &#8211; IDEES<\/title>\n<meta name=\"robots\" content=\"index, follow, max-snippet:-1, max-image-preview:large, max-video-preview:-1\" \/>\n<link rel=\"canonical\" href=\"https:\/\/revistaidees.cat\/en\/autors\/federiga-bindi\/\" \/>\n<meta property=\"og:locale\" content=\"en_US\" \/>\n<meta property=\"og:type\" content=\"article\" \/>\n<meta property=\"og:title\" content=\"Federiga Bindi &#8211; IDEES\" \/>\n<meta property=\"og:description\" content=\"Federiga Bindi \u00e9s directora del Foreign Policy Iniciative de l&#8217;Institue for Women\u2019s Policy Research i \u00e9s professora de Ci\u00e8ncies Pol\u00edtiques i c\u00e0tedra Jean Monnet a la Universitat de Roma Tor Vergata. Tamb\u00e9 \u00e9s investigadora principal no resident al Center for Transatlantic Relations. Anteriorment, havia sigut professora visitant al Brookings Institution, l\u2019Institute d\u2019\u00c9tudes Politiques de Paris, el Norwegian Institute of International Affairs, la Universitat de Lisboa i la Universit\u00e9 Libre de Brussel\u00b7les. Bindi ha ocupat posicions governamentals rellevants com a assessora superior del Ministeri d&#8217;Afers Exteriors d\u2019It\u00e0lia, directora d\u2019Afers Internacionals i de Pr\u00e0ctiques Internacionals a l\u2019Escola Nacional de l\u2019Administraci\u00f3 Italiana i\u2026\" \/>\n<meta property=\"og:url\" content=\"https:\/\/revistaidees.cat\/en\/autors\/federiga-bindi\/\" \/>\n<meta property=\"og:site_name\" content=\"IDEES\" \/>\n<meta property=\"og:image\" content=\"https:\/\/i0.wp.com\/revistaidees.cat\/wp-content\/uploads\/2021\/07\/Federiga-Bindi-def.jpg?fit=1984%2C1516&ssl=1\" \/>\n\t<meta property=\"og:image:width\" content=\"1984\" \/>\n\t<meta property=\"og:image:height\" content=\"1516\" \/>\n\t<meta property=\"og:image:type\" content=\"image\/jpeg\" \/>\n<meta name=\"twitter:card\" content=\"summary_large_image\" \/>\n<meta name=\"twitter:label1\" content=\"Est. reading time\" \/>\n\t<meta name=\"twitter:data1\" content=\"1 minute\" \/>\n<script type=\"application\/ld+json\" class=\"yoast-schema-graph\">{\"@context\":\"https:\\\/\\\/schema.org\",\"@graph\":[{\"@type\":\"WebPage\",\"@id\":\"https:\\\/\\\/revistaidees.cat\\\/en\\\/autors\\\/federiga-bindi\\\/\",\"url\":\"https:\\\/\\\/revistaidees.cat\\\/en\\\/autors\\\/federiga-bindi\\\/\",\"name\":\"Federiga Bindi &#8211; IDEES\",\"isPartOf\":{\"@id\":\"https:\\\/\\\/revistaidees.cat\\\/#website\"},\"primaryImageOfPage\":{\"@id\":\"https:\\\/\\\/revistaidees.cat\\\/en\\\/autors\\\/federiga-bindi\\\/#primaryimage\"},\"image\":{\"@id\":\"https:\\\/\\\/revistaidees.cat\\\/en\\\/autors\\\/federiga-bindi\\\/#primaryimage\"},\"thumbnailUrl\":\"https:\\\/\\\/i0.wp.com\\\/revistaidees.cat\\\/wp-content\\\/uploads\\\/2021\\\/07\\\/Federiga-Bindi-def.jpg?fit=1984%2C1516&ssl=1\",\"datePublished\":\"2021-07-05T15:39:33+00:00\",\"breadcrumb\":{\"@id\":\"https:\\\/\\\/revistaidees.cat\\\/en\\\/autors\\\/federiga-bindi\\\/#breadcrumb\"},\"inLanguage\":\"en-US\",\"potentialAction\":[{\"@type\":\"ReadAction\",\"target\":[\"https:\\\/\\\/revistaidees.cat\\\/en\\\/autors\\\/federiga-bindi\\\/\"]}]},{\"@type\":\"ImageObject\",\"inLanguage\":\"en-US\",\"@id\":\"https:\\\/\\\/revistaidees.cat\\\/en\\\/autors\\\/federiga-bindi\\\/#primaryimage\",\"url\":\"https:\\\/\\\/i0.wp.com\\\/revistaidees.cat\\\/wp-content\\\/uploads\\\/2021\\\/07\\\/Federiga-Bindi-def.jpg?fit=1984%2C1516&ssl=1\",\"contentUrl\":\"https:\\\/\\\/i0.wp.com\\\/revistaidees.cat\\\/wp-content\\\/uploads\\\/2021\\\/07\\\/Federiga-Bindi-def.jpg?fit=1984%2C1516&ssl=1\",\"width\":1984,\"height\":1516,\"caption\":\"Federiga Bindi\"},{\"@type\":\"BreadcrumbList\",\"@id\":\"https:\\\/\\\/revistaidees.cat\\\/en\\\/autors\\\/federiga-bindi\\\/#breadcrumb\",\"itemListElement\":[{\"@type\":\"ListItem\",\"position\":1,\"name\":\"Inici\",\"item\":\"https:\\\/\\\/revistaidees.cat\\\/en\\\/\"},{\"@type\":\"ListItem\",\"position\":2,\"name\":\"Autors\",\"item\":\"https:\\\/\\\/revistaidees.cat\\\/autors\\\/\"},{\"@type\":\"ListItem\",\"position\":3,\"name\":\"Federiga Bindi\"}]},{\"@type\":\"WebSite\",\"@id\":\"https:\\\/\\\/revistaidees.cat\\\/#website\",\"url\":\"https:\\\/\\\/revistaidees.cat\\\/\",\"name\":\"IDEES\",\"description\":\"Contemporary global issues\",\"potentialAction\":[{\"@type\":\"SearchAction\",\"target\":{\"@type\":\"EntryPoint\",\"urlTemplate\":\"https:\\\/\\\/revistaidees.cat\\\/?s={search_term_string}\"},\"query-input\":{\"@type\":\"PropertyValueSpecification\",\"valueRequired\":true,\"valueName\":\"search_term_string\"}}],\"inLanguage\":\"en-US\"}]}<\/script>\n<!-- \/ Yoast SEO plugin. -->","yoast_head_json":{"title":"Federiga Bindi &#8211; IDEES","robots":{"index":"index","follow":"follow","max-snippet":"max-snippet:-1","max-image-preview":"max-image-preview:large","max-video-preview":"max-video-preview:-1"},"canonical":"https:\/\/revistaidees.cat\/en\/autors\/federiga-bindi\/","og_locale":"en_US","og_type":"article","og_title":"Federiga Bindi &#8211; IDEES","og_description":"Federiga Bindi \u00e9s directora del Foreign Policy Iniciative de l&#8217;Institue for Women\u2019s Policy Research i \u00e9s professora de Ci\u00e8ncies Pol\u00edtiques i c\u00e0tedra Jean Monnet a la Universitat de Roma Tor Vergata. Tamb\u00e9 \u00e9s investigadora principal no resident al Center for Transatlantic Relations. Anteriorment, havia sigut professora visitant al Brookings Institution, l\u2019Institute d\u2019\u00c9tudes Politiques de Paris, el Norwegian Institute of International Affairs, la Universitat de Lisboa i la Universit\u00e9 Libre de Brussel\u00b7les. Bindi ha ocupat posicions governamentals rellevants com a assessora superior del Ministeri d&#8217;Afers Exteriors d\u2019It\u00e0lia, directora d\u2019Afers Internacionals i de Pr\u00e0ctiques Internacionals a l\u2019Escola Nacional de l\u2019Administraci\u00f3 Italiana i\u2026","og_url":"https:\/\/revistaidees.cat\/en\/autors\/federiga-bindi\/","og_site_name":"IDEES","og_image":[{"width":1984,"height":1516,"url":"https:\/\/i0.wp.com\/revistaidees.cat\/wp-content\/uploads\/2021\/07\/Federiga-Bindi-def.jpg?fit=1984%2C1516&ssl=1","type":"image\/jpeg"}],"twitter_card":"summary_large_image","twitter_misc":{"Est. reading time":"1 minute"},"schema":{"@context":"https:\/\/schema.org","@graph":[{"@type":"WebPage","@id":"https:\/\/revistaidees.cat\/en\/autors\/federiga-bindi\/","url":"https:\/\/revistaidees.cat\/en\/autors\/federiga-bindi\/","name":"Federiga Bindi &#8211; IDEES","isPartOf":{"@id":"https:\/\/revistaidees.cat\/#website"},"primaryImageOfPage":{"@id":"https:\/\/revistaidees.cat\/en\/autors\/federiga-bindi\/#primaryimage"},"image":{"@id":"https:\/\/revistaidees.cat\/en\/autors\/federiga-bindi\/#primaryimage"},"thumbnailUrl":"https:\/\/i0.wp.com\/revistaidees.cat\/wp-content\/uploads\/2021\/07\/Federiga-Bindi-def.jpg?fit=1984%2C1516&ssl=1","datePublished":"2021-07-05T15:39:33+00:00","breadcrumb":{"@id":"https:\/\/revistaidees.cat\/en\/autors\/federiga-bindi\/#breadcrumb"},"inLanguage":"en-US","potentialAction":[{"@type":"ReadAction","target":["https:\/\/revistaidees.cat\/en\/autors\/federiga-bindi\/"]}]},{"@type":"ImageObject","inLanguage":"en-US","@id":"https:\/\/revistaidees.cat\/en\/autors\/federiga-bindi\/#primaryimage","url":"https:\/\/i0.wp.com\/revistaidees.cat\/wp-content\/uploads\/2021\/07\/Federiga-Bindi-def.jpg?fit=1984%2C1516&ssl=1","contentUrl":"https:\/\/i0.wp.com\/revistaidees.cat\/wp-content\/uploads\/2021\/07\/Federiga-Bindi-def.jpg?fit=1984%2C1516&ssl=1","width":1984,"height":1516,"caption":"Federiga Bindi"},{"@type":"BreadcrumbList","@id":"https:\/\/revistaidees.cat\/en\/autors\/federiga-bindi\/#breadcrumb","itemListElement":[{"@type":"ListItem","position":1,"name":"Inici","item":"https:\/\/revistaidees.cat\/en\/"},{"@type":"ListItem","position":2,"name":"Autors","item":"https:\/\/revistaidees.cat\/autors\/"},{"@type":"ListItem","position":3,"name":"Federiga Bindi"}]},{"@type":"WebSite","@id":"https:\/\/revistaidees.cat\/#website","url":"https:\/\/revistaidees.cat\/","name":"IDEES","description":"Contemporary global issues","potentialAction":[{"@type":"SearchAction","target":{"@type":"EntryPoint","urlTemplate":"https:\/\/revistaidees.cat\/?s={search_term_string}"},"query-input":{"@type":"PropertyValueSpecification","valueRequired":true,"valueName":"search_term_string"}}],"inLanguage":"en-US"}]}},"jetpack_sharing_enabled":true,"_links":{"self":[{"href":"https:\/\/revistaidees.cat\/en\/wp-json\/wp\/v2\/autors\/45165","targetHints":{"allow":["GET"]}}],"collection":[{"href":"https:\/\/revistaidees.cat\/en\/wp-json\/wp\/v2\/autors"}],"about":[{"href":"https:\/\/revistaidees.cat\/en\/wp-json\/wp\/v2\/types\/autors"}],"version-history":[{"count":0,"href":"https:\/\/revistaidees.cat\/en\/wp-json\/wp\/v2\/autors\/45165\/revisions"}],"wp:featuredmedia":[{"embeddable":true,"href":"https:\/\/revistaidees.cat\/en\/wp-json\/wp\/v2\/media\/44799"}],"wp:attachment":[{"href":"https:\/\/revistaidees.cat\/en\/wp-json\/wp\/v2\/media?parent=45165"}],"wp:term":[{"taxonomy":"category_autors","embeddable":true,"href":"https:\/\/revistaidees.cat\/en\/wp-json\/wp\/v2\/category_autors?post=45165"}],"curies":[{"name":"wp","href":"https:\/\/api.w.org\/{rel}","templated":true}]}}

<p>Federiga Bindi és directora del Foreign Policy Iniciative de l&#8217;Institue for Women’s Policy Research i és professora de Ciències Polítiques i càtedra Jean Monnet a la Universitat de Roma Tor Vergata. També és investigadora principal no resident al Center for Transatlantic Relations. Anteriorment, havia sigut professora visitant al Brookings Institution, l’Institute d’Études Politiques de Paris, el Norwegian Institute of International Affairs, la Universitat de Lisboa i la Université Libre de Brussel·les. Bindi ha ocupat posicions governamentals rellevants com a assessora superior del Ministeri d&#8217;Afers Exteriors d’Itàlia, directora d’Afers Internacionals i de Pràctiques Internacionals a l’Escola Nacional de l’Administració Italiana i directora de l’Institurt Italià de Cultura a Brussel·les.</p>

<!-- This site is optimized with the Yoast SEO plugin v27.4 - https://yoast.com/product/yoast-seo-wordpress/ -->
<title>Federiga Bindi &#8211; IDEES</title>
<meta name="robots" content="index, follow, max-snippet:-1, max-image-preview:large, max-video-preview:-1" />
<link rel="canonical" href="https://revistaidees.cat/en/autors/federiga-bindi/" />
<meta property="og:locale" content="en_US" />
<meta property="og:type" content="article" />
<meta property="og:title" content="Federiga Bindi &#8211; IDEES" />
<meta property="og:description" content="Federiga Bindi és directora del Foreign Policy Iniciative de l&#8217;Institue for Women’s Policy Research i és professora de Ciències Polítiques i càtedra Jean Monnet a la Universitat de Roma Tor Vergata. També és investigadora principal no resident al Center for Transatlantic Relations. Anteriorment, havia sigut professora visitant al Brookings Institution, l’Institute d’Études Politiques de Paris, el Norwegian Institute of International Affairs, la Universitat de Lisboa i la Université Libre de Brussel·les. Bindi ha ocupat posicions governamentals rellevants com a assessora superior del Ministeri d&#8217;Afers Exteriors d’Itàlia, directora d’Afers Internacionals i de Pràctiques Internacionals a l’Escola Nacional de l’Administració Italiana i…" />
<meta property="og:url" content="https://revistaidees.cat/en/autors/federiga-bindi/" />
<meta property="og:site_name" content="IDEES" />
<meta property="og:image" content="https://i0.wp.com/revistaidees.cat/wp-content/uploads/2021/07/Federiga-Bindi-def.jpg?fit=1984%2C1516&ssl=1" />
	<meta property="og:image:width" content="1984" />
	<meta property="og:image:height" content="1516" />
	<meta property="og:image:type" content="image/jpeg" />
<meta name="twitter:card" content="summary_large_image" />
<meta name="twitter:label1" content="Est. reading time" />
	<meta name="twitter:data1" content="1 minute" />
<script type="application/ld+json" class="yoast-schema-graph">{"@context":"https:\/\/schema.org","@graph":[{"@type":"WebPage","@id":"https:\/\/revistaidees.cat\/en\/autors\/federiga-bindi\/","url":"https:\/\/revistaidees.cat\/en\/autors\/federiga-bindi\/","name":"Federiga Bindi &#8211; IDEES","isPartOf":{"@id":"https:\/\/revistaidees.cat\/#website"},"primaryImageOfPage":{"@id":"https:\/\/revistaidees.cat\/en\/autors\/federiga-bindi\/#primaryimage"},"image":{"@id":"https:\/\/revistaidees.cat\/en\/autors\/federiga-bindi\/#primaryimage"},"thumbnailUrl":"https:\/\/i0.wp.com\/revistaidees.cat\/wp-content\/uploads\/2021\/07\/Federiga-Bindi-def.jpg?fit=1984%2C1516&ssl=1","datePublished":"2021-07-05T15:39:33+00:00","breadcrumb":{"@id":"https:\/\/revistaidees.cat\/en\/autors\/federiga-bindi\/#breadcrumb"},"inLanguage":"en-US","potentialAction":[{"@type":"ReadAction","target":["https:\/\/revistaidees.cat\/en\/autors\/federiga-bindi\/"]}]},{"@type":"ImageObject","inLanguage":"en-US","@id":"https:\/\/revistaidees.cat\/en\/autors\/federiga-bindi\/#primaryimage","url":"https:\/\/i0.wp.com\/revistaidees.cat\/wp-content\/uploads\/2021\/07\/Federiga-Bindi-def.jpg?fit=1984%2C1516&ssl=1","contentUrl":"https:\/\/i0.wp.com\/revistaidees.cat\/wp-content\/uploads\/2021\/07\/Federiga-Bindi-def.jpg?fit=1984%2C1516&ssl=1","width":1984,"height":1516,"caption":"Federiga Bindi"},{"@type":"BreadcrumbList","@id":"https:\/\/revistaidees.cat\/en\/autors\/federiga-bindi\/#breadcrumb","itemListElement":[{"@type":"ListItem","position":1,"name":"Inici","item":"https:\/\/revistaidees.cat\/en\/"},{"@type":"ListItem","position":2,"name":"Autors","item":"https:\/\/revistaidees.cat\/autors\/"},{"@type":"ListItem","position":3,"name":"Federiga Bindi"}]},{"@type":"WebSite","@id":"https:\/\/revistaidees.cat\/#website","url":"https:\/\/revistaidees.cat\/","name":"IDEES","description":"Contemporary global issues","potentialAction":[{"@type":"SearchAction","target":{"@type":"EntryPoint","urlTemplate":"https:\/\/revistaidees.cat\/?s={search_term_string}"},"query-input":{"@type":"PropertyValueSpecification","valueRequired":true,"valueName":"search_term_string"}}],"inLanguage":"en-US"}]}</script>
<!-- / Yoast SEO plugin. -->

Federiga Bindi és directora del Foreign Policy Iniciative de l&#8217;Institue for Women’s Policy Research i és professora de Ciències Polítiques i càtedra Jean Monnet a la Universitat de Roma Tor Vergata. També és investigadora principal no resident al Center for Transatlantic Relations. Anteriorment, havia sigut professora visitant al Brookings Institution, l’Institute d’Études Politiques de Paris, el Norwegian Institute of International Affairs, la Universitat de Lisboa i la Université Libre de Brussel·les. Bindi ha ocupat posicions governamentals rellevants com a assessora superior del Ministeri d&#8217;Afers Exteriors d’Itàlia, directora d’Afers Internacionals i de Pràctiques Internacionals a l’Escola Nacional de l’Administració Italiana i…
