{"id":51062,"date":"2021-12-01T11:25:34","date_gmt":"2021-12-01T11:25:34","guid":{"rendered":"https:\/\/revistaidees.cat\/?post_type=autors&#038;p=51062"},"modified":"2021-12-10T11:27:51","modified_gmt":"2021-12-10T11:27:51","slug":"javier-perez-gonzalez","status":"publish","type":"autors","link":"https:\/\/revistaidees.cat\/en\/autors\/javier-perez-gonzalez\/","title":{"rendered":"Javier P\u00e9rez Gonz\u00e1lez"},"content":{"rendered":"\n<p class=\"wp-block-paragraph\">Javier P\u00e9rez Gonz\u00e1lez holds a degree in Law and a degree in Economics from the Carlos III University of Madrid. He also holds a Postgraduate in Technologies for Human Development from the Open University of Catalonia (UOC). Founding partner of the Laboratorio de Estudios para el Desarrollo (LED), from 2006 to 2011 he worked in the Studies Area of Oxfam Interm\u00f3n, where he coordinated Oxfam International\u2019s research agenda in the areas of Trade, Agriculture and Climate Change. Since 2011 he has directed the Centre for Research and Studies on Coherence and Development (Political Watch). His main areas of expertise are policy coherence, international trade policy, business and human rights and the use of technology for the promotion of accountability, oversight and citizen participation.<\/p>\n","protected":false},"featured_media":50990,"template":"","category_autors":[],"class_list":["post-51062","autors","type-autors","status-publish","has-post-thumbnail","hentry"],"acf":[],"yoast_head":"<!-- This site is optimized with the Yoast SEO plugin v28.3 - https:\/\/yoast.com\/product\/yoast-seo-wordpress\/ -->\n<title>Javier P\u00e9rez Gonz\u00e1lez &#8211; IDEES<\/title>\n<meta name=\"robots\" content=\"index, follow, max-snippet:-1, max-image-preview:large, max-video-preview:-1\" \/>\n<link rel=\"canonical\" href=\"https:\/\/revistaidees.cat\/en\/autors\/javier-perez-gonzalez\/\" \/>\n<meta property=\"og:locale\" content=\"en_US\" \/>\n<meta property=\"og:type\" content=\"article\" \/>\n<meta property=\"og:title\" content=\"Javier P\u00e9rez Gonz\u00e1lez &#8211; IDEES\" \/>\n<meta property=\"og:description\" content=\"Javier P\u00e9rez Gonz\u00e1lez holds a degree in Law and a degree in Economics from the Carlos III University of Madrid. He also holds a Postgraduate in Technologies for Human Development from the Open University of Catalonia (UOC). Founding partner of the Laboratorio de Estudios para el Desarrollo (LED), from 2006 to 2011 he worked in the Studies Area of Oxfam Interm\u00f3n, where he coordinated Oxfam International\u2019s research agenda in the areas of Trade, Agriculture and Climate Change. Since 2011 he has directed the Centre for Research and Studies on Coherence and Development (Political Watch). His main areas of expertise are\u2026\" \/>\n<meta property=\"og:url\" content=\"https:\/\/revistaidees.cat\/en\/autors\/javier-perez-gonzalez\/\" \/>\n<meta property=\"og:site_name\" content=\"IDEES\" \/>\n<meta property=\"article:modified_time\" content=\"2021-12-10T11:27:51+00:00\" \/>\n<meta property=\"og:image\" content=\"https:\/\/i0.wp.com\/revistaidees.cat\/wp-content\/uploads\/2021\/12\/Javier-Perez-Gonzalez-def.jpg?fit=471%2C343&ssl=1\" \/>\n\t<meta property=\"og:image:width\" content=\"471\" \/>\n\t<meta property=\"og:image:height\" content=\"343\" \/>\n\t<meta property=\"og:image:type\" content=\"image\/jpeg\" \/>\n<meta name=\"twitter:card\" content=\"summary_large_image\" \/>\n<meta name=\"twitter:label1\" content=\"Est. reading time\" \/>\n\t<meta name=\"twitter:data1\" content=\"1 minute\" \/>\n<script type=\"application\/ld+json\" class=\"yoast-schema-graph\">{\"@context\":\"https:\\\/\\\/schema.org\",\"@graph\":[{\"@type\":\"WebPage\",\"@id\":\"https:\\\/\\\/revistaidees.cat\\\/en\\\/autors\\\/javier-perez-gonzalez\\\/\",\"url\":\"https:\\\/\\\/revistaidees.cat\\\/en\\\/autors\\\/javier-perez-gonzalez\\\/\",\"name\":\"Javier P\u00e9rez Gonz\u00e1lez &#8211; IDEES\",\"isPartOf\":{\"@id\":\"https:\\\/\\\/revistaidees.cat\\\/#website\"},\"primaryImageOfPage\":{\"@id\":\"https:\\\/\\\/revistaidees.cat\\\/en\\\/autors\\\/javier-perez-gonzalez\\\/#primaryimage\"},\"image\":{\"@id\":\"https:\\\/\\\/revistaidees.cat\\\/en\\\/autors\\\/javier-perez-gonzalez\\\/#primaryimage\"},\"thumbnailUrl\":\"https:\\\/\\\/i0.wp.com\\\/revistaidees.cat\\\/wp-content\\\/uploads\\\/2021\\\/12\\\/Javier-Perez-Gonzalez-def.jpg?fit=471%2C343&ssl=1\",\"datePublished\":\"2021-12-01T11:25:34+00:00\",\"dateModified\":\"2021-12-10T11:27:51+00:00\",\"breadcrumb\":{\"@id\":\"https:\\\/\\\/revistaidees.cat\\\/en\\\/autors\\\/javier-perez-gonzalez\\\/#breadcrumb\"},\"inLanguage\":\"en-US\",\"potentialAction\":[{\"@type\":\"ReadAction\",\"target\":[\"https:\\\/\\\/revistaidees.cat\\\/en\\\/autors\\\/javier-perez-gonzalez\\\/\"]}]},{\"@type\":\"ImageObject\",\"inLanguage\":\"en-US\",\"@id\":\"https:\\\/\\\/revistaidees.cat\\\/en\\\/autors\\\/javier-perez-gonzalez\\\/#primaryimage\",\"url\":\"https:\\\/\\\/i0.wp.com\\\/revistaidees.cat\\\/wp-content\\\/uploads\\\/2021\\\/12\\\/Javier-Perez-Gonzalez-def.jpg?fit=471%2C343&ssl=1\",\"contentUrl\":\"https:\\\/\\\/i0.wp.com\\\/revistaidees.cat\\\/wp-content\\\/uploads\\\/2021\\\/12\\\/Javier-Perez-Gonzalez-def.jpg?fit=471%2C343&ssl=1\",\"width\":471,\"height\":343,\"caption\":\"Javier P\u00e9rez Gonz\u00e1lez\"},{\"@type\":\"BreadcrumbList\",\"@id\":\"https:\\\/\\\/revistaidees.cat\\\/en\\\/autors\\\/javier-perez-gonzalez\\\/#breadcrumb\",\"itemListElement\":[{\"@type\":\"ListItem\",\"position\":1,\"name\":\"Inici\",\"item\":\"https:\\\/\\\/revistaidees.cat\\\/en\\\/\"},{\"@type\":\"ListItem\",\"position\":2,\"name\":\"Autors\",\"item\":\"https:\\\/\\\/revistaidees.cat\\\/autors\\\/\"},{\"@type\":\"ListItem\",\"position\":3,\"name\":\"Javier P\u00e9rez Gonz\u00e1lez\"}]},{\"@type\":\"WebSite\",\"@id\":\"https:\\\/\\\/revistaidees.cat\\\/#website\",\"url\":\"https:\\\/\\\/revistaidees.cat\\\/\",\"name\":\"IDEES\",\"description\":\"Contemporary global issues\",\"potentialAction\":[{\"@type\":\"SearchAction\",\"target\":{\"@type\":\"EntryPoint\",\"urlTemplate\":\"https:\\\/\\\/revistaidees.cat\\\/?s={search_term_string}\"},\"query-input\":{\"@type\":\"PropertyValueSpecification\",\"valueRequired\":true,\"valueName\":\"search_term_string\"}}],\"inLanguage\":\"en-US\"}]}<\/script>\n<!-- \/ Yoast SEO plugin. -->","yoast_head_json":{"title":"Javier P\u00e9rez Gonz\u00e1lez &#8211; IDEES","robots":{"index":"index","follow":"follow","max-snippet":"max-snippet:-1","max-image-preview":"max-image-preview:large","max-video-preview":"max-video-preview:-1"},"canonical":"https:\/\/revistaidees.cat\/en\/autors\/javier-perez-gonzalez\/","og_locale":"en_US","og_type":"article","og_title":"Javier P\u00e9rez Gonz\u00e1lez &#8211; IDEES","og_description":"Javier P\u00e9rez Gonz\u00e1lez holds a degree in Law and a degree in Economics from the Carlos III University of Madrid. He also holds a Postgraduate in Technologies for Human Development from the Open University of Catalonia (UOC). Founding partner of the Laboratorio de Estudios para el Desarrollo (LED), from 2006 to 2011 he worked in the Studies Area of Oxfam Interm\u00f3n, where he coordinated Oxfam International\u2019s research agenda in the areas of Trade, Agriculture and Climate Change. Since 2011 he has directed the Centre for Research and Studies on Coherence and Development (Political Watch). His main areas of expertise are\u2026","og_url":"https:\/\/revistaidees.cat\/en\/autors\/javier-perez-gonzalez\/","og_site_name":"IDEES","article_modified_time":"2021-12-10T11:27:51+00:00","og_image":[{"width":471,"height":343,"url":"https:\/\/i0.wp.com\/revistaidees.cat\/wp-content\/uploads\/2021\/12\/Javier-Perez-Gonzalez-def.jpg?fit=471%2C343&ssl=1","type":"image\/jpeg"}],"twitter_card":"summary_large_image","twitter_misc":{"Est. reading time":"1 minute"},"schema":{"@context":"https:\/\/schema.org","@graph":[{"@type":"WebPage","@id":"https:\/\/revistaidees.cat\/en\/autors\/javier-perez-gonzalez\/","url":"https:\/\/revistaidees.cat\/en\/autors\/javier-perez-gonzalez\/","name":"Javier P\u00e9rez Gonz\u00e1lez &#8211; IDEES","isPartOf":{"@id":"https:\/\/revistaidees.cat\/#website"},"primaryImageOfPage":{"@id":"https:\/\/revistaidees.cat\/en\/autors\/javier-perez-gonzalez\/#primaryimage"},"image":{"@id":"https:\/\/revistaidees.cat\/en\/autors\/javier-perez-gonzalez\/#primaryimage"},"thumbnailUrl":"https:\/\/i0.wp.com\/revistaidees.cat\/wp-content\/uploads\/2021\/12\/Javier-Perez-Gonzalez-def.jpg?fit=471%2C343&ssl=1","datePublished":"2021-12-01T11:25:34+00:00","dateModified":"2021-12-10T11:27:51+00:00","breadcrumb":{"@id":"https:\/\/revistaidees.cat\/en\/autors\/javier-perez-gonzalez\/#breadcrumb"},"inLanguage":"en-US","potentialAction":[{"@type":"ReadAction","target":["https:\/\/revistaidees.cat\/en\/autors\/javier-perez-gonzalez\/"]}]},{"@type":"ImageObject","inLanguage":"en-US","@id":"https:\/\/revistaidees.cat\/en\/autors\/javier-perez-gonzalez\/#primaryimage","url":"https:\/\/i0.wp.com\/revistaidees.cat\/wp-content\/uploads\/2021\/12\/Javier-Perez-Gonzalez-def.jpg?fit=471%2C343&ssl=1","contentUrl":"https:\/\/i0.wp.com\/revistaidees.cat\/wp-content\/uploads\/2021\/12\/Javier-Perez-Gonzalez-def.jpg?fit=471%2C343&ssl=1","width":471,"height":343,"caption":"Javier P\u00e9rez Gonz\u00e1lez"},{"@type":"BreadcrumbList","@id":"https:\/\/revistaidees.cat\/en\/autors\/javier-perez-gonzalez\/#breadcrumb","itemListElement":[{"@type":"ListItem","position":1,"name":"Inici","item":"https:\/\/revistaidees.cat\/en\/"},{"@type":"ListItem","position":2,"name":"Autors","item":"https:\/\/revistaidees.cat\/autors\/"},{"@type":"ListItem","position":3,"name":"Javier P\u00e9rez Gonz\u00e1lez"}]},{"@type":"WebSite","@id":"https:\/\/revistaidees.cat\/#website","url":"https:\/\/revistaidees.cat\/","name":"IDEES","description":"Contemporary global issues","potentialAction":[{"@type":"SearchAction","target":{"@type":"EntryPoint","urlTemplate":"https:\/\/revistaidees.cat\/?s={search_term_string}"},"query-input":{"@type":"PropertyValueSpecification","valueRequired":true,"valueName":"search_term_string"}}],"inLanguage":"en-US"}]}},"jetpack_sharing_enabled":true,"_links":{"self":[{"href":"https:\/\/revistaidees.cat\/en\/wp-json\/wp\/v2\/autors\/51062","targetHints":{"allow":["GET"]}}],"collection":[{"href":"https:\/\/revistaidees.cat\/en\/wp-json\/wp\/v2\/autors"}],"about":[{"href":"https:\/\/revistaidees.cat\/en\/wp-json\/wp\/v2\/types\/autors"}],"version-history":[{"count":2,"href":"https:\/\/revistaidees.cat\/en\/wp-json\/wp\/v2\/autors\/51062\/revisions"}],"predecessor-version":[{"id":51065,"href":"https:\/\/revistaidees.cat\/en\/wp-json\/wp\/v2\/autors\/51062\/revisions\/51065"}],"wp:featuredmedia":[{"embeddable":true,"href":"https:\/\/revistaidees.cat\/en\/wp-json\/wp\/v2\/media\/50990"}],"wp:attachment":[{"href":"https:\/\/revistaidees.cat\/en\/wp-json\/wp\/v2\/media?parent=51062"}],"wp:term":[{"taxonomy":"category_autors","embeddable":true,"href":"https:\/\/revistaidees.cat\/en\/wp-json\/wp\/v2\/category_autors?post=51062"}],"curies":[{"name":"wp","href":"https:\/\/api.w.org\/{rel}","templated":true}]}}

Javier Pérez González

<p class="wp-block-paragraph">Javier Pérez González holds a degree in Law and a degree in Economics from the Carlos III University of Madrid. He also holds a Postgraduate in Technologies for Human Development from the Open University of Catalonia (UOC). Founding partner of the Laboratorio de Estudios para el Desarrollo (LED), from 2006 to 2011 he worked in the Studies Area of Oxfam Intermón, where he coordinated Oxfam International’s research agenda in the areas of Trade, Agriculture and Climate Change. Since 2011 he has directed the Centre for Research and Studies on Coherence and Development (Political Watch). His main areas of expertise are policy coherence, international trade policy, business and human rights and the use of technology for the promotion of accountability, oversight and citizen participation.</p>

<!-- This site is optimized with the Yoast SEO plugin v28.3 - https://yoast.com/product/yoast-seo-wordpress/ -->
<title>Javier Pérez González &#8211; IDEES</title>
<meta name="robots" content="index, follow, max-snippet:-1, max-image-preview:large, max-video-preview:-1" />
<link rel="canonical" href="https://revistaidees.cat/en/autors/javier-perez-gonzalez/" />
<meta property="og:locale" content="en_US" />
<meta property="og:type" content="article" />
<meta property="og:title" content="Javier Pérez González &#8211; IDEES" />
<meta property="og:description" content="Javier Pérez González holds a degree in Law and a degree in Economics from the Carlos III University of Madrid. He also holds a Postgraduate in Technologies for Human Development from the Open University of Catalonia (UOC). Founding partner of the Laboratorio de Estudios para el Desarrollo (LED), from 2006 to 2011 he worked in the Studies Area of Oxfam Intermón, where he coordinated Oxfam International’s research agenda in the areas of Trade, Agriculture and Climate Change. Since 2011 he has directed the Centre for Research and Studies on Coherence and Development (Political Watch). His main areas of expertise are…" />
<meta property="og:url" content="https://revistaidees.cat/en/autors/javier-perez-gonzalez/" />
<meta property="og:site_name" content="IDEES" />
<meta property="article:modified_time" content="2021-12-10T11:27:51+00:00" />
<meta property="og:image" content="https://i0.wp.com/revistaidees.cat/wp-content/uploads/2021/12/Javier-Perez-Gonzalez-def.jpg?fit=471%2C343&ssl=1" />
	<meta property="og:image:width" content="471" />
	<meta property="og:image:height" content="343" />
	<meta property="og:image:type" content="image/jpeg" />
<meta name="twitter:card" content="summary_large_image" />
<meta name="twitter:label1" content="Est. reading time" />
	<meta name="twitter:data1" content="1 minute" />
<script type="application/ld+json" class="yoast-schema-graph">{"@context":"https:\/\/schema.org","@graph":[{"@type":"WebPage","@id":"https:\/\/revistaidees.cat\/en\/autors\/javier-perez-gonzalez\/","url":"https:\/\/revistaidees.cat\/en\/autors\/javier-perez-gonzalez\/","name":"Javier Pérez González &#8211; IDEES","isPartOf":{"@id":"https:\/\/revistaidees.cat\/#website"},"primaryImageOfPage":{"@id":"https:\/\/revistaidees.cat\/en\/autors\/javier-perez-gonzalez\/#primaryimage"},"image":{"@id":"https:\/\/revistaidees.cat\/en\/autors\/javier-perez-gonzalez\/#primaryimage"},"thumbnailUrl":"https:\/\/i0.wp.com\/revistaidees.cat\/wp-content\/uploads\/2021\/12\/Javier-Perez-Gonzalez-def.jpg?fit=471%2C343&ssl=1","datePublished":"2021-12-01T11:25:34+00:00","dateModified":"2021-12-10T11:27:51+00:00","breadcrumb":{"@id":"https:\/\/revistaidees.cat\/en\/autors\/javier-perez-gonzalez\/#breadcrumb"},"inLanguage":"en-US","potentialAction":[{"@type":"ReadAction","target":["https:\/\/revistaidees.cat\/en\/autors\/javier-perez-gonzalez\/"]}]},{"@type":"ImageObject","inLanguage":"en-US","@id":"https:\/\/revistaidees.cat\/en\/autors\/javier-perez-gonzalez\/#primaryimage","url":"https:\/\/i0.wp.com\/revistaidees.cat\/wp-content\/uploads\/2021\/12\/Javier-Perez-Gonzalez-def.jpg?fit=471%2C343&ssl=1","contentUrl":"https:\/\/i0.wp.com\/revistaidees.cat\/wp-content\/uploads\/2021\/12\/Javier-Perez-Gonzalez-def.jpg?fit=471%2C343&ssl=1","width":471,"height":343,"caption":"Javier Pérez González"},{"@type":"BreadcrumbList","@id":"https:\/\/revistaidees.cat\/en\/autors\/javier-perez-gonzalez\/#breadcrumb","itemListElement":[{"@type":"ListItem","position":1,"name":"Inici","item":"https:\/\/revistaidees.cat\/en\/"},{"@type":"ListItem","position":2,"name":"Autors","item":"https:\/\/revistaidees.cat\/autors\/"},{"@type":"ListItem","position":3,"name":"Javier Pérez González"}]},{"@type":"WebSite","@id":"https:\/\/revistaidees.cat\/#website","url":"https:\/\/revistaidees.cat\/","name":"IDEES","description":"Contemporary global issues","potentialAction":[{"@type":"SearchAction","target":{"@type":"EntryPoint","urlTemplate":"https:\/\/revistaidees.cat\/?s={search_term_string}"},"query-input":{"@type":"PropertyValueSpecification","valueRequired":true,"valueName":"search_term_string"}}],"inLanguage":"en-US"}]}</script>
<!-- / Yoast SEO plugin. -->

Javier Pérez González &#8211; IDEES

Javier Pérez González holds a degree in Law and a degree in Economics from the Carlos III University of Madrid. He also holds a Postgraduate in Technologies for Human Development from the Open University of Catalonia (UOC). Founding partner of the Laboratorio de Estudios para el Desarrollo (LED), from 2006 to 2011 he worked in the Studies Area of Oxfam Intermón, where he coordinated Oxfam International’s research agenda in the areas of Trade, Agriculture and Climate Change. Since 2011 he has directed the Centre for Research and Studies on Coherence and Development (Political Watch). His main areas of expertise are…
