{"id":60620,"date":"2022-09-28T16:22:24","date_gmt":"2022-09-28T14:22:24","guid":{"rendered":"https:\/\/revistaidees.cat\/autors\/jose-manuel-garcia-izquierdo-2\/"},"modified":"2023-03-21T14:21:49","modified_gmt":"2023-03-21T12:21:49","slug":"jose-manuel-garcia-izquierdo-2","status":"publish","type":"autors","link":"https:\/\/revistaidees.cat\/en\/autors\/jose-manuel-garcia-izquierdo-2\/","title":{"rendered":"Jos\u00e9 Manuel Garcia Izquierdo"},"content":{"rendered":"\n<p>Jos\u00e9 Manuel Garcia Izquierdo is a journalist and Grup d\u2019Estudis Cubellencs <em>Amics del Castell <\/em>vice-president. He holds a PhD in Journalism, Master in Reporting and Advanced Journalism and Bachelor of Arts in Hispanic Journalism and Philology. He has published several works on local history, mainly in the annuaris of the entity Amics del Castell and Cubelles Festival agenda. His latest contribution is <em>Dosos amunt! El fet casteller a Cubelles <\/em>(2021). He is also the author of <em>Els catalans a Ginebra. La reivindicaci\u00f3 de Catalunya al m\u00f3n: Francesc Maspons i Anglasell<\/em>, published by Cosset\u00e0nia Editorial and the Town Hall of Bigues i Riells. He is now preparing a Francesc Maspons i Anlgasell biography on the occasion of the 150th of his birth, July 2022. Technician in Department of Communications, Consorcio Localret, he coordinated Alcadia\u2019s deparments and Cubelles Town Hall\u2019s communication, as well as Radio Cubelles, RTV El Vendrell, Urbe TV, <em>Diari de Vilanova, L&#8217;Hora del Garraf<\/em>, Canal Blau, Ser Menorca and TV3, among others.<\/p>\n","protected":false},"featured_media":61039,"template":"","category_autors":[],"class_list":["post-60620","autors","type-autors","status-publish","has-post-thumbnail","hentry"],"acf":[],"yoast_head":"<!-- This site is optimized with the Yoast SEO plugin v27.4 - https:\/\/yoast.com\/product\/yoast-seo-wordpress\/ -->\n<title>Jos\u00e9 Manuel Garcia Izquierdo &#8211; IDEES<\/title>\n<meta name=\"robots\" content=\"index, follow, max-snippet:-1, max-image-preview:large, max-video-preview:-1\" \/>\n<link rel=\"canonical\" href=\"https:\/\/revistaidees.cat\/en\/autors\/jose-manuel-garcia-izquierdo-2\/\" \/>\n<meta property=\"og:locale\" content=\"en_US\" \/>\n<meta property=\"og:type\" content=\"article\" \/>\n<meta property=\"og:title\" content=\"Jos\u00e9 Manuel Garcia Izquierdo &#8211; IDEES\" \/>\n<meta property=\"og:description\" content=\"Jos\u00e9 Manuel Garcia Izquierdo is a journalist and Grup d\u2019Estudis Cubellencs Amics del Castell vice-president. He holds a PhD in Journalism, Master in Reporting and Advanced Journalism and Bachelor of Arts in Hispanic Journalism and Philology. He has published several works on local history, mainly in the annuaris of the entity Amics del Castell and Cubelles Festival agenda. His latest contribution is Dosos amunt! El fet casteller a Cubelles (2021). He is also the author of Els catalans a Ginebra. La reivindicaci\u00f3 de Catalunya al m\u00f3n: Francesc Maspons i Anglasell, published by Cosset\u00e0nia Editorial and the Town Hall of Bigues\u2026\" \/>\n<meta property=\"og:url\" content=\"https:\/\/revistaidees.cat\/en\/autors\/jose-manuel-garcia-izquierdo-2\/\" \/>\n<meta property=\"og:site_name\" content=\"IDEES\" \/>\n<meta property=\"article:modified_time\" content=\"2023-03-21T12:21:49+00:00\" \/>\n<meta property=\"og:image\" content=\"https:\/\/revistaidees.cat\/wp-content\/uploads\/2022\/12\/Lolo-Garcia.jpg\" \/>\n\t<meta property=\"og:image:width\" content=\"1494\" \/>\n\t<meta property=\"og:image:height\" content=\"1046\" \/>\n\t<meta property=\"og:image:type\" content=\"image\/jpeg\" \/>\n<meta name=\"twitter:card\" content=\"summary_large_image\" \/>\n<meta name=\"twitter:label1\" content=\"Est. reading time\" \/>\n\t<meta name=\"twitter:data1\" content=\"1 minute\" \/>\n<script type=\"application\/ld+json\" class=\"yoast-schema-graph\">{\"@context\":\"https:\\\/\\\/schema.org\",\"@graph\":[{\"@type\":\"WebPage\",\"@id\":\"https:\\\/\\\/revistaidees.cat\\\/en\\\/autors\\\/jose-manuel-garcia-izquierdo-2\\\/\",\"url\":\"https:\\\/\\\/revistaidees.cat\\\/en\\\/autors\\\/jose-manuel-garcia-izquierdo-2\\\/\",\"name\":\"Jos\u00e9 Manuel Garcia Izquierdo &#8211; IDEES\",\"isPartOf\":{\"@id\":\"https:\\\/\\\/revistaidees.cat\\\/#website\"},\"primaryImageOfPage\":{\"@id\":\"https:\\\/\\\/revistaidees.cat\\\/en\\\/autors\\\/jose-manuel-garcia-izquierdo-2\\\/#primaryimage\"},\"image\":{\"@id\":\"https:\\\/\\\/revistaidees.cat\\\/en\\\/autors\\\/jose-manuel-garcia-izquierdo-2\\\/#primaryimage\"},\"thumbnailUrl\":\"https:\\\/\\\/i0.wp.com\\\/revistaidees.cat\\\/wp-content\\\/uploads\\\/2022\\\/12\\\/Lolo-Garcia.jpg?fit=1494%2C1046&ssl=1\",\"datePublished\":\"2022-09-28T14:22:24+00:00\",\"dateModified\":\"2023-03-21T12:21:49+00:00\",\"breadcrumb\":{\"@id\":\"https:\\\/\\\/revistaidees.cat\\\/en\\\/autors\\\/jose-manuel-garcia-izquierdo-2\\\/#breadcrumb\"},\"inLanguage\":\"en-US\",\"potentialAction\":[{\"@type\":\"ReadAction\",\"target\":[\"https:\\\/\\\/revistaidees.cat\\\/en\\\/autors\\\/jose-manuel-garcia-izquierdo-2\\\/\"]}]},{\"@type\":\"ImageObject\",\"inLanguage\":\"en-US\",\"@id\":\"https:\\\/\\\/revistaidees.cat\\\/en\\\/autors\\\/jose-manuel-garcia-izquierdo-2\\\/#primaryimage\",\"url\":\"https:\\\/\\\/i0.wp.com\\\/revistaidees.cat\\\/wp-content\\\/uploads\\\/2022\\\/12\\\/Lolo-Garcia.jpg?fit=1494%2C1046&ssl=1\",\"contentUrl\":\"https:\\\/\\\/i0.wp.com\\\/revistaidees.cat\\\/wp-content\\\/uploads\\\/2022\\\/12\\\/Lolo-Garcia.jpg?fit=1494%2C1046&ssl=1\",\"width\":1494,\"height\":1046},{\"@type\":\"BreadcrumbList\",\"@id\":\"https:\\\/\\\/revistaidees.cat\\\/en\\\/autors\\\/jose-manuel-garcia-izquierdo-2\\\/#breadcrumb\",\"itemListElement\":[{\"@type\":\"ListItem\",\"position\":1,\"name\":\"Inici\",\"item\":\"https:\\\/\\\/revistaidees.cat\\\/en\\\/\"},{\"@type\":\"ListItem\",\"position\":2,\"name\":\"Autors\",\"item\":\"https:\\\/\\\/revistaidees.cat\\\/autors\\\/\"},{\"@type\":\"ListItem\",\"position\":3,\"name\":\"Jos\u00e9 Manuel Garcia Izquierdo\"}]},{\"@type\":\"WebSite\",\"@id\":\"https:\\\/\\\/revistaidees.cat\\\/#website\",\"url\":\"https:\\\/\\\/revistaidees.cat\\\/\",\"name\":\"IDEES\",\"description\":\"Contemporary global issues\",\"potentialAction\":[{\"@type\":\"SearchAction\",\"target\":{\"@type\":\"EntryPoint\",\"urlTemplate\":\"https:\\\/\\\/revistaidees.cat\\\/?s={search_term_string}\"},\"query-input\":{\"@type\":\"PropertyValueSpecification\",\"valueRequired\":true,\"valueName\":\"search_term_string\"}}],\"inLanguage\":\"en-US\"}]}<\/script>\n<!-- \/ Yoast SEO plugin. -->","yoast_head_json":{"title":"Jos\u00e9 Manuel Garcia Izquierdo &#8211; IDEES","robots":{"index":"index","follow":"follow","max-snippet":"max-snippet:-1","max-image-preview":"max-image-preview:large","max-video-preview":"max-video-preview:-1"},"canonical":"https:\/\/revistaidees.cat\/en\/autors\/jose-manuel-garcia-izquierdo-2\/","og_locale":"en_US","og_type":"article","og_title":"Jos\u00e9 Manuel Garcia Izquierdo &#8211; IDEES","og_description":"Jos\u00e9 Manuel Garcia Izquierdo is a journalist and Grup d\u2019Estudis Cubellencs Amics del Castell vice-president. He holds a PhD in Journalism, Master in Reporting and Advanced Journalism and Bachelor of Arts in Hispanic Journalism and Philology. He has published several works on local history, mainly in the annuaris of the entity Amics del Castell and Cubelles Festival agenda. His latest contribution is Dosos amunt! El fet casteller a Cubelles (2021). He is also the author of Els catalans a Ginebra. La reivindicaci\u00f3 de Catalunya al m\u00f3n: Francesc Maspons i Anglasell, published by Cosset\u00e0nia Editorial and the Town Hall of Bigues\u2026","og_url":"https:\/\/revistaidees.cat\/en\/autors\/jose-manuel-garcia-izquierdo-2\/","og_site_name":"IDEES","article_modified_time":"2023-03-21T12:21:49+00:00","og_image":[{"width":1494,"height":1046,"url":"https:\/\/revistaidees.cat\/wp-content\/uploads\/2022\/12\/Lolo-Garcia.jpg","type":"image\/jpeg"}],"twitter_card":"summary_large_image","twitter_misc":{"Est. reading time":"1 minute"},"schema":{"@context":"https:\/\/schema.org","@graph":[{"@type":"WebPage","@id":"https:\/\/revistaidees.cat\/en\/autors\/jose-manuel-garcia-izquierdo-2\/","url":"https:\/\/revistaidees.cat\/en\/autors\/jose-manuel-garcia-izquierdo-2\/","name":"Jos\u00e9 Manuel Garcia Izquierdo &#8211; IDEES","isPartOf":{"@id":"https:\/\/revistaidees.cat\/#website"},"primaryImageOfPage":{"@id":"https:\/\/revistaidees.cat\/en\/autors\/jose-manuel-garcia-izquierdo-2\/#primaryimage"},"image":{"@id":"https:\/\/revistaidees.cat\/en\/autors\/jose-manuel-garcia-izquierdo-2\/#primaryimage"},"thumbnailUrl":"https:\/\/i0.wp.com\/revistaidees.cat\/wp-content\/uploads\/2022\/12\/Lolo-Garcia.jpg?fit=1494%2C1046&ssl=1","datePublished":"2022-09-28T14:22:24+00:00","dateModified":"2023-03-21T12:21:49+00:00","breadcrumb":{"@id":"https:\/\/revistaidees.cat\/en\/autors\/jose-manuel-garcia-izquierdo-2\/#breadcrumb"},"inLanguage":"en-US","potentialAction":[{"@type":"ReadAction","target":["https:\/\/revistaidees.cat\/en\/autors\/jose-manuel-garcia-izquierdo-2\/"]}]},{"@type":"ImageObject","inLanguage":"en-US","@id":"https:\/\/revistaidees.cat\/en\/autors\/jose-manuel-garcia-izquierdo-2\/#primaryimage","url":"https:\/\/i0.wp.com\/revistaidees.cat\/wp-content\/uploads\/2022\/12\/Lolo-Garcia.jpg?fit=1494%2C1046&ssl=1","contentUrl":"https:\/\/i0.wp.com\/revistaidees.cat\/wp-content\/uploads\/2022\/12\/Lolo-Garcia.jpg?fit=1494%2C1046&ssl=1","width":1494,"height":1046},{"@type":"BreadcrumbList","@id":"https:\/\/revistaidees.cat\/en\/autors\/jose-manuel-garcia-izquierdo-2\/#breadcrumb","itemListElement":[{"@type":"ListItem","position":1,"name":"Inici","item":"https:\/\/revistaidees.cat\/en\/"},{"@type":"ListItem","position":2,"name":"Autors","item":"https:\/\/revistaidees.cat\/autors\/"},{"@type":"ListItem","position":3,"name":"Jos\u00e9 Manuel Garcia Izquierdo"}]},{"@type":"WebSite","@id":"https:\/\/revistaidees.cat\/#website","url":"https:\/\/revistaidees.cat\/","name":"IDEES","description":"Contemporary global issues","potentialAction":[{"@type":"SearchAction","target":{"@type":"EntryPoint","urlTemplate":"https:\/\/revistaidees.cat\/?s={search_term_string}"},"query-input":{"@type":"PropertyValueSpecification","valueRequired":true,"valueName":"search_term_string"}}],"inLanguage":"en-US"}]}},"jetpack_sharing_enabled":true,"_links":{"self":[{"href":"https:\/\/revistaidees.cat\/en\/wp-json\/wp\/v2\/autors\/60620","targetHints":{"allow":["GET"]}}],"collection":[{"href":"https:\/\/revistaidees.cat\/en\/wp-json\/wp\/v2\/autors"}],"about":[{"href":"https:\/\/revistaidees.cat\/en\/wp-json\/wp\/v2\/types\/autors"}],"version-history":[{"count":5,"href":"https:\/\/revistaidees.cat\/en\/wp-json\/wp\/v2\/autors\/60620\/revisions"}],"predecessor-version":[{"id":62820,"href":"https:\/\/revistaidees.cat\/en\/wp-json\/wp\/v2\/autors\/60620\/revisions\/62820"}],"wp:featuredmedia":[{"embeddable":true,"href":"https:\/\/revistaidees.cat\/en\/wp-json\/wp\/v2\/media\/61039"}],"wp:attachment":[{"href":"https:\/\/revistaidees.cat\/en\/wp-json\/wp\/v2\/media?parent=60620"}],"wp:term":[{"taxonomy":"category_autors","embeddable":true,"href":"https:\/\/revistaidees.cat\/en\/wp-json\/wp\/v2\/category_autors?post=60620"}],"curies":[{"name":"wp","href":"https:\/\/api.w.org\/{rel}","templated":true}]}}

José Manuel Garcia Izquierdo

<p>José Manuel Garcia Izquierdo is a journalist and Grup d’Estudis Cubellencs <em>Amics del Castell </em>vice-president. He holds a PhD in Journalism, Master in Reporting and Advanced Journalism and Bachelor of Arts in Hispanic Journalism and Philology. He has published several works on local history, mainly in the annuaris of the entity Amics del Castell and Cubelles Festival agenda. His latest contribution is <em>Dosos amunt! El fet casteller a Cubelles </em>(2021). He is also the author of <em>Els catalans a Ginebra. La reivindicació de Catalunya al món: Francesc Maspons i Anglasell</em>, published by Cossetània Editorial and the Town Hall of Bigues i Riells. He is now preparing a Francesc Maspons i Anlgasell biography on the occasion of the 150th of his birth, July 2022. Technician in Department of Communications, Consorcio Localret, he coordinated Alcadia’s deparments and Cubelles Town Hall’s communication, as well as Radio Cubelles, RTV El Vendrell, Urbe TV, <em>Diari de Vilanova, L&#8217;Hora del Garraf</em>, Canal Blau, Ser Menorca and TV3, among others.</p>

<!-- This site is optimized with the Yoast SEO plugin v27.4 - https://yoast.com/product/yoast-seo-wordpress/ -->
<title>José Manuel Garcia Izquierdo &#8211; IDEES</title>
<meta name="robots" content="index, follow, max-snippet:-1, max-image-preview:large, max-video-preview:-1" />
<link rel="canonical" href="https://revistaidees.cat/en/autors/jose-manuel-garcia-izquierdo-2/" />
<meta property="og:locale" content="en_US" />
<meta property="og:type" content="article" />
<meta property="og:title" content="José Manuel Garcia Izquierdo &#8211; IDEES" />
<meta property="og:description" content="José Manuel Garcia Izquierdo is a journalist and Grup d’Estudis Cubellencs Amics del Castell vice-president. He holds a PhD in Journalism, Master in Reporting and Advanced Journalism and Bachelor of Arts in Hispanic Journalism and Philology. He has published several works on local history, mainly in the annuaris of the entity Amics del Castell and Cubelles Festival agenda. His latest contribution is Dosos amunt! El fet casteller a Cubelles (2021). He is also the author of Els catalans a Ginebra. La reivindicació de Catalunya al món: Francesc Maspons i Anglasell, published by Cossetània Editorial and the Town Hall of Bigues…" />
<meta property="og:url" content="https://revistaidees.cat/en/autors/jose-manuel-garcia-izquierdo-2/" />
<meta property="og:site_name" content="IDEES" />
<meta property="article:modified_time" content="2023-03-21T12:21:49+00:00" />
<meta property="og:image" content="https://revistaidees.cat/wp-content/uploads/2022/12/Lolo-Garcia.jpg" />
	<meta property="og:image:width" content="1494" />
	<meta property="og:image:height" content="1046" />
	<meta property="og:image:type" content="image/jpeg" />
<meta name="twitter:card" content="summary_large_image" />
<meta name="twitter:label1" content="Est. reading time" />
	<meta name="twitter:data1" content="1 minute" />
<script type="application/ld+json" class="yoast-schema-graph">{"@context":"https:\/\/schema.org","@graph":[{"@type":"WebPage","@id":"https:\/\/revistaidees.cat\/en\/autors\/jose-manuel-garcia-izquierdo-2\/","url":"https:\/\/revistaidees.cat\/en\/autors\/jose-manuel-garcia-izquierdo-2\/","name":"José Manuel Garcia Izquierdo &#8211; IDEES","isPartOf":{"@id":"https:\/\/revistaidees.cat\/#website"},"primaryImageOfPage":{"@id":"https:\/\/revistaidees.cat\/en\/autors\/jose-manuel-garcia-izquierdo-2\/#primaryimage"},"image":{"@id":"https:\/\/revistaidees.cat\/en\/autors\/jose-manuel-garcia-izquierdo-2\/#primaryimage"},"thumbnailUrl":"https:\/\/i0.wp.com\/revistaidees.cat\/wp-content\/uploads\/2022\/12\/Lolo-Garcia.jpg?fit=1494%2C1046&ssl=1","datePublished":"2022-09-28T14:22:24+00:00","dateModified":"2023-03-21T12:21:49+00:00","breadcrumb":{"@id":"https:\/\/revistaidees.cat\/en\/autors\/jose-manuel-garcia-izquierdo-2\/#breadcrumb"},"inLanguage":"en-US","potentialAction":[{"@type":"ReadAction","target":["https:\/\/revistaidees.cat\/en\/autors\/jose-manuel-garcia-izquierdo-2\/"]}]},{"@type":"ImageObject","inLanguage":"en-US","@id":"https:\/\/revistaidees.cat\/en\/autors\/jose-manuel-garcia-izquierdo-2\/#primaryimage","url":"https:\/\/i0.wp.com\/revistaidees.cat\/wp-content\/uploads\/2022\/12\/Lolo-Garcia.jpg?fit=1494%2C1046&ssl=1","contentUrl":"https:\/\/i0.wp.com\/revistaidees.cat\/wp-content\/uploads\/2022\/12\/Lolo-Garcia.jpg?fit=1494%2C1046&ssl=1","width":1494,"height":1046},{"@type":"BreadcrumbList","@id":"https:\/\/revistaidees.cat\/en\/autors\/jose-manuel-garcia-izquierdo-2\/#breadcrumb","itemListElement":[{"@type":"ListItem","position":1,"name":"Inici","item":"https:\/\/revistaidees.cat\/en\/"},{"@type":"ListItem","position":2,"name":"Autors","item":"https:\/\/revistaidees.cat\/autors\/"},{"@type":"ListItem","position":3,"name":"José Manuel Garcia Izquierdo"}]},{"@type":"WebSite","@id":"https:\/\/revistaidees.cat\/#website","url":"https:\/\/revistaidees.cat\/","name":"IDEES","description":"Contemporary global issues","potentialAction":[{"@type":"SearchAction","target":{"@type":"EntryPoint","urlTemplate":"https:\/\/revistaidees.cat\/?s={search_term_string}"},"query-input":{"@type":"PropertyValueSpecification","valueRequired":true,"valueName":"search_term_string"}}],"inLanguage":"en-US"}]}</script>
<!-- / Yoast SEO plugin. -->

José Manuel Garcia Izquierdo &#8211; IDEES

José Manuel Garcia Izquierdo is a journalist and Grup d’Estudis Cubellencs Amics del Castell vice-president. He holds a PhD in Journalism, Master in Reporting and Advanced Journalism and Bachelor of Arts in Hispanic Journalism and Philology. He has published several works on local history, mainly in the annuaris of the entity Amics del Castell and Cubelles Festival agenda. His latest contribution is Dosos amunt! El fet casteller a Cubelles (2021). He is also the author of Els catalans a Ginebra. La reivindicació de Catalunya al món: Francesc Maspons i Anglasell, published by Cossetània Editorial and the Town Hall of Bigues…
