{"id":7200,"date":"2020-01-20T17:38:06","date_gmt":"2020-01-20T17:38:06","guid":{"rendered":"https:\/\/revistaidees.cat\/autors\/ochy-curiel\/"},"modified":"2020-01-29T14:53:45","modified_gmt":"2020-01-29T14:53:45","slug":"ochy-curiel","status":"publish","type":"autors","link":"https:\/\/revistaidees.cat\/en\/autors\/ochy-curiel\/","title":{"rendered":"Ochy Curiel"},"content":{"rendered":"\n<p>Ochy Curiel is an activist and anthropologist. A theorist on Latin American feminism, she is a spokesperson for autonomous, lesbian, anti-racist and de-colonial feminism. She has published several articles on racial, gender and sexuality intersectionality, including<em> The Straight Nation &#8211; An Analysis of Legal Discourse and the Heterosexual Regime from the Anthropology of Domination<\/em> (<em>La Naci\u00f3 Recta: An\u00e0lisi del discurs jur\u00eddic i el r\u00e8gim heterosexual des de l&#8217;antropologia de la dominaci\u00f3<\/em>, GLEFAS, 2013) and <em>The De-colonisation and De-patriarchalisation of and from the Feminisms of Abya Yala<\/em> (<em>Descolonitzaci\u00f3 i despatriarcalizaci\u00f3 de i des dels feminismes de Abya Yala, <\/em>ACSUR- Las Segovias, 2015). An expert in social anthropology, she currently teaches at the National University of Colombia and the Pontifical Xavierian University. She is also an organiser of the Globale Bogot\u00e1 festival which promotes video documentaries with critical and emancipatory viewpoints.<\/p>\n","protected":false},"featured_media":5825,"template":"","category_autors":[],"class_list":["post-7200","autors","type-autors","status-publish","has-post-thumbnail","hentry"],"acf":[],"yoast_head":"<!-- This site is optimized with the Yoast SEO plugin v27.4 - https:\/\/yoast.com\/product\/yoast-seo-wordpress\/ -->\n<title>Ochy Curiel &#8211; IDEES<\/title>\n<meta name=\"robots\" content=\"index, follow, max-snippet:-1, max-image-preview:large, max-video-preview:-1\" \/>\n<link rel=\"canonical\" href=\"https:\/\/revistaidees.cat\/en\/autors\/ochy-curiel\/\" \/>\n<meta property=\"og:locale\" content=\"en_US\" \/>\n<meta property=\"og:type\" content=\"article\" \/>\n<meta property=\"og:title\" content=\"Ochy Curiel &#8211; IDEES\" \/>\n<meta property=\"og:description\" content=\"Ochy Curiel is an activist and anthropologist. A theorist on Latin American feminism, she is a spokesperson for autonomous, lesbian, anti-racist and de-colonial feminism. She has published several articles on racial, gender and sexuality intersectionality, including The Straight Nation &#8211; An Analysis of Legal Discourse and the Heterosexual Regime from the Anthropology of Domination (La Naci\u00f3 Recta: An\u00e0lisi del discurs jur\u00eddic i el r\u00e8gim heterosexual des de l&#8217;antropologia de la dominaci\u00f3, GLEFAS, 2013) and The De-colonisation and De-patriarchalisation of and from the Feminisms of Abya Yala (Descolonitzaci\u00f3 i despatriarcalizaci\u00f3 de i des dels feminismes de Abya Yala, ACSUR- Las Segovias,\u2026\" \/>\n<meta property=\"og:url\" content=\"https:\/\/revistaidees.cat\/en\/autors\/ochy-curiel\/\" \/>\n<meta property=\"og:site_name\" content=\"IDEES\" \/>\n<meta property=\"article:modified_time\" content=\"2020-01-29T14:53:45+00:00\" \/>\n<meta property=\"og:image\" content=\"https:\/\/i0.wp.com\/revistaidees.cat\/wp-content\/uploads\/2020\/01\/def_Ochy_Curiel.jpg?fit=616%2C424&ssl=1\" \/>\n\t<meta property=\"og:image:width\" content=\"616\" \/>\n\t<meta property=\"og:image:height\" content=\"424\" \/>\n\t<meta property=\"og:image:type\" content=\"image\/jpeg\" \/>\n<meta name=\"twitter:card\" content=\"summary_large_image\" \/>\n<meta name=\"twitter:label1\" content=\"Est. reading time\" \/>\n\t<meta name=\"twitter:data1\" content=\"1 minute\" \/>\n<script type=\"application\/ld+json\" class=\"yoast-schema-graph\">{\"@context\":\"https:\\\/\\\/schema.org\",\"@graph\":[{\"@type\":\"WebPage\",\"@id\":\"https:\\\/\\\/revistaidees.cat\\\/en\\\/autors\\\/ochy-curiel\\\/\",\"url\":\"https:\\\/\\\/revistaidees.cat\\\/en\\\/autors\\\/ochy-curiel\\\/\",\"name\":\"Ochy Curiel &#8211; IDEES\",\"isPartOf\":{\"@id\":\"https:\\\/\\\/revistaidees.cat\\\/#website\"},\"primaryImageOfPage\":{\"@id\":\"https:\\\/\\\/revistaidees.cat\\\/en\\\/autors\\\/ochy-curiel\\\/#primaryimage\"},\"image\":{\"@id\":\"https:\\\/\\\/revistaidees.cat\\\/en\\\/autors\\\/ochy-curiel\\\/#primaryimage\"},\"thumbnailUrl\":\"https:\\\/\\\/i0.wp.com\\\/revistaidees.cat\\\/wp-content\\\/uploads\\\/2020\\\/01\\\/def_Ochy_Curiel.jpg?fit=616%2C424&ssl=1\",\"datePublished\":\"2020-01-20T17:38:06+00:00\",\"dateModified\":\"2020-01-29T14:53:45+00:00\",\"breadcrumb\":{\"@id\":\"https:\\\/\\\/revistaidees.cat\\\/en\\\/autors\\\/ochy-curiel\\\/#breadcrumb\"},\"inLanguage\":\"en-US\",\"potentialAction\":[{\"@type\":\"ReadAction\",\"target\":[\"https:\\\/\\\/revistaidees.cat\\\/en\\\/autors\\\/ochy-curiel\\\/\"]}]},{\"@type\":\"ImageObject\",\"inLanguage\":\"en-US\",\"@id\":\"https:\\\/\\\/revistaidees.cat\\\/en\\\/autors\\\/ochy-curiel\\\/#primaryimage\",\"url\":\"https:\\\/\\\/i0.wp.com\\\/revistaidees.cat\\\/wp-content\\\/uploads\\\/2020\\\/01\\\/def_Ochy_Curiel.jpg?fit=616%2C424&ssl=1\",\"contentUrl\":\"https:\\\/\\\/i0.wp.com\\\/revistaidees.cat\\\/wp-content\\\/uploads\\\/2020\\\/01\\\/def_Ochy_Curiel.jpg?fit=616%2C424&ssl=1\",\"width\":616,\"height\":424,\"caption\":\"Ochy_Curiel\"},{\"@type\":\"BreadcrumbList\",\"@id\":\"https:\\\/\\\/revistaidees.cat\\\/en\\\/autors\\\/ochy-curiel\\\/#breadcrumb\",\"itemListElement\":[{\"@type\":\"ListItem\",\"position\":1,\"name\":\"Inici\",\"item\":\"https:\\\/\\\/revistaidees.cat\\\/en\\\/\"},{\"@type\":\"ListItem\",\"position\":2,\"name\":\"Autors\",\"item\":\"https:\\\/\\\/revistaidees.cat\\\/autors\\\/\"},{\"@type\":\"ListItem\",\"position\":3,\"name\":\"Ochy Curiel\"}]},{\"@type\":\"WebSite\",\"@id\":\"https:\\\/\\\/revistaidees.cat\\\/#website\",\"url\":\"https:\\\/\\\/revistaidees.cat\\\/\",\"name\":\"IDEES\",\"description\":\"Contemporary global issues\",\"potentialAction\":[{\"@type\":\"SearchAction\",\"target\":{\"@type\":\"EntryPoint\",\"urlTemplate\":\"https:\\\/\\\/revistaidees.cat\\\/?s={search_term_string}\"},\"query-input\":{\"@type\":\"PropertyValueSpecification\",\"valueRequired\":true,\"valueName\":\"search_term_string\"}}],\"inLanguage\":\"en-US\"}]}<\/script>\n<!-- \/ Yoast SEO plugin. -->","yoast_head_json":{"title":"Ochy Curiel &#8211; IDEES","robots":{"index":"index","follow":"follow","max-snippet":"max-snippet:-1","max-image-preview":"max-image-preview:large","max-video-preview":"max-video-preview:-1"},"canonical":"https:\/\/revistaidees.cat\/en\/autors\/ochy-curiel\/","og_locale":"en_US","og_type":"article","og_title":"Ochy Curiel &#8211; IDEES","og_description":"Ochy Curiel is an activist and anthropologist. A theorist on Latin American feminism, she is a spokesperson for autonomous, lesbian, anti-racist and de-colonial feminism. She has published several articles on racial, gender and sexuality intersectionality, including The Straight Nation &#8211; An Analysis of Legal Discourse and the Heterosexual Regime from the Anthropology of Domination (La Naci\u00f3 Recta: An\u00e0lisi del discurs jur\u00eddic i el r\u00e8gim heterosexual des de l&#8217;antropologia de la dominaci\u00f3, GLEFAS, 2013) and The De-colonisation and De-patriarchalisation of and from the Feminisms of Abya Yala (Descolonitzaci\u00f3 i despatriarcalizaci\u00f3 de i des dels feminismes de Abya Yala, ACSUR- Las Segovias,\u2026","og_url":"https:\/\/revistaidees.cat\/en\/autors\/ochy-curiel\/","og_site_name":"IDEES","article_modified_time":"2020-01-29T14:53:45+00:00","og_image":[{"width":616,"height":424,"url":"https:\/\/i0.wp.com\/revistaidees.cat\/wp-content\/uploads\/2020\/01\/def_Ochy_Curiel.jpg?fit=616%2C424&ssl=1","type":"image\/jpeg"}],"twitter_card":"summary_large_image","twitter_misc":{"Est. reading time":"1 minute"},"schema":{"@context":"https:\/\/schema.org","@graph":[{"@type":"WebPage","@id":"https:\/\/revistaidees.cat\/en\/autors\/ochy-curiel\/","url":"https:\/\/revistaidees.cat\/en\/autors\/ochy-curiel\/","name":"Ochy Curiel &#8211; IDEES","isPartOf":{"@id":"https:\/\/revistaidees.cat\/#website"},"primaryImageOfPage":{"@id":"https:\/\/revistaidees.cat\/en\/autors\/ochy-curiel\/#primaryimage"},"image":{"@id":"https:\/\/revistaidees.cat\/en\/autors\/ochy-curiel\/#primaryimage"},"thumbnailUrl":"https:\/\/i0.wp.com\/revistaidees.cat\/wp-content\/uploads\/2020\/01\/def_Ochy_Curiel.jpg?fit=616%2C424&ssl=1","datePublished":"2020-01-20T17:38:06+00:00","dateModified":"2020-01-29T14:53:45+00:00","breadcrumb":{"@id":"https:\/\/revistaidees.cat\/en\/autors\/ochy-curiel\/#breadcrumb"},"inLanguage":"en-US","potentialAction":[{"@type":"ReadAction","target":["https:\/\/revistaidees.cat\/en\/autors\/ochy-curiel\/"]}]},{"@type":"ImageObject","inLanguage":"en-US","@id":"https:\/\/revistaidees.cat\/en\/autors\/ochy-curiel\/#primaryimage","url":"https:\/\/i0.wp.com\/revistaidees.cat\/wp-content\/uploads\/2020\/01\/def_Ochy_Curiel.jpg?fit=616%2C424&ssl=1","contentUrl":"https:\/\/i0.wp.com\/revistaidees.cat\/wp-content\/uploads\/2020\/01\/def_Ochy_Curiel.jpg?fit=616%2C424&ssl=1","width":616,"height":424,"caption":"Ochy_Curiel"},{"@type":"BreadcrumbList","@id":"https:\/\/revistaidees.cat\/en\/autors\/ochy-curiel\/#breadcrumb","itemListElement":[{"@type":"ListItem","position":1,"name":"Inici","item":"https:\/\/revistaidees.cat\/en\/"},{"@type":"ListItem","position":2,"name":"Autors","item":"https:\/\/revistaidees.cat\/autors\/"},{"@type":"ListItem","position":3,"name":"Ochy Curiel"}]},{"@type":"WebSite","@id":"https:\/\/revistaidees.cat\/#website","url":"https:\/\/revistaidees.cat\/","name":"IDEES","description":"Contemporary global issues","potentialAction":[{"@type":"SearchAction","target":{"@type":"EntryPoint","urlTemplate":"https:\/\/revistaidees.cat\/?s={search_term_string}"},"query-input":{"@type":"PropertyValueSpecification","valueRequired":true,"valueName":"search_term_string"}}],"inLanguage":"en-US"}]}},"jetpack_sharing_enabled":true,"_links":{"self":[{"href":"https:\/\/revistaidees.cat\/en\/wp-json\/wp\/v2\/autors\/7200","targetHints":{"allow":["GET"]}}],"collection":[{"href":"https:\/\/revistaidees.cat\/en\/wp-json\/wp\/v2\/autors"}],"about":[{"href":"https:\/\/revistaidees.cat\/en\/wp-json\/wp\/v2\/types\/autors"}],"version-history":[{"count":1,"href":"https:\/\/revistaidees.cat\/en\/wp-json\/wp\/v2\/autors\/7200\/revisions"}],"predecessor-version":[{"id":7201,"href":"https:\/\/revistaidees.cat\/en\/wp-json\/wp\/v2\/autors\/7200\/revisions\/7201"}],"wp:featuredmedia":[{"embeddable":true,"href":"https:\/\/revistaidees.cat\/en\/wp-json\/wp\/v2\/media\/5825"}],"wp:attachment":[{"href":"https:\/\/revistaidees.cat\/en\/wp-json\/wp\/v2\/media?parent=7200"}],"wp:term":[{"taxonomy":"category_autors","embeddable":true,"href":"https:\/\/revistaidees.cat\/en\/wp-json\/wp\/v2\/category_autors?post=7200"}],"curies":[{"name":"wp","href":"https:\/\/api.w.org\/{rel}","templated":true}]}}

<p>Ochy Curiel is an activist and anthropologist. A theorist on Latin American feminism, she is a spokesperson for autonomous, lesbian, anti-racist and de-colonial feminism. She has published several articles on racial, gender and sexuality intersectionality, including<em> The Straight Nation &#8211; An Analysis of Legal Discourse and the Heterosexual Regime from the Anthropology of Domination</em> (<em>La Nació Recta: Anàlisi del discurs jurídic i el règim heterosexual des de l&#8217;antropologia de la dominació</em>, GLEFAS, 2013) and <em>The De-colonisation and De-patriarchalisation of and from the Feminisms of Abya Yala</em> (<em>Descolonització i despatriarcalizació de i des dels feminismes de Abya Yala, </em>ACSUR- Las Segovias, 2015). An expert in social anthropology, she currently teaches at the National University of Colombia and the Pontifical Xavierian University. She is also an organiser of the Globale Bogotá festival which promotes video documentaries with critical and emancipatory viewpoints.</p>

<!-- This site is optimized with the Yoast SEO plugin v27.4 - https://yoast.com/product/yoast-seo-wordpress/ -->
<title>Ochy Curiel &#8211; IDEES</title>
<meta name="robots" content="index, follow, max-snippet:-1, max-image-preview:large, max-video-preview:-1" />
<link rel="canonical" href="https://revistaidees.cat/en/autors/ochy-curiel/" />
<meta property="og:locale" content="en_US" />
<meta property="og:type" content="article" />
<meta property="og:title" content="Ochy Curiel &#8211; IDEES" />
<meta property="og:description" content="Ochy Curiel is an activist and anthropologist. A theorist on Latin American feminism, she is a spokesperson for autonomous, lesbian, anti-racist and de-colonial feminism. She has published several articles on racial, gender and sexuality intersectionality, including The Straight Nation &#8211; An Analysis of Legal Discourse and the Heterosexual Regime from the Anthropology of Domination (La Nació Recta: Anàlisi del discurs jurídic i el règim heterosexual des de l&#8217;antropologia de la dominació, GLEFAS, 2013) and The De-colonisation and De-patriarchalisation of and from the Feminisms of Abya Yala (Descolonització i despatriarcalizació de i des dels feminismes de Abya Yala, ACSUR- Las Segovias,…" />
<meta property="og:url" content="https://revistaidees.cat/en/autors/ochy-curiel/" />
<meta property="og:site_name" content="IDEES" />
<meta property="article:modified_time" content="2020-01-29T14:53:45+00:00" />
<meta property="og:image" content="https://i0.wp.com/revistaidees.cat/wp-content/uploads/2020/01/def_Ochy_Curiel.jpg?fit=616%2C424&ssl=1" />
	<meta property="og:image:width" content="616" />
	<meta property="og:image:height" content="424" />
	<meta property="og:image:type" content="image/jpeg" />
<meta name="twitter:card" content="summary_large_image" />
<meta name="twitter:label1" content="Est. reading time" />
	<meta name="twitter:data1" content="1 minute" />
<script type="application/ld+json" class="yoast-schema-graph">{"@context":"https:\/\/schema.org","@graph":[{"@type":"WebPage","@id":"https:\/\/revistaidees.cat\/en\/autors\/ochy-curiel\/","url":"https:\/\/revistaidees.cat\/en\/autors\/ochy-curiel\/","name":"Ochy Curiel &#8211; IDEES","isPartOf":{"@id":"https:\/\/revistaidees.cat\/#website"},"primaryImageOfPage":{"@id":"https:\/\/revistaidees.cat\/en\/autors\/ochy-curiel\/#primaryimage"},"image":{"@id":"https:\/\/revistaidees.cat\/en\/autors\/ochy-curiel\/#primaryimage"},"thumbnailUrl":"https:\/\/i0.wp.com\/revistaidees.cat\/wp-content\/uploads\/2020\/01\/def_Ochy_Curiel.jpg?fit=616%2C424&ssl=1","datePublished":"2020-01-20T17:38:06+00:00","dateModified":"2020-01-29T14:53:45+00:00","breadcrumb":{"@id":"https:\/\/revistaidees.cat\/en\/autors\/ochy-curiel\/#breadcrumb"},"inLanguage":"en-US","potentialAction":[{"@type":"ReadAction","target":["https:\/\/revistaidees.cat\/en\/autors\/ochy-curiel\/"]}]},{"@type":"ImageObject","inLanguage":"en-US","@id":"https:\/\/revistaidees.cat\/en\/autors\/ochy-curiel\/#primaryimage","url":"https:\/\/i0.wp.com\/revistaidees.cat\/wp-content\/uploads\/2020\/01\/def_Ochy_Curiel.jpg?fit=616%2C424&ssl=1","contentUrl":"https:\/\/i0.wp.com\/revistaidees.cat\/wp-content\/uploads\/2020\/01\/def_Ochy_Curiel.jpg?fit=616%2C424&ssl=1","width":616,"height":424,"caption":"Ochy_Curiel"},{"@type":"BreadcrumbList","@id":"https:\/\/revistaidees.cat\/en\/autors\/ochy-curiel\/#breadcrumb","itemListElement":[{"@type":"ListItem","position":1,"name":"Inici","item":"https:\/\/revistaidees.cat\/en\/"},{"@type":"ListItem","position":2,"name":"Autors","item":"https:\/\/revistaidees.cat\/autors\/"},{"@type":"ListItem","position":3,"name":"Ochy Curiel"}]},{"@type":"WebSite","@id":"https:\/\/revistaidees.cat\/#website","url":"https:\/\/revistaidees.cat\/","name":"IDEES","description":"Contemporary global issues","potentialAction":[{"@type":"SearchAction","target":{"@type":"EntryPoint","urlTemplate":"https:\/\/revistaidees.cat\/?s={search_term_string}"},"query-input":{"@type":"PropertyValueSpecification","valueRequired":true,"valueName":"search_term_string"}}],"inLanguage":"en-US"}]}</script>
<!-- / Yoast SEO plugin. -->

Ochy Curiel is an activist and anthropologist. A theorist on Latin American feminism, she is a spokesperson for autonomous, lesbian, anti-racist and de-colonial feminism. She has published several articles on racial, gender and sexuality intersectionality, including The Straight Nation &#8211; An Analysis of Legal Discourse and the Heterosexual Regime from the Anthropology of Domination (La Nació Recta: Anàlisi del discurs jurídic i el règim heterosexual des de l&#8217;antropologia de la dominació, GLEFAS, 2013) and The De-colonisation and De-patriarchalisation of and from the Feminisms of Abya Yala (Descolonització i despatriarcalizació de i des dels feminismes de Abya Yala, ACSUR- Las Segovias,…
