{"id":8417,"date":"2020-01-27T08:18:44","date_gmt":"2020-01-27T08:18:44","guid":{"rendered":"https:\/\/revistaidees.cat\/autors\/alfred-bosch\/"},"modified":"2020-02-06T07:26:32","modified_gmt":"2020-02-06T07:26:32","slug":"alfred-bosch","status":"publish","type":"autors","link":"https:\/\/revistaidees.cat\/en\/autors\/alfred-bosch\/","title":{"rendered":"Alfred Bosch"},"content":{"rendered":"\n<p>\u200bAlfred Bosch is an historian, writer and politician. He has been professor of Contemporary History of Africa at the Pompeu Fabra University in Barcelona, \u200b\u200band has also been a contributor in several newspapers and magazines such as <em>Avui<\/em>, <em>El Peri\u00f3dico<\/em>, <em>El Temps<\/em> or <em>Diari de Barcelona<\/em>. He is the author of several books such as <em>La Via Africana: velles identitats, nous estats<\/em> (1996), <em>El Imperio que nunca existi\u00f3<\/em> (2001) and <em>Europa sense embuts. Carta a un amic afric\u00e0<\/em> (2003). In 2011 he published <em>I ara qu\u00e8?<\/em>, an essay on the political changes in Catalonia. In the field of fiction, he has published L\u2019atles furtiu (1997), <em>\u00c0lia la sublim<\/em> (2000), <em>L&#8217;avi <\/em>(2000), the trilogy <em>1714<\/em> (2002), <em>Les set aromes del m\u00f3n <\/em>(2004) and <em>Inquisitio <\/em>(2006,). He has been director of the Centre for Contemporary Studies (2007-2010) and, after being Councilman of the Barcelona City Council, he is currently Minister of Foreign Affairs, Institutional Relations and Transparency of the Government of the Generalitat of Catalonia.<\/p>\n\n\n\n<p><\/p>\n","protected":false},"featured_media":6086,"template":"","category_autors":[],"class_list":["post-8417","autors","type-autors","status-publish","has-post-thumbnail","hentry"],"acf":[],"yoast_head":"<!-- This site is optimized with the Yoast SEO plugin v27.5 - https:\/\/yoast.com\/product\/yoast-seo-wordpress\/ -->\n<title>Alfred Bosch &#8211; IDEES<\/title>\n<meta name=\"robots\" content=\"index, follow, max-snippet:-1, max-image-preview:large, max-video-preview:-1\" \/>\n<link rel=\"canonical\" href=\"https:\/\/revistaidees.cat\/en\/autors\/alfred-bosch\/\" \/>\n<meta property=\"og:locale\" content=\"en_US\" \/>\n<meta property=\"og:type\" content=\"article\" \/>\n<meta property=\"og:title\" content=\"Alfred Bosch &#8211; IDEES\" \/>\n<meta property=\"og:description\" content=\"\u200bAlfred Bosch is an historian, writer and politician. He has been professor of Contemporary History of Africa at the Pompeu Fabra University in Barcelona, \u200b\u200band has also been a contributor in several newspapers and magazines such as Avui, El Peri\u00f3dico, El Temps or Diari de Barcelona. He is the author of several books such as La Via Africana: velles identitats, nous estats (1996), El Imperio que nunca existi\u00f3 (2001) and Europa sense embuts. Carta a un amic afric\u00e0 (2003). In 2011 he published I ara qu\u00e8?, an essay on the political changes in Catalonia. In the field of fiction, he\u2026\" \/>\n<meta property=\"og:url\" content=\"https:\/\/revistaidees.cat\/en\/autors\/alfred-bosch\/\" \/>\n<meta property=\"og:site_name\" content=\"IDEES\" \/>\n<meta property=\"article:modified_time\" content=\"2020-02-06T07:26:32+00:00\" \/>\n<meta property=\"og:image\" content=\"https:\/\/i0.wp.com\/revistaidees.cat\/wp-content\/uploads\/2020\/01\/def_Alfred_Bosch.jpg?fit=477%2C338&ssl=1\" \/>\n\t<meta property=\"og:image:width\" content=\"477\" \/>\n\t<meta property=\"og:image:height\" content=\"338\" \/>\n\t<meta property=\"og:image:type\" content=\"image\/jpeg\" \/>\n<meta name=\"twitter:card\" content=\"summary_large_image\" \/>\n<meta name=\"twitter:label1\" content=\"Est. reading time\" \/>\n\t<meta name=\"twitter:data1\" content=\"1 minute\" \/>\n<script type=\"application\/ld+json\" class=\"yoast-schema-graph\">{\"@context\":\"https:\\\/\\\/schema.org\",\"@graph\":[{\"@type\":\"WebPage\",\"@id\":\"https:\\\/\\\/revistaidees.cat\\\/en\\\/autors\\\/alfred-bosch\\\/\",\"url\":\"https:\\\/\\\/revistaidees.cat\\\/en\\\/autors\\\/alfred-bosch\\\/\",\"name\":\"Alfred Bosch &#8211; IDEES\",\"isPartOf\":{\"@id\":\"https:\\\/\\\/revistaidees.cat\\\/#website\"},\"primaryImageOfPage\":{\"@id\":\"https:\\\/\\\/revistaidees.cat\\\/en\\\/autors\\\/alfred-bosch\\\/#primaryimage\"},\"image\":{\"@id\":\"https:\\\/\\\/revistaidees.cat\\\/en\\\/autors\\\/alfred-bosch\\\/#primaryimage\"},\"thumbnailUrl\":\"https:\\\/\\\/i0.wp.com\\\/revistaidees.cat\\\/wp-content\\\/uploads\\\/2020\\\/01\\\/def_Alfred_Bosch.jpg?fit=477%2C338&ssl=1\",\"datePublished\":\"2020-01-27T08:18:44+00:00\",\"dateModified\":\"2020-02-06T07:26:32+00:00\",\"breadcrumb\":{\"@id\":\"https:\\\/\\\/revistaidees.cat\\\/en\\\/autors\\\/alfred-bosch\\\/#breadcrumb\"},\"inLanguage\":\"en-US\",\"potentialAction\":[{\"@type\":\"ReadAction\",\"target\":[\"https:\\\/\\\/revistaidees.cat\\\/en\\\/autors\\\/alfred-bosch\\\/\"]}]},{\"@type\":\"ImageObject\",\"inLanguage\":\"en-US\",\"@id\":\"https:\\\/\\\/revistaidees.cat\\\/en\\\/autors\\\/alfred-bosch\\\/#primaryimage\",\"url\":\"https:\\\/\\\/i0.wp.com\\\/revistaidees.cat\\\/wp-content\\\/uploads\\\/2020\\\/01\\\/def_Alfred_Bosch.jpg?fit=477%2C338&ssl=1\",\"contentUrl\":\"https:\\\/\\\/i0.wp.com\\\/revistaidees.cat\\\/wp-content\\\/uploads\\\/2020\\\/01\\\/def_Alfred_Bosch.jpg?fit=477%2C338&ssl=1\",\"width\":477,\"height\":338,\"caption\":\"Alfred_Bosch\"},{\"@type\":\"BreadcrumbList\",\"@id\":\"https:\\\/\\\/revistaidees.cat\\\/en\\\/autors\\\/alfred-bosch\\\/#breadcrumb\",\"itemListElement\":[{\"@type\":\"ListItem\",\"position\":1,\"name\":\"Inici\",\"item\":\"https:\\\/\\\/revistaidees.cat\\\/en\\\/\"},{\"@type\":\"ListItem\",\"position\":2,\"name\":\"Autors\",\"item\":\"https:\\\/\\\/revistaidees.cat\\\/autors\\\/\"},{\"@type\":\"ListItem\",\"position\":3,\"name\":\"Alfred Bosch\"}]},{\"@type\":\"WebSite\",\"@id\":\"https:\\\/\\\/revistaidees.cat\\\/#website\",\"url\":\"https:\\\/\\\/revistaidees.cat\\\/\",\"name\":\"IDEES\",\"description\":\"Contemporary global issues\",\"potentialAction\":[{\"@type\":\"SearchAction\",\"target\":{\"@type\":\"EntryPoint\",\"urlTemplate\":\"https:\\\/\\\/revistaidees.cat\\\/?s={search_term_string}\"},\"query-input\":{\"@type\":\"PropertyValueSpecification\",\"valueRequired\":true,\"valueName\":\"search_term_string\"}}],\"inLanguage\":\"en-US\"}]}<\/script>\n<!-- \/ Yoast SEO plugin. -->","yoast_head_json":{"title":"Alfred Bosch &#8211; IDEES","robots":{"index":"index","follow":"follow","max-snippet":"max-snippet:-1","max-image-preview":"max-image-preview:large","max-video-preview":"max-video-preview:-1"},"canonical":"https:\/\/revistaidees.cat\/en\/autors\/alfred-bosch\/","og_locale":"en_US","og_type":"article","og_title":"Alfred Bosch &#8211; IDEES","og_description":"\u200bAlfred Bosch is an historian, writer and politician. He has been professor of Contemporary History of Africa at the Pompeu Fabra University in Barcelona, \u200b\u200band has also been a contributor in several newspapers and magazines such as Avui, El Peri\u00f3dico, El Temps or Diari de Barcelona. He is the author of several books such as La Via Africana: velles identitats, nous estats (1996), El Imperio que nunca existi\u00f3 (2001) and Europa sense embuts. Carta a un amic afric\u00e0 (2003). In 2011 he published I ara qu\u00e8?, an essay on the political changes in Catalonia. In the field of fiction, he\u2026","og_url":"https:\/\/revistaidees.cat\/en\/autors\/alfred-bosch\/","og_site_name":"IDEES","article_modified_time":"2020-02-06T07:26:32+00:00","og_image":[{"width":477,"height":338,"url":"https:\/\/i0.wp.com\/revistaidees.cat\/wp-content\/uploads\/2020\/01\/def_Alfred_Bosch.jpg?fit=477%2C338&ssl=1","type":"image\/jpeg"}],"twitter_card":"summary_large_image","twitter_misc":{"Est. reading time":"1 minute"},"schema":{"@context":"https:\/\/schema.org","@graph":[{"@type":"WebPage","@id":"https:\/\/revistaidees.cat\/en\/autors\/alfred-bosch\/","url":"https:\/\/revistaidees.cat\/en\/autors\/alfred-bosch\/","name":"Alfred Bosch &#8211; IDEES","isPartOf":{"@id":"https:\/\/revistaidees.cat\/#website"},"primaryImageOfPage":{"@id":"https:\/\/revistaidees.cat\/en\/autors\/alfred-bosch\/#primaryimage"},"image":{"@id":"https:\/\/revistaidees.cat\/en\/autors\/alfred-bosch\/#primaryimage"},"thumbnailUrl":"https:\/\/i0.wp.com\/revistaidees.cat\/wp-content\/uploads\/2020\/01\/def_Alfred_Bosch.jpg?fit=477%2C338&ssl=1","datePublished":"2020-01-27T08:18:44+00:00","dateModified":"2020-02-06T07:26:32+00:00","breadcrumb":{"@id":"https:\/\/revistaidees.cat\/en\/autors\/alfred-bosch\/#breadcrumb"},"inLanguage":"en-US","potentialAction":[{"@type":"ReadAction","target":["https:\/\/revistaidees.cat\/en\/autors\/alfred-bosch\/"]}]},{"@type":"ImageObject","inLanguage":"en-US","@id":"https:\/\/revistaidees.cat\/en\/autors\/alfred-bosch\/#primaryimage","url":"https:\/\/i0.wp.com\/revistaidees.cat\/wp-content\/uploads\/2020\/01\/def_Alfred_Bosch.jpg?fit=477%2C338&ssl=1","contentUrl":"https:\/\/i0.wp.com\/revistaidees.cat\/wp-content\/uploads\/2020\/01\/def_Alfred_Bosch.jpg?fit=477%2C338&ssl=1","width":477,"height":338,"caption":"Alfred_Bosch"},{"@type":"BreadcrumbList","@id":"https:\/\/revistaidees.cat\/en\/autors\/alfred-bosch\/#breadcrumb","itemListElement":[{"@type":"ListItem","position":1,"name":"Inici","item":"https:\/\/revistaidees.cat\/en\/"},{"@type":"ListItem","position":2,"name":"Autors","item":"https:\/\/revistaidees.cat\/autors\/"},{"@type":"ListItem","position":3,"name":"Alfred Bosch"}]},{"@type":"WebSite","@id":"https:\/\/revistaidees.cat\/#website","url":"https:\/\/revistaidees.cat\/","name":"IDEES","description":"Contemporary global issues","potentialAction":[{"@type":"SearchAction","target":{"@type":"EntryPoint","urlTemplate":"https:\/\/revistaidees.cat\/?s={search_term_string}"},"query-input":{"@type":"PropertyValueSpecification","valueRequired":true,"valueName":"search_term_string"}}],"inLanguage":"en-US"}]}},"jetpack_sharing_enabled":true,"_links":{"self":[{"href":"https:\/\/revistaidees.cat\/en\/wp-json\/wp\/v2\/autors\/8417","targetHints":{"allow":["GET"]}}],"collection":[{"href":"https:\/\/revistaidees.cat\/en\/wp-json\/wp\/v2\/autors"}],"about":[{"href":"https:\/\/revistaidees.cat\/en\/wp-json\/wp\/v2\/types\/autors"}],"version-history":[{"count":1,"href":"https:\/\/revistaidees.cat\/en\/wp-json\/wp\/v2\/autors\/8417\/revisions"}],"predecessor-version":[{"id":8418,"href":"https:\/\/revistaidees.cat\/en\/wp-json\/wp\/v2\/autors\/8417\/revisions\/8418"}],"wp:featuredmedia":[{"embeddable":true,"href":"https:\/\/revistaidees.cat\/en\/wp-json\/wp\/v2\/media\/6086"}],"wp:attachment":[{"href":"https:\/\/revistaidees.cat\/en\/wp-json\/wp\/v2\/media?parent=8417"}],"wp:term":[{"taxonomy":"category_autors","embeddable":true,"href":"https:\/\/revistaidees.cat\/en\/wp-json\/wp\/v2\/category_autors?post=8417"}],"curies":[{"name":"wp","href":"https:\/\/api.w.org\/{rel}","templated":true}]}}

<p>​Alfred Bosch is an historian, writer and politician. He has been professor of Contemporary History of Africa at the Pompeu Fabra University in Barcelona, ​​and has also been a contributor in several newspapers and magazines such as <em>Avui</em>, <em>El Periódico</em>, <em>El Temps</em> or <em>Diari de Barcelona</em>. He is the author of several books such as <em>La Via Africana: velles identitats, nous estats</em> (1996), <em>El Imperio que nunca existió</em> (2001) and <em>Europa sense embuts. Carta a un amic africà</em> (2003). In 2011 he published <em>I ara què?</em>, an essay on the political changes in Catalonia. In the field of fiction, he has published L’atles furtiu (1997), <em>Àlia la sublim</em> (2000), <em>L&#8217;avi </em>(2000), the trilogy <em>1714</em> (2002), <em>Les set aromes del món </em>(2004) and <em>Inquisitio </em>(2006,). He has been director of the Centre for Contemporary Studies (2007-2010) and, after being Councilman of the Barcelona City Council, he is currently Minister of Foreign Affairs, Institutional Relations and Transparency of the Government of the Generalitat of Catalonia.</p>



<p></p>

<!-- This site is optimized with the Yoast SEO plugin v27.5 - https://yoast.com/product/yoast-seo-wordpress/ -->
<title>Alfred Bosch &#8211; IDEES</title>
<meta name="robots" content="index, follow, max-snippet:-1, max-image-preview:large, max-video-preview:-1" />
<link rel="canonical" href="https://revistaidees.cat/en/autors/alfred-bosch/" />
<meta property="og:locale" content="en_US" />
<meta property="og:type" content="article" />
<meta property="og:title" content="Alfred Bosch &#8211; IDEES" />
<meta property="og:description" content="​Alfred Bosch is an historian, writer and politician. He has been professor of Contemporary History of Africa at the Pompeu Fabra University in Barcelona, ​​and has also been a contributor in several newspapers and magazines such as Avui, El Periódico, El Temps or Diari de Barcelona. He is the author of several books such as La Via Africana: velles identitats, nous estats (1996), El Imperio que nunca existió (2001) and Europa sense embuts. Carta a un amic africà (2003). In 2011 he published I ara què?, an essay on the political changes in Catalonia. In the field of fiction, he…" />
<meta property="og:url" content="https://revistaidees.cat/en/autors/alfred-bosch/" />
<meta property="og:site_name" content="IDEES" />
<meta property="article:modified_time" content="2020-02-06T07:26:32+00:00" />
<meta property="og:image" content="https://i0.wp.com/revistaidees.cat/wp-content/uploads/2020/01/def_Alfred_Bosch.jpg?fit=477%2C338&ssl=1" />
	<meta property="og:image:width" content="477" />
	<meta property="og:image:height" content="338" />
	<meta property="og:image:type" content="image/jpeg" />
<meta name="twitter:card" content="summary_large_image" />
<meta name="twitter:label1" content="Est. reading time" />
	<meta name="twitter:data1" content="1 minute" />
<script type="application/ld+json" class="yoast-schema-graph">{"@context":"https:\/\/schema.org","@graph":[{"@type":"WebPage","@id":"https:\/\/revistaidees.cat\/en\/autors\/alfred-bosch\/","url":"https:\/\/revistaidees.cat\/en\/autors\/alfred-bosch\/","name":"Alfred Bosch &#8211; IDEES","isPartOf":{"@id":"https:\/\/revistaidees.cat\/#website"},"primaryImageOfPage":{"@id":"https:\/\/revistaidees.cat\/en\/autors\/alfred-bosch\/#primaryimage"},"image":{"@id":"https:\/\/revistaidees.cat\/en\/autors\/alfred-bosch\/#primaryimage"},"thumbnailUrl":"https:\/\/i0.wp.com\/revistaidees.cat\/wp-content\/uploads\/2020\/01\/def_Alfred_Bosch.jpg?fit=477%2C338&ssl=1","datePublished":"2020-01-27T08:18:44+00:00","dateModified":"2020-02-06T07:26:32+00:00","breadcrumb":{"@id":"https:\/\/revistaidees.cat\/en\/autors\/alfred-bosch\/#breadcrumb"},"inLanguage":"en-US","potentialAction":[{"@type":"ReadAction","target":["https:\/\/revistaidees.cat\/en\/autors\/alfred-bosch\/"]}]},{"@type":"ImageObject","inLanguage":"en-US","@id":"https:\/\/revistaidees.cat\/en\/autors\/alfred-bosch\/#primaryimage","url":"https:\/\/i0.wp.com\/revistaidees.cat\/wp-content\/uploads\/2020\/01\/def_Alfred_Bosch.jpg?fit=477%2C338&ssl=1","contentUrl":"https:\/\/i0.wp.com\/revistaidees.cat\/wp-content\/uploads\/2020\/01\/def_Alfred_Bosch.jpg?fit=477%2C338&ssl=1","width":477,"height":338,"caption":"Alfred_Bosch"},{"@type":"BreadcrumbList","@id":"https:\/\/revistaidees.cat\/en\/autors\/alfred-bosch\/#breadcrumb","itemListElement":[{"@type":"ListItem","position":1,"name":"Inici","item":"https:\/\/revistaidees.cat\/en\/"},{"@type":"ListItem","position":2,"name":"Autors","item":"https:\/\/revistaidees.cat\/autors\/"},{"@type":"ListItem","position":3,"name":"Alfred Bosch"}]},{"@type":"WebSite","@id":"https:\/\/revistaidees.cat\/#website","url":"https:\/\/revistaidees.cat\/","name":"IDEES","description":"Contemporary global issues","potentialAction":[{"@type":"SearchAction","target":{"@type":"EntryPoint","urlTemplate":"https:\/\/revistaidees.cat\/?s={search_term_string}"},"query-input":{"@type":"PropertyValueSpecification","valueRequired":true,"valueName":"search_term_string"}}],"inLanguage":"en-US"}]}</script>
<!-- / Yoast SEO plugin. -->

​Alfred Bosch is an historian, writer and politician. He has been professor of Contemporary History of Africa at the Pompeu Fabra University in Barcelona, ​​and has also been a contributor in several newspapers and magazines such as Avui, El Periódico, El Temps or Diari de Barcelona. He is the author of several books such as La Via Africana: velles identitats, nous estats (1996), El Imperio que nunca existió (2001) and Europa sense embuts. Carta a un amic africà (2003). In 2011 he published I ara què?, an essay on the political changes in Catalonia. In the field of fiction, he…
