{"id":10297,"date":"2020-02-18T22:26:27","date_gmt":"2020-02-18T22:26:27","guid":{"rendered":"https:\/\/revistaidees.cat\/autors\/carles-sierra\/"},"modified":"2020-03-05T11:26:37","modified_gmt":"2020-03-05T11:26:37","slug":"carles-sierra","status":"publish","type":"autors","link":"https:\/\/revistaidees.cat\/es\/autors\/carles-sierra\/","title":{"rendered":"Carles Sierra"},"content":{"rendered":"\n<p>Carles Sierra es profesor, investigador y director del Instituto de Investigaci\u00f3n en Inteligencia Artificial (IIIA) del Consejo Nacional de Investigaci\u00f3n del CSIC. Es profesor adjunto de la Western Sydney University y editor jefe de la revista <em>Journal of Autonomous Agents and Multiagent Systems<\/em>. Su trabajo de investigaci\u00f3n se focaliza en los sistemas inteligentes distribuidos y en las tecnolog\u00edas del acuerdo, de c\u00f3mo interact\u00faan los agentes y c\u00f3mo dise\u00f1ar marcos para la interacci\u00f3n entre estos. Ha participado en m\u00e1s de cuarenta proyectos de investigaci\u00f3n financiados por la Uni\u00f3n Europea, recibiendo el Premio de Investigaci\u00f3n de Agentes Aut\u00f3nomos ACM \/ SIGAI en el 2019. Es uno de los coordinadores del #48 de la revista IDEES.<\/p>\n","protected":false},"featured_media":9130,"template":"","category_autors":[],"class_list":["post-10297","autors","type-autors","status-publish","has-post-thumbnail","hentry"],"acf":[],"yoast_head":"<!-- This site is optimized with the Yoast SEO plugin v27.5 - https:\/\/yoast.com\/product\/yoast-seo-wordpress\/ -->\n<title>Carles Sierra &#8211; IDEES<\/title>\n<meta name=\"robots\" content=\"index, follow, max-snippet:-1, max-image-preview:large, max-video-preview:-1\" \/>\n<link rel=\"canonical\" href=\"https:\/\/revistaidees.cat\/es\/autors\/carles-sierra\/\" \/>\n<meta property=\"og:locale\" content=\"es_ES\" \/>\n<meta property=\"og:type\" content=\"article\" \/>\n<meta property=\"og:title\" content=\"Carles Sierra &#8211; IDEES\" \/>\n<meta property=\"og:description\" content=\"Carles Sierra es profesor, investigador y director del Instituto de Investigaci\u00f3n en Inteligencia Artificial (IIIA) del Consejo Nacional de Investigaci\u00f3n del CSIC. Es profesor adjunto de la Western Sydney University y editor jefe de la revista Journal of Autonomous Agents and Multiagent Systems. Su trabajo de investigaci\u00f3n se focaliza en los sistemas inteligentes distribuidos y en las tecnolog\u00edas del acuerdo, de c\u00f3mo interact\u00faan los agentes y c\u00f3mo dise\u00f1ar marcos para la interacci\u00f3n entre estos. Ha participado en m\u00e1s de cuarenta proyectos de investigaci\u00f3n financiados por la Uni\u00f3n Europea, recibiendo el Premio de Investigaci\u00f3n de Agentes Aut\u00f3nomos ACM \/ SIGAI en\u2026\" \/>\n<meta property=\"og:url\" content=\"https:\/\/revistaidees.cat\/es\/autors\/carles-sierra\/\" \/>\n<meta property=\"og:site_name\" content=\"IDEES\" \/>\n<meta property=\"article:modified_time\" content=\"2020-03-05T11:26:37+00:00\" \/>\n<meta property=\"og:image\" content=\"https:\/\/i0.wp.com\/revistaidees.cat\/wp-content\/uploads\/2020\/02\/def_Carles_Sierra.jpg?fit=572%2C425&ssl=1\" \/>\n\t<meta property=\"og:image:width\" content=\"572\" \/>\n\t<meta property=\"og:image:height\" content=\"425\" \/>\n\t<meta property=\"og:image:type\" content=\"image\/jpeg\" \/>\n<meta name=\"twitter:card\" content=\"summary_large_image\" \/>\n<meta name=\"twitter:label1\" content=\"Tiempo de lectura\" \/>\n\t<meta name=\"twitter:data1\" content=\"1 minuto\" \/>\n<script type=\"application\/ld+json\" class=\"yoast-schema-graph\">{\"@context\":\"https:\\\/\\\/schema.org\",\"@graph\":[{\"@type\":\"WebPage\",\"@id\":\"https:\\\/\\\/revistaidees.cat\\\/es\\\/autors\\\/carles-sierra\\\/\",\"url\":\"https:\\\/\\\/revistaidees.cat\\\/es\\\/autors\\\/carles-sierra\\\/\",\"name\":\"Carles Sierra &#8211; IDEES\",\"isPartOf\":{\"@id\":\"https:\\\/\\\/revistaidees.cat\\\/#website\"},\"primaryImageOfPage\":{\"@id\":\"https:\\\/\\\/revistaidees.cat\\\/es\\\/autors\\\/carles-sierra\\\/#primaryimage\"},\"image\":{\"@id\":\"https:\\\/\\\/revistaidees.cat\\\/es\\\/autors\\\/carles-sierra\\\/#primaryimage\"},\"thumbnailUrl\":\"https:\\\/\\\/i0.wp.com\\\/revistaidees.cat\\\/wp-content\\\/uploads\\\/2020\\\/02\\\/def_Carles_Sierra.jpg?fit=572%2C425&ssl=1\",\"datePublished\":\"2020-02-18T22:26:27+00:00\",\"dateModified\":\"2020-03-05T11:26:37+00:00\",\"breadcrumb\":{\"@id\":\"https:\\\/\\\/revistaidees.cat\\\/es\\\/autors\\\/carles-sierra\\\/#breadcrumb\"},\"inLanguage\":\"es\",\"potentialAction\":[{\"@type\":\"ReadAction\",\"target\":[\"https:\\\/\\\/revistaidees.cat\\\/es\\\/autors\\\/carles-sierra\\\/\"]}]},{\"@type\":\"ImageObject\",\"inLanguage\":\"es\",\"@id\":\"https:\\\/\\\/revistaidees.cat\\\/es\\\/autors\\\/carles-sierra\\\/#primaryimage\",\"url\":\"https:\\\/\\\/i0.wp.com\\\/revistaidees.cat\\\/wp-content\\\/uploads\\\/2020\\\/02\\\/def_Carles_Sierra.jpg?fit=572%2C425&ssl=1\",\"contentUrl\":\"https:\\\/\\\/i0.wp.com\\\/revistaidees.cat\\\/wp-content\\\/uploads\\\/2020\\\/02\\\/def_Carles_Sierra.jpg?fit=572%2C425&ssl=1\",\"width\":572,\"height\":425,\"caption\":\"Carles_Sierra\"},{\"@type\":\"BreadcrumbList\",\"@id\":\"https:\\\/\\\/revistaidees.cat\\\/es\\\/autors\\\/carles-sierra\\\/#breadcrumb\",\"itemListElement\":[{\"@type\":\"ListItem\",\"position\":1,\"name\":\"Inici\",\"item\":\"https:\\\/\\\/revistaidees.cat\\\/es\\\/\"},{\"@type\":\"ListItem\",\"position\":2,\"name\":\"Autors\",\"item\":\"https:\\\/\\\/revistaidees.cat\\\/autors\\\/\"},{\"@type\":\"ListItem\",\"position\":3,\"name\":\"Carles Sierra\"}]},{\"@type\":\"WebSite\",\"@id\":\"https:\\\/\\\/revistaidees.cat\\\/#website\",\"url\":\"https:\\\/\\\/revistaidees.cat\\\/\",\"name\":\"IDEES\",\"description\":\"Revista de temas contempor\u00e1neos\",\"potentialAction\":[{\"@type\":\"SearchAction\",\"target\":{\"@type\":\"EntryPoint\",\"urlTemplate\":\"https:\\\/\\\/revistaidees.cat\\\/?s={search_term_string}\"},\"query-input\":{\"@type\":\"PropertyValueSpecification\",\"valueRequired\":true,\"valueName\":\"search_term_string\"}}],\"inLanguage\":\"es\"}]}<\/script>\n<!-- \/ Yoast SEO plugin. -->","yoast_head_json":{"title":"Carles Sierra &#8211; IDEES","robots":{"index":"index","follow":"follow","max-snippet":"max-snippet:-1","max-image-preview":"max-image-preview:large","max-video-preview":"max-video-preview:-1"},"canonical":"https:\/\/revistaidees.cat\/es\/autors\/carles-sierra\/","og_locale":"es_ES","og_type":"article","og_title":"Carles Sierra &#8211; IDEES","og_description":"Carles Sierra es profesor, investigador y director del Instituto de Investigaci\u00f3n en Inteligencia Artificial (IIIA) del Consejo Nacional de Investigaci\u00f3n del CSIC. Es profesor adjunto de la Western Sydney University y editor jefe de la revista Journal of Autonomous Agents and Multiagent Systems. Su trabajo de investigaci\u00f3n se focaliza en los sistemas inteligentes distribuidos y en las tecnolog\u00edas del acuerdo, de c\u00f3mo interact\u00faan los agentes y c\u00f3mo dise\u00f1ar marcos para la interacci\u00f3n entre estos. Ha participado en m\u00e1s de cuarenta proyectos de investigaci\u00f3n financiados por la Uni\u00f3n Europea, recibiendo el Premio de Investigaci\u00f3n de Agentes Aut\u00f3nomos ACM \/ SIGAI en\u2026","og_url":"https:\/\/revistaidees.cat\/es\/autors\/carles-sierra\/","og_site_name":"IDEES","article_modified_time":"2020-03-05T11:26:37+00:00","og_image":[{"width":572,"height":425,"url":"https:\/\/i0.wp.com\/revistaidees.cat\/wp-content\/uploads\/2020\/02\/def_Carles_Sierra.jpg?fit=572%2C425&ssl=1","type":"image\/jpeg"}],"twitter_card":"summary_large_image","twitter_misc":{"Tiempo de lectura":"1 minuto"},"schema":{"@context":"https:\/\/schema.org","@graph":[{"@type":"WebPage","@id":"https:\/\/revistaidees.cat\/es\/autors\/carles-sierra\/","url":"https:\/\/revistaidees.cat\/es\/autors\/carles-sierra\/","name":"Carles Sierra &#8211; IDEES","isPartOf":{"@id":"https:\/\/revistaidees.cat\/#website"},"primaryImageOfPage":{"@id":"https:\/\/revistaidees.cat\/es\/autors\/carles-sierra\/#primaryimage"},"image":{"@id":"https:\/\/revistaidees.cat\/es\/autors\/carles-sierra\/#primaryimage"},"thumbnailUrl":"https:\/\/i0.wp.com\/revistaidees.cat\/wp-content\/uploads\/2020\/02\/def_Carles_Sierra.jpg?fit=572%2C425&ssl=1","datePublished":"2020-02-18T22:26:27+00:00","dateModified":"2020-03-05T11:26:37+00:00","breadcrumb":{"@id":"https:\/\/revistaidees.cat\/es\/autors\/carles-sierra\/#breadcrumb"},"inLanguage":"es","potentialAction":[{"@type":"ReadAction","target":["https:\/\/revistaidees.cat\/es\/autors\/carles-sierra\/"]}]},{"@type":"ImageObject","inLanguage":"es","@id":"https:\/\/revistaidees.cat\/es\/autors\/carles-sierra\/#primaryimage","url":"https:\/\/i0.wp.com\/revistaidees.cat\/wp-content\/uploads\/2020\/02\/def_Carles_Sierra.jpg?fit=572%2C425&ssl=1","contentUrl":"https:\/\/i0.wp.com\/revistaidees.cat\/wp-content\/uploads\/2020\/02\/def_Carles_Sierra.jpg?fit=572%2C425&ssl=1","width":572,"height":425,"caption":"Carles_Sierra"},{"@type":"BreadcrumbList","@id":"https:\/\/revistaidees.cat\/es\/autors\/carles-sierra\/#breadcrumb","itemListElement":[{"@type":"ListItem","position":1,"name":"Inici","item":"https:\/\/revistaidees.cat\/es\/"},{"@type":"ListItem","position":2,"name":"Autors","item":"https:\/\/revistaidees.cat\/autors\/"},{"@type":"ListItem","position":3,"name":"Carles Sierra"}]},{"@type":"WebSite","@id":"https:\/\/revistaidees.cat\/#website","url":"https:\/\/revistaidees.cat\/","name":"IDEES","description":"Revista de temas contempor\u00e1neos","potentialAction":[{"@type":"SearchAction","target":{"@type":"EntryPoint","urlTemplate":"https:\/\/revistaidees.cat\/?s={search_term_string}"},"query-input":{"@type":"PropertyValueSpecification","valueRequired":true,"valueName":"search_term_string"}}],"inLanguage":"es"}]}},"jetpack_sharing_enabled":true,"_links":{"self":[{"href":"https:\/\/revistaidees.cat\/es\/wp-json\/wp\/v2\/autors\/10297","targetHints":{"allow":["GET"]}}],"collection":[{"href":"https:\/\/revistaidees.cat\/es\/wp-json\/wp\/v2\/autors"}],"about":[{"href":"https:\/\/revistaidees.cat\/es\/wp-json\/wp\/v2\/types\/autors"}],"version-history":[{"count":1,"href":"https:\/\/revistaidees.cat\/es\/wp-json\/wp\/v2\/autors\/10297\/revisions"}],"predecessor-version":[{"id":10321,"href":"https:\/\/revistaidees.cat\/es\/wp-json\/wp\/v2\/autors\/10297\/revisions\/10321"}],"wp:featuredmedia":[{"embeddable":true,"href":"https:\/\/revistaidees.cat\/es\/wp-json\/wp\/v2\/media\/9130"}],"wp:attachment":[{"href":"https:\/\/revistaidees.cat\/es\/wp-json\/wp\/v2\/media?parent=10297"}],"wp:term":[{"taxonomy":"category_autors","embeddable":true,"href":"https:\/\/revistaidees.cat\/es\/wp-json\/wp\/v2\/category_autors?post=10297"}],"curies":[{"name":"wp","href":"https:\/\/api.w.org\/{rel}","templated":true}]}}

<p>Carles Sierra es profesor, investigador y director del Instituto de Investigación en Inteligencia Artificial (IIIA) del Consejo Nacional de Investigación del CSIC. Es profesor adjunto de la Western Sydney University y editor jefe de la revista <em>Journal of Autonomous Agents and Multiagent Systems</em>. Su trabajo de investigación se focaliza en los sistemas inteligentes distribuidos y en las tecnologías del acuerdo, de cómo interactúan los agentes y cómo diseñar marcos para la interacción entre estos. Ha participado en más de cuarenta proyectos de investigación financiados por la Unión Europea, recibiendo el Premio de Investigación de Agentes Autónomos ACM / SIGAI en el 2019. Es uno de los coordinadores del #48 de la revista IDEES.</p>

<!-- This site is optimized with the Yoast SEO plugin v27.5 - https://yoast.com/product/yoast-seo-wordpress/ -->
<title>Carles Sierra &#8211; IDEES</title>
<meta name="robots" content="index, follow, max-snippet:-1, max-image-preview:large, max-video-preview:-1" />
<link rel="canonical" href="https://revistaidees.cat/es/autors/carles-sierra/" />
<meta property="og:locale" content="es_ES" />
<meta property="og:type" content="article" />
<meta property="og:title" content="Carles Sierra &#8211; IDEES" />
<meta property="og:description" content="Carles Sierra es profesor, investigador y director del Instituto de Investigación en Inteligencia Artificial (IIIA) del Consejo Nacional de Investigación del CSIC. Es profesor adjunto de la Western Sydney University y editor jefe de la revista Journal of Autonomous Agents and Multiagent Systems. Su trabajo de investigación se focaliza en los sistemas inteligentes distribuidos y en las tecnologías del acuerdo, de cómo interactúan los agentes y cómo diseñar marcos para la interacción entre estos. Ha participado en más de cuarenta proyectos de investigación financiados por la Unión Europea, recibiendo el Premio de Investigación de Agentes Autónomos ACM / SIGAI en…" />
<meta property="og:url" content="https://revistaidees.cat/es/autors/carles-sierra/" />
<meta property="og:site_name" content="IDEES" />
<meta property="article:modified_time" content="2020-03-05T11:26:37+00:00" />
<meta property="og:image" content="https://i0.wp.com/revistaidees.cat/wp-content/uploads/2020/02/def_Carles_Sierra.jpg?fit=572%2C425&ssl=1" />
	<meta property="og:image:width" content="572" />
	<meta property="og:image:height" content="425" />
	<meta property="og:image:type" content="image/jpeg" />
<meta name="twitter:card" content="summary_large_image" />
<meta name="twitter:label1" content="Tiempo de lectura" />
	<meta name="twitter:data1" content="1 minuto" />
<script type="application/ld+json" class="yoast-schema-graph">{"@context":"https:\/\/schema.org","@graph":[{"@type":"WebPage","@id":"https:\/\/revistaidees.cat\/es\/autors\/carles-sierra\/","url":"https:\/\/revistaidees.cat\/es\/autors\/carles-sierra\/","name":"Carles Sierra &#8211; IDEES","isPartOf":{"@id":"https:\/\/revistaidees.cat\/#website"},"primaryImageOfPage":{"@id":"https:\/\/revistaidees.cat\/es\/autors\/carles-sierra\/#primaryimage"},"image":{"@id":"https:\/\/revistaidees.cat\/es\/autors\/carles-sierra\/#primaryimage"},"thumbnailUrl":"https:\/\/i0.wp.com\/revistaidees.cat\/wp-content\/uploads\/2020\/02\/def_Carles_Sierra.jpg?fit=572%2C425&ssl=1","datePublished":"2020-02-18T22:26:27+00:00","dateModified":"2020-03-05T11:26:37+00:00","breadcrumb":{"@id":"https:\/\/revistaidees.cat\/es\/autors\/carles-sierra\/#breadcrumb"},"inLanguage":"es","potentialAction":[{"@type":"ReadAction","target":["https:\/\/revistaidees.cat\/es\/autors\/carles-sierra\/"]}]},{"@type":"ImageObject","inLanguage":"es","@id":"https:\/\/revistaidees.cat\/es\/autors\/carles-sierra\/#primaryimage","url":"https:\/\/i0.wp.com\/revistaidees.cat\/wp-content\/uploads\/2020\/02\/def_Carles_Sierra.jpg?fit=572%2C425&ssl=1","contentUrl":"https:\/\/i0.wp.com\/revistaidees.cat\/wp-content\/uploads\/2020\/02\/def_Carles_Sierra.jpg?fit=572%2C425&ssl=1","width":572,"height":425,"caption":"Carles_Sierra"},{"@type":"BreadcrumbList","@id":"https:\/\/revistaidees.cat\/es\/autors\/carles-sierra\/#breadcrumb","itemListElement":[{"@type":"ListItem","position":1,"name":"Inici","item":"https:\/\/revistaidees.cat\/es\/"},{"@type":"ListItem","position":2,"name":"Autors","item":"https:\/\/revistaidees.cat\/autors\/"},{"@type":"ListItem","position":3,"name":"Carles Sierra"}]},{"@type":"WebSite","@id":"https:\/\/revistaidees.cat\/#website","url":"https:\/\/revistaidees.cat\/","name":"IDEES","description":"Revista de temas contemporáneos","potentialAction":[{"@type":"SearchAction","target":{"@type":"EntryPoint","urlTemplate":"https:\/\/revistaidees.cat\/?s={search_term_string}"},"query-input":{"@type":"PropertyValueSpecification","valueRequired":true,"valueName":"search_term_string"}}],"inLanguage":"es"}]}</script>
<!-- / Yoast SEO plugin. -->

Carles Sierra es profesor, investigador y director del Instituto de Investigación en Inteligencia Artificial (IIIA) del Consejo Nacional de Investigación del CSIC. Es profesor adjunto de la Western Sydney University y editor jefe de la revista Journal of Autonomous Agents and Multiagent Systems. Su trabajo de investigación se focaliza en los sistemas inteligentes distribuidos y en las tecnologías del acuerdo, de cómo interactúan los agentes y cómo diseñar marcos para la interacción entre estos. Ha participado en más de cuarenta proyectos de investigación financiados por la Unión Europea, recibiendo el Premio de Investigación de Agentes Autónomos ACM / SIGAI en…

Revista de temas contemporáneos
