{"id":10378,"date":"2020-01-09T17:01:36","date_gmt":"2020-01-09T17:01:36","guid":{"rendered":"https:\/\/revistaidees.cat\/autors\/mireia-calafell\/"},"modified":"2020-03-05T14:32:00","modified_gmt":"2020-03-05T14:32:00","slug":"mireia-calafell","status":"publish","type":"autors","link":"https:\/\/revistaidees.cat\/es\/autors\/mireia-calafell\/","title":{"rendered":"Mireia Calafell"},"content":{"rendered":"\n<p>Mireia\u00a0Calafell es\u00a0escritora,\u00a0poeta y\u00a0gestora cultural. Es\u00a0codirectora del\u00a0festival\u00a0Barcelona Poesia, y\u00a0lleva a cabo\u00a0diferentes proyectos culturales y educativos\u00a0en\u00a0La Sullivan y\u00a0tambi\u00e9n como investigadora independiente. Su poes\u00eda\u00a0ha sido traducida al ingl\u00e9s, al holand\u00e9s, al castellano, al \u00e1rabe y al portugu\u00e9s, entre otros idiomas. El\u00a02015 recibi\u00f3 la Lletra d&#8217;Or al mejor libro publicado\u00a0en catal\u00e1n por\u00a0<em>Tantes Mudes<\/em>\u00a0(Perif\u00e8ric, 2014).\u00a0Ha coordinado\u00a0el n\u00famero 47 de la revista IDEES sobre feminismos.<\/p>\n","protected":false},"featured_media":2783,"template":"","category_autors":[],"class_list":["post-10378","autors","type-autors","status-publish","has-post-thumbnail","hentry"],"acf":[],"yoast_head":"<!-- This site is optimized with the Yoast SEO plugin v27.4 - https:\/\/yoast.com\/product\/yoast-seo-wordpress\/ -->\n<title>Mireia Calafell &#8211; IDEES<\/title>\n<meta name=\"robots\" content=\"index, follow, max-snippet:-1, max-image-preview:large, max-video-preview:-1\" \/>\n<link rel=\"canonical\" href=\"https:\/\/revistaidees.cat\/es\/autors\/mireia-calafell\/\" \/>\n<meta property=\"og:locale\" content=\"es_ES\" \/>\n<meta property=\"og:type\" content=\"article\" \/>\n<meta property=\"og:title\" content=\"Mireia Calafell &#8211; IDEES\" \/>\n<meta property=\"og:description\" content=\"Mireia\u00a0Calafell es\u00a0escritora,\u00a0poeta y\u00a0gestora cultural. Es\u00a0codirectora del\u00a0festival\u00a0Barcelona Poesia, y\u00a0lleva a cabo\u00a0diferentes proyectos culturales y educativos\u00a0en\u00a0La Sullivan y\u00a0tambi\u00e9n como investigadora independiente. Su poes\u00eda\u00a0ha sido traducida al ingl\u00e9s, al holand\u00e9s, al castellano, al \u00e1rabe y al portugu\u00e9s, entre otros idiomas. El\u00a02015 recibi\u00f3 la Lletra d&#8217;Or al mejor libro publicado\u00a0en catal\u00e1n por\u00a0Tantes Mudes\u00a0(Perif\u00e8ric, 2014).\u00a0Ha coordinado\u00a0el n\u00famero 47 de la revista IDEES sobre feminismos.\" \/>\n<meta property=\"og:url\" content=\"https:\/\/revistaidees.cat\/es\/autors\/mireia-calafell\/\" \/>\n<meta property=\"og:site_name\" content=\"IDEES\" \/>\n<meta property=\"article:modified_time\" content=\"2020-03-05T14:32:00+00:00\" \/>\n<meta property=\"og:image\" content=\"https:\/\/i0.wp.com\/revistaidees.cat\/wp-content\/uploads\/2020\/01\/def_Mireia_Calafell.jpg?fit=400%2C282&ssl=1\" \/>\n\t<meta property=\"og:image:width\" content=\"400\" \/>\n\t<meta property=\"og:image:height\" content=\"282\" \/>\n\t<meta property=\"og:image:type\" content=\"image\/jpeg\" \/>\n<meta name=\"twitter:card\" content=\"summary_large_image\" \/>\n<script type=\"application\/ld+json\" class=\"yoast-schema-graph\">{\"@context\":\"https:\\\/\\\/schema.org\",\"@graph\":[{\"@type\":\"WebPage\",\"@id\":\"https:\\\/\\\/revistaidees.cat\\\/es\\\/autors\\\/mireia-calafell\\\/\",\"url\":\"https:\\\/\\\/revistaidees.cat\\\/es\\\/autors\\\/mireia-calafell\\\/\",\"name\":\"Mireia Calafell &#8211; IDEES\",\"isPartOf\":{\"@id\":\"https:\\\/\\\/revistaidees.cat\\\/#website\"},\"primaryImageOfPage\":{\"@id\":\"https:\\\/\\\/revistaidees.cat\\\/es\\\/autors\\\/mireia-calafell\\\/#primaryimage\"},\"image\":{\"@id\":\"https:\\\/\\\/revistaidees.cat\\\/es\\\/autors\\\/mireia-calafell\\\/#primaryimage\"},\"thumbnailUrl\":\"https:\\\/\\\/i0.wp.com\\\/revistaidees.cat\\\/wp-content\\\/uploads\\\/2020\\\/01\\\/def_Mireia_Calafell.jpg?fit=400%2C282&ssl=1\",\"datePublished\":\"2020-01-09T17:01:36+00:00\",\"dateModified\":\"2020-03-05T14:32:00+00:00\",\"breadcrumb\":{\"@id\":\"https:\\\/\\\/revistaidees.cat\\\/es\\\/autors\\\/mireia-calafell\\\/#breadcrumb\"},\"inLanguage\":\"es\",\"potentialAction\":[{\"@type\":\"ReadAction\",\"target\":[\"https:\\\/\\\/revistaidees.cat\\\/es\\\/autors\\\/mireia-calafell\\\/\"]}]},{\"@type\":\"ImageObject\",\"inLanguage\":\"es\",\"@id\":\"https:\\\/\\\/revistaidees.cat\\\/es\\\/autors\\\/mireia-calafell\\\/#primaryimage\",\"url\":\"https:\\\/\\\/i0.wp.com\\\/revistaidees.cat\\\/wp-content\\\/uploads\\\/2020\\\/01\\\/def_Mireia_Calafell.jpg?fit=400%2C282&ssl=1\",\"contentUrl\":\"https:\\\/\\\/i0.wp.com\\\/revistaidees.cat\\\/wp-content\\\/uploads\\\/2020\\\/01\\\/def_Mireia_Calafell.jpg?fit=400%2C282&ssl=1\",\"width\":400,\"height\":282,\"caption\":\"Mireia_Calafell\"},{\"@type\":\"BreadcrumbList\",\"@id\":\"https:\\\/\\\/revistaidees.cat\\\/es\\\/autors\\\/mireia-calafell\\\/#breadcrumb\",\"itemListElement\":[{\"@type\":\"ListItem\",\"position\":1,\"name\":\"Inici\",\"item\":\"https:\\\/\\\/revistaidees.cat\\\/es\\\/\"},{\"@type\":\"ListItem\",\"position\":2,\"name\":\"Autors\",\"item\":\"https:\\\/\\\/revistaidees.cat\\\/autors\\\/\"},{\"@type\":\"ListItem\",\"position\":3,\"name\":\"Mireia Calafell\"}]},{\"@type\":\"WebSite\",\"@id\":\"https:\\\/\\\/revistaidees.cat\\\/#website\",\"url\":\"https:\\\/\\\/revistaidees.cat\\\/\",\"name\":\"IDEES\",\"description\":\"Revista de temas contempor\u00e1neos\",\"potentialAction\":[{\"@type\":\"SearchAction\",\"target\":{\"@type\":\"EntryPoint\",\"urlTemplate\":\"https:\\\/\\\/revistaidees.cat\\\/?s={search_term_string}\"},\"query-input\":{\"@type\":\"PropertyValueSpecification\",\"valueRequired\":true,\"valueName\":\"search_term_string\"}}],\"inLanguage\":\"es\"}]}<\/script>\n<!-- \/ Yoast SEO plugin. -->","yoast_head_json":{"title":"Mireia Calafell &#8211; IDEES","robots":{"index":"index","follow":"follow","max-snippet":"max-snippet:-1","max-image-preview":"max-image-preview:large","max-video-preview":"max-video-preview:-1"},"canonical":"https:\/\/revistaidees.cat\/es\/autors\/mireia-calafell\/","og_locale":"es_ES","og_type":"article","og_title":"Mireia Calafell &#8211; IDEES","og_description":"Mireia\u00a0Calafell es\u00a0escritora,\u00a0poeta y\u00a0gestora cultural. Es\u00a0codirectora del\u00a0festival\u00a0Barcelona Poesia, y\u00a0lleva a cabo\u00a0diferentes proyectos culturales y educativos\u00a0en\u00a0La Sullivan y\u00a0tambi\u00e9n como investigadora independiente. Su poes\u00eda\u00a0ha sido traducida al ingl\u00e9s, al holand\u00e9s, al castellano, al \u00e1rabe y al portugu\u00e9s, entre otros idiomas. El\u00a02015 recibi\u00f3 la Lletra d&#8217;Or al mejor libro publicado\u00a0en catal\u00e1n por\u00a0Tantes Mudes\u00a0(Perif\u00e8ric, 2014).\u00a0Ha coordinado\u00a0el n\u00famero 47 de la revista IDEES sobre feminismos.","og_url":"https:\/\/revistaidees.cat\/es\/autors\/mireia-calafell\/","og_site_name":"IDEES","article_modified_time":"2020-03-05T14:32:00+00:00","og_image":[{"width":400,"height":282,"url":"https:\/\/i0.wp.com\/revistaidees.cat\/wp-content\/uploads\/2020\/01\/def_Mireia_Calafell.jpg?fit=400%2C282&ssl=1","type":"image\/jpeg"}],"twitter_card":"summary_large_image","schema":{"@context":"https:\/\/schema.org","@graph":[{"@type":"WebPage","@id":"https:\/\/revistaidees.cat\/es\/autors\/mireia-calafell\/","url":"https:\/\/revistaidees.cat\/es\/autors\/mireia-calafell\/","name":"Mireia Calafell &#8211; IDEES","isPartOf":{"@id":"https:\/\/revistaidees.cat\/#website"},"primaryImageOfPage":{"@id":"https:\/\/revistaidees.cat\/es\/autors\/mireia-calafell\/#primaryimage"},"image":{"@id":"https:\/\/revistaidees.cat\/es\/autors\/mireia-calafell\/#primaryimage"},"thumbnailUrl":"https:\/\/i0.wp.com\/revistaidees.cat\/wp-content\/uploads\/2020\/01\/def_Mireia_Calafell.jpg?fit=400%2C282&ssl=1","datePublished":"2020-01-09T17:01:36+00:00","dateModified":"2020-03-05T14:32:00+00:00","breadcrumb":{"@id":"https:\/\/revistaidees.cat\/es\/autors\/mireia-calafell\/#breadcrumb"},"inLanguage":"es","potentialAction":[{"@type":"ReadAction","target":["https:\/\/revistaidees.cat\/es\/autors\/mireia-calafell\/"]}]},{"@type":"ImageObject","inLanguage":"es","@id":"https:\/\/revistaidees.cat\/es\/autors\/mireia-calafell\/#primaryimage","url":"https:\/\/i0.wp.com\/revistaidees.cat\/wp-content\/uploads\/2020\/01\/def_Mireia_Calafell.jpg?fit=400%2C282&ssl=1","contentUrl":"https:\/\/i0.wp.com\/revistaidees.cat\/wp-content\/uploads\/2020\/01\/def_Mireia_Calafell.jpg?fit=400%2C282&ssl=1","width":400,"height":282,"caption":"Mireia_Calafell"},{"@type":"BreadcrumbList","@id":"https:\/\/revistaidees.cat\/es\/autors\/mireia-calafell\/#breadcrumb","itemListElement":[{"@type":"ListItem","position":1,"name":"Inici","item":"https:\/\/revistaidees.cat\/es\/"},{"@type":"ListItem","position":2,"name":"Autors","item":"https:\/\/revistaidees.cat\/autors\/"},{"@type":"ListItem","position":3,"name":"Mireia Calafell"}]},{"@type":"WebSite","@id":"https:\/\/revistaidees.cat\/#website","url":"https:\/\/revistaidees.cat\/","name":"IDEES","description":"Revista de temas contempor\u00e1neos","potentialAction":[{"@type":"SearchAction","target":{"@type":"EntryPoint","urlTemplate":"https:\/\/revistaidees.cat\/?s={search_term_string}"},"query-input":{"@type":"PropertyValueSpecification","valueRequired":true,"valueName":"search_term_string"}}],"inLanguage":"es"}]}},"jetpack_sharing_enabled":true,"_links":{"self":[{"href":"https:\/\/revistaidees.cat\/es\/wp-json\/wp\/v2\/autors\/10378","targetHints":{"allow":["GET"]}}],"collection":[{"href":"https:\/\/revistaidees.cat\/es\/wp-json\/wp\/v2\/autors"}],"about":[{"href":"https:\/\/revistaidees.cat\/es\/wp-json\/wp\/v2\/types\/autors"}],"version-history":[{"count":1,"href":"https:\/\/revistaidees.cat\/es\/wp-json\/wp\/v2\/autors\/10378\/revisions"}],"predecessor-version":[{"id":10379,"href":"https:\/\/revistaidees.cat\/es\/wp-json\/wp\/v2\/autors\/10378\/revisions\/10379"}],"wp:featuredmedia":[{"embeddable":true,"href":"https:\/\/revistaidees.cat\/es\/wp-json\/wp\/v2\/media\/2783"}],"wp:attachment":[{"href":"https:\/\/revistaidees.cat\/es\/wp-json\/wp\/v2\/media?parent=10378"}],"wp:term":[{"taxonomy":"category_autors","embeddable":true,"href":"https:\/\/revistaidees.cat\/es\/wp-json\/wp\/v2\/category_autors?post=10378"}],"curies":[{"name":"wp","href":"https:\/\/api.w.org\/{rel}","templated":true}]}}

<p>Mireia Calafell es escritora, poeta y gestora cultural. Es codirectora del festival Barcelona Poesia, y lleva a cabo diferentes proyectos culturales y educativos en La Sullivan y también como investigadora independiente. Su poesía ha sido traducida al inglés, al holandés, al castellano, al árabe y al portugués, entre otros idiomas. El 2015 recibió la Lletra d&#8217;Or al mejor libro publicado en catalán por <em>Tantes Mudes</em> (Perifèric, 2014). Ha coordinado el número 47 de la revista IDEES sobre feminismos.</p>

<!-- This site is optimized with the Yoast SEO plugin v27.4 - https://yoast.com/product/yoast-seo-wordpress/ -->
<title>Mireia Calafell &#8211; IDEES</title>
<meta name="robots" content="index, follow, max-snippet:-1, max-image-preview:large, max-video-preview:-1" />
<link rel="canonical" href="https://revistaidees.cat/es/autors/mireia-calafell/" />
<meta property="og:locale" content="es_ES" />
<meta property="og:type" content="article" />
<meta property="og:title" content="Mireia Calafell &#8211; IDEES" />
<meta property="og:description" content="Mireia Calafell es escritora, poeta y gestora cultural. Es codirectora del festival Barcelona Poesia, y lleva a cabo diferentes proyectos culturales y educativos en La Sullivan y también como investigadora independiente. Su poesía ha sido traducida al inglés, al holandés, al castellano, al árabe y al portugués, entre otros idiomas. El 2015 recibió la Lletra d&#8217;Or al mejor libro publicado en catalán por Tantes Mudes (Perifèric, 2014). Ha coordinado el número 47 de la revista IDEES sobre feminismos." />
<meta property="og:url" content="https://revistaidees.cat/es/autors/mireia-calafell/" />
<meta property="og:site_name" content="IDEES" />
<meta property="article:modified_time" content="2020-03-05T14:32:00+00:00" />
<meta property="og:image" content="https://i0.wp.com/revistaidees.cat/wp-content/uploads/2020/01/def_Mireia_Calafell.jpg?fit=400%2C282&ssl=1" />
	<meta property="og:image:width" content="400" />
	<meta property="og:image:height" content="282" />
	<meta property="og:image:type" content="image/jpeg" />
<meta name="twitter:card" content="summary_large_image" />
<script type="application/ld+json" class="yoast-schema-graph">{"@context":"https:\/\/schema.org","@graph":[{"@type":"WebPage","@id":"https:\/\/revistaidees.cat\/es\/autors\/mireia-calafell\/","url":"https:\/\/revistaidees.cat\/es\/autors\/mireia-calafell\/","name":"Mireia Calafell &#8211; IDEES","isPartOf":{"@id":"https:\/\/revistaidees.cat\/#website"},"primaryImageOfPage":{"@id":"https:\/\/revistaidees.cat\/es\/autors\/mireia-calafell\/#primaryimage"},"image":{"@id":"https:\/\/revistaidees.cat\/es\/autors\/mireia-calafell\/#primaryimage"},"thumbnailUrl":"https:\/\/i0.wp.com\/revistaidees.cat\/wp-content\/uploads\/2020\/01\/def_Mireia_Calafell.jpg?fit=400%2C282&ssl=1","datePublished":"2020-01-09T17:01:36+00:00","dateModified":"2020-03-05T14:32:00+00:00","breadcrumb":{"@id":"https:\/\/revistaidees.cat\/es\/autors\/mireia-calafell\/#breadcrumb"},"inLanguage":"es","potentialAction":[{"@type":"ReadAction","target":["https:\/\/revistaidees.cat\/es\/autors\/mireia-calafell\/"]}]},{"@type":"ImageObject","inLanguage":"es","@id":"https:\/\/revistaidees.cat\/es\/autors\/mireia-calafell\/#primaryimage","url":"https:\/\/i0.wp.com\/revistaidees.cat\/wp-content\/uploads\/2020\/01\/def_Mireia_Calafell.jpg?fit=400%2C282&ssl=1","contentUrl":"https:\/\/i0.wp.com\/revistaidees.cat\/wp-content\/uploads\/2020\/01\/def_Mireia_Calafell.jpg?fit=400%2C282&ssl=1","width":400,"height":282,"caption":"Mireia_Calafell"},{"@type":"BreadcrumbList","@id":"https:\/\/revistaidees.cat\/es\/autors\/mireia-calafell\/#breadcrumb","itemListElement":[{"@type":"ListItem","position":1,"name":"Inici","item":"https:\/\/revistaidees.cat\/es\/"},{"@type":"ListItem","position":2,"name":"Autors","item":"https:\/\/revistaidees.cat\/autors\/"},{"@type":"ListItem","position":3,"name":"Mireia Calafell"}]},{"@type":"WebSite","@id":"https:\/\/revistaidees.cat\/#website","url":"https:\/\/revistaidees.cat\/","name":"IDEES","description":"Revista de temas contemporáneos","potentialAction":[{"@type":"SearchAction","target":{"@type":"EntryPoint","urlTemplate":"https:\/\/revistaidees.cat\/?s={search_term_string}"},"query-input":{"@type":"PropertyValueSpecification","valueRequired":true,"valueName":"search_term_string"}}],"inLanguage":"es"}]}</script>
<!-- / Yoast SEO plugin. -->

Mireia Calafell es escritora, poeta y gestora cultural. Es codirectora del festival Barcelona Poesia, y lleva a cabo diferentes proyectos culturales y educativos en La Sullivan y también como investigadora independiente. Su poesía ha sido traducida al inglés, al holandés, al castellano, al árabe y al portugués, entre otros idiomas. El 2015 recibió la Lletra d&#8217;Or al mejor libro publicado en catalán por Tantes Mudes (Perifèric, 2014). Ha coordinado el número 47 de la revista IDEES sobre feminismos.

Revista de temas contemporáneos
