{"id":11027,"date":"2020-03-05T09:08:14","date_gmt":"2020-03-05T09:08:14","guid":{"rendered":"https:\/\/revistaidees.cat\/autors\/diego-marchante\/"},"modified":"2020-03-11T15:43:11","modified_gmt":"2020-03-11T15:43:11","slug":"diego-marchante","status":"publish","type":"autors","link":"https:\/\/revistaidees.cat\/es\/autors\/diego-marchante\/","title":{"rendered":"Diego Marchante"},"content":{"rendered":"\n<p>Diego Marchante \u201cGenderhacker\u201d es activista transfeminista y artista transmedia. Doctor en Bellas Artes por la Universidad de Barcelona, desde 2007 trabaja como docente en la Facultad de Bellas Artes de la UB, en UNIBA y en la UMH. En el per\u00edodo 2008-2010 realiza el M\u00e1ster en Producciones Art\u00edsticas e Investigaci\u00f3n en la UB y el Programa de Estudios Independientes PEI en el MACBA, donde desarroll\u00f3 los proyectos colectivos \u201cEl arte despu\u00e9s de los feminismos\u201d (2009) y  \u201c Peligrosidad Social: Minor\u00edas deseantes, lenguajes y pr\u00e1cticas en los 70-80 en el Estado espa\u00f1ol\u201d (2010). En 2016 finaliza su tesis doctoral \u201cTransbutch. Luchas fronterizas de g\u00e9nero entre el arte y la pol\u00edtica\u201d, un <a rel=\"noreferrer noopener\" aria-label=\"archivo (s'obre en una nova pestanya)\" href=\"http:\/\/archivo-t.net\" target=\"_blank\">archivo<\/a> de los movimientos sociales y las pr\u00e1cticas art\u00edsticas que han abordado las cuestiones de g\u00e9nero en el contexto espa\u00f1ol desde una perspectiva queer y transfeminista. Su obra ha sido expuesta en Can Felipa, Caixaforum, Centro de las Artes de Sevilla, Centro Huarte, FAC Peregrina, MNCARS y Sala d\u2019Art Jove.<\/p>\n","protected":false},"featured_media":10217,"template":"","category_autors":[],"class_list":["post-11027","autors","type-autors","status-publish","has-post-thumbnail","hentry"],"acf":[],"yoast_head":"<!-- This site is optimized with the Yoast SEO plugin v27.4 - https:\/\/yoast.com\/product\/yoast-seo-wordpress\/ -->\n<title>Diego Marchante &#8211; IDEES<\/title>\n<meta name=\"robots\" content=\"index, follow, max-snippet:-1, max-image-preview:large, max-video-preview:-1\" \/>\n<link rel=\"canonical\" href=\"https:\/\/revistaidees.cat\/es\/autors\/diego-marchante\/\" \/>\n<meta property=\"og:locale\" content=\"es_ES\" \/>\n<meta property=\"og:type\" content=\"article\" \/>\n<meta property=\"og:title\" content=\"Diego Marchante &#8211; IDEES\" \/>\n<meta property=\"og:description\" content=\"Diego Marchante \u201cGenderhacker\u201d es activista transfeminista y artista transmedia. Doctor en Bellas Artes por la Universidad de Barcelona, desde 2007 trabaja como docente en la Facultad de Bellas Artes de la UB, en UNIBA y en la UMH. En el per\u00edodo 2008-2010 realiza el M\u00e1ster en Producciones Art\u00edsticas e Investigaci\u00f3n en la UB y el Programa de Estudios Independientes PEI en el MACBA, donde desarroll\u00f3 los proyectos colectivos \u201cEl arte despu\u00e9s de los feminismos\u201d (2009) y \u201c Peligrosidad Social: Minor\u00edas deseantes, lenguajes y pr\u00e1cticas en los 70-80 en el Estado espa\u00f1ol\u201d (2010). En 2016 finaliza su tesis doctoral \u201cTransbutch. Luchas\u2026\" \/>\n<meta property=\"og:url\" content=\"https:\/\/revistaidees.cat\/es\/autors\/diego-marchante\/\" \/>\n<meta property=\"og:site_name\" content=\"IDEES\" \/>\n<meta property=\"article:modified_time\" content=\"2020-03-11T15:43:11+00:00\" \/>\n<meta property=\"og:image\" content=\"https:\/\/i0.wp.com\/revistaidees.cat\/wp-content\/uploads\/2020\/03\/def_Diego_Marchante.jpeg?fit=900%2C651&ssl=1\" \/>\n\t<meta property=\"og:image:width\" content=\"900\" \/>\n\t<meta property=\"og:image:height\" content=\"651\" \/>\n\t<meta property=\"og:image:type\" content=\"image\/jpeg\" \/>\n<meta name=\"twitter:card\" content=\"summary_large_image\" \/>\n<meta name=\"twitter:label1\" content=\"Tiempo de lectura\" \/>\n\t<meta name=\"twitter:data1\" content=\"1 minuto\" \/>\n<script type=\"application\/ld+json\" class=\"yoast-schema-graph\">{\"@context\":\"https:\\\/\\\/schema.org\",\"@graph\":[{\"@type\":\"WebPage\",\"@id\":\"https:\\\/\\\/revistaidees.cat\\\/es\\\/autors\\\/diego-marchante\\\/\",\"url\":\"https:\\\/\\\/revistaidees.cat\\\/es\\\/autors\\\/diego-marchante\\\/\",\"name\":\"Diego Marchante &#8211; IDEES\",\"isPartOf\":{\"@id\":\"https:\\\/\\\/revistaidees.cat\\\/#website\"},\"primaryImageOfPage\":{\"@id\":\"https:\\\/\\\/revistaidees.cat\\\/es\\\/autors\\\/diego-marchante\\\/#primaryimage\"},\"image\":{\"@id\":\"https:\\\/\\\/revistaidees.cat\\\/es\\\/autors\\\/diego-marchante\\\/#primaryimage\"},\"thumbnailUrl\":\"https:\\\/\\\/i0.wp.com\\\/revistaidees.cat\\\/wp-content\\\/uploads\\\/2020\\\/03\\\/def_Diego_Marchante.jpeg?fit=900%2C651&ssl=1\",\"datePublished\":\"2020-03-05T09:08:14+00:00\",\"dateModified\":\"2020-03-11T15:43:11+00:00\",\"breadcrumb\":{\"@id\":\"https:\\\/\\\/revistaidees.cat\\\/es\\\/autors\\\/diego-marchante\\\/#breadcrumb\"},\"inLanguage\":\"es\",\"potentialAction\":[{\"@type\":\"ReadAction\",\"target\":[\"https:\\\/\\\/revistaidees.cat\\\/es\\\/autors\\\/diego-marchante\\\/\"]}]},{\"@type\":\"ImageObject\",\"inLanguage\":\"es\",\"@id\":\"https:\\\/\\\/revistaidees.cat\\\/es\\\/autors\\\/diego-marchante\\\/#primaryimage\",\"url\":\"https:\\\/\\\/i0.wp.com\\\/revistaidees.cat\\\/wp-content\\\/uploads\\\/2020\\\/03\\\/def_Diego_Marchante.jpeg?fit=900%2C651&ssl=1\",\"contentUrl\":\"https:\\\/\\\/i0.wp.com\\\/revistaidees.cat\\\/wp-content\\\/uploads\\\/2020\\\/03\\\/def_Diego_Marchante.jpeg?fit=900%2C651&ssl=1\",\"width\":900,\"height\":651,\"caption\":\"Diego_Marchante\"},{\"@type\":\"BreadcrumbList\",\"@id\":\"https:\\\/\\\/revistaidees.cat\\\/es\\\/autors\\\/diego-marchante\\\/#breadcrumb\",\"itemListElement\":[{\"@type\":\"ListItem\",\"position\":1,\"name\":\"Inici\",\"item\":\"https:\\\/\\\/revistaidees.cat\\\/es\\\/\"},{\"@type\":\"ListItem\",\"position\":2,\"name\":\"Autors\",\"item\":\"https:\\\/\\\/revistaidees.cat\\\/autors\\\/\"},{\"@type\":\"ListItem\",\"position\":3,\"name\":\"Diego Marchante\"}]},{\"@type\":\"WebSite\",\"@id\":\"https:\\\/\\\/revistaidees.cat\\\/#website\",\"url\":\"https:\\\/\\\/revistaidees.cat\\\/\",\"name\":\"IDEES\",\"description\":\"Revista de temas contempor\u00e1neos\",\"potentialAction\":[{\"@type\":\"SearchAction\",\"target\":{\"@type\":\"EntryPoint\",\"urlTemplate\":\"https:\\\/\\\/revistaidees.cat\\\/?s={search_term_string}\"},\"query-input\":{\"@type\":\"PropertyValueSpecification\",\"valueRequired\":true,\"valueName\":\"search_term_string\"}}],\"inLanguage\":\"es\"}]}<\/script>\n<!-- \/ Yoast SEO plugin. -->","yoast_head_json":{"title":"Diego Marchante &#8211; IDEES","robots":{"index":"index","follow":"follow","max-snippet":"max-snippet:-1","max-image-preview":"max-image-preview:large","max-video-preview":"max-video-preview:-1"},"canonical":"https:\/\/revistaidees.cat\/es\/autors\/diego-marchante\/","og_locale":"es_ES","og_type":"article","og_title":"Diego Marchante &#8211; IDEES","og_description":"Diego Marchante \u201cGenderhacker\u201d es activista transfeminista y artista transmedia. Doctor en Bellas Artes por la Universidad de Barcelona, desde 2007 trabaja como docente en la Facultad de Bellas Artes de la UB, en UNIBA y en la UMH. En el per\u00edodo 2008-2010 realiza el M\u00e1ster en Producciones Art\u00edsticas e Investigaci\u00f3n en la UB y el Programa de Estudios Independientes PEI en el MACBA, donde desarroll\u00f3 los proyectos colectivos \u201cEl arte despu\u00e9s de los feminismos\u201d (2009) y \u201c Peligrosidad Social: Minor\u00edas deseantes, lenguajes y pr\u00e1cticas en los 70-80 en el Estado espa\u00f1ol\u201d (2010). En 2016 finaliza su tesis doctoral \u201cTransbutch. Luchas\u2026","og_url":"https:\/\/revistaidees.cat\/es\/autors\/diego-marchante\/","og_site_name":"IDEES","article_modified_time":"2020-03-11T15:43:11+00:00","og_image":[{"width":900,"height":651,"url":"https:\/\/i0.wp.com\/revistaidees.cat\/wp-content\/uploads\/2020\/03\/def_Diego_Marchante.jpeg?fit=900%2C651&ssl=1","type":"image\/jpeg"}],"twitter_card":"summary_large_image","twitter_misc":{"Tiempo de lectura":"1 minuto"},"schema":{"@context":"https:\/\/schema.org","@graph":[{"@type":"WebPage","@id":"https:\/\/revistaidees.cat\/es\/autors\/diego-marchante\/","url":"https:\/\/revistaidees.cat\/es\/autors\/diego-marchante\/","name":"Diego Marchante &#8211; IDEES","isPartOf":{"@id":"https:\/\/revistaidees.cat\/#website"},"primaryImageOfPage":{"@id":"https:\/\/revistaidees.cat\/es\/autors\/diego-marchante\/#primaryimage"},"image":{"@id":"https:\/\/revistaidees.cat\/es\/autors\/diego-marchante\/#primaryimage"},"thumbnailUrl":"https:\/\/i0.wp.com\/revistaidees.cat\/wp-content\/uploads\/2020\/03\/def_Diego_Marchante.jpeg?fit=900%2C651&ssl=1","datePublished":"2020-03-05T09:08:14+00:00","dateModified":"2020-03-11T15:43:11+00:00","breadcrumb":{"@id":"https:\/\/revistaidees.cat\/es\/autors\/diego-marchante\/#breadcrumb"},"inLanguage":"es","potentialAction":[{"@type":"ReadAction","target":["https:\/\/revistaidees.cat\/es\/autors\/diego-marchante\/"]}]},{"@type":"ImageObject","inLanguage":"es","@id":"https:\/\/revistaidees.cat\/es\/autors\/diego-marchante\/#primaryimage","url":"https:\/\/i0.wp.com\/revistaidees.cat\/wp-content\/uploads\/2020\/03\/def_Diego_Marchante.jpeg?fit=900%2C651&ssl=1","contentUrl":"https:\/\/i0.wp.com\/revistaidees.cat\/wp-content\/uploads\/2020\/03\/def_Diego_Marchante.jpeg?fit=900%2C651&ssl=1","width":900,"height":651,"caption":"Diego_Marchante"},{"@type":"BreadcrumbList","@id":"https:\/\/revistaidees.cat\/es\/autors\/diego-marchante\/#breadcrumb","itemListElement":[{"@type":"ListItem","position":1,"name":"Inici","item":"https:\/\/revistaidees.cat\/es\/"},{"@type":"ListItem","position":2,"name":"Autors","item":"https:\/\/revistaidees.cat\/autors\/"},{"@type":"ListItem","position":3,"name":"Diego Marchante"}]},{"@type":"WebSite","@id":"https:\/\/revistaidees.cat\/#website","url":"https:\/\/revistaidees.cat\/","name":"IDEES","description":"Revista de temas contempor\u00e1neos","potentialAction":[{"@type":"SearchAction","target":{"@type":"EntryPoint","urlTemplate":"https:\/\/revistaidees.cat\/?s={search_term_string}"},"query-input":{"@type":"PropertyValueSpecification","valueRequired":true,"valueName":"search_term_string"}}],"inLanguage":"es"}]}},"jetpack_sharing_enabled":true,"_links":{"self":[{"href":"https:\/\/revistaidees.cat\/es\/wp-json\/wp\/v2\/autors\/11027","targetHints":{"allow":["GET"]}}],"collection":[{"href":"https:\/\/revistaidees.cat\/es\/wp-json\/wp\/v2\/autors"}],"about":[{"href":"https:\/\/revistaidees.cat\/es\/wp-json\/wp\/v2\/types\/autors"}],"version-history":[{"count":1,"href":"https:\/\/revistaidees.cat\/es\/wp-json\/wp\/v2\/autors\/11027\/revisions"}],"predecessor-version":[{"id":11028,"href":"https:\/\/revistaidees.cat\/es\/wp-json\/wp\/v2\/autors\/11027\/revisions\/11028"}],"wp:featuredmedia":[{"embeddable":true,"href":"https:\/\/revistaidees.cat\/es\/wp-json\/wp\/v2\/media\/10217"}],"wp:attachment":[{"href":"https:\/\/revistaidees.cat\/es\/wp-json\/wp\/v2\/media?parent=11027"}],"wp:term":[{"taxonomy":"category_autors","embeddable":true,"href":"https:\/\/revistaidees.cat\/es\/wp-json\/wp\/v2\/category_autors?post=11027"}],"curies":[{"name":"wp","href":"https:\/\/api.w.org\/{rel}","templated":true}]}}

<p>Diego Marchante “Genderhacker” es activista transfeminista y artista transmedia. Doctor en Bellas Artes por la Universidad de Barcelona, desde 2007 trabaja como docente en la Facultad de Bellas Artes de la UB, en UNIBA y en la UMH. En el período 2008-2010 realiza el Máster en Producciones Artísticas e Investigación en la UB y el Programa de Estudios Independientes PEI en el MACBA, donde desarrolló los proyectos colectivos “El arte después de los feminismos” (2009) y  “ Peligrosidad Social: Minorías deseantes, lenguajes y prácticas en los 70-80 en el Estado español” (2010). En 2016 finaliza su tesis doctoral “Transbutch. Luchas fronterizas de género entre el arte y la política”, un <a rel="noreferrer noopener" aria-label="archivo (s'obre en una nova pestanya)" href="http://archivo-t.net" target="_blank">archivo</a> de los movimientos sociales y las prácticas artísticas que han abordado las cuestiones de género en el contexto español desde una perspectiva queer y transfeminista. Su obra ha sido expuesta en Can Felipa, Caixaforum, Centro de las Artes de Sevilla, Centro Huarte, FAC Peregrina, MNCARS y Sala d’Art Jove.</p>

<!-- This site is optimized with the Yoast SEO plugin v27.4 - https://yoast.com/product/yoast-seo-wordpress/ -->
<title>Diego Marchante &#8211; IDEES</title>
<meta name="robots" content="index, follow, max-snippet:-1, max-image-preview:large, max-video-preview:-1" />
<link rel="canonical" href="https://revistaidees.cat/es/autors/diego-marchante/" />
<meta property="og:locale" content="es_ES" />
<meta property="og:type" content="article" />
<meta property="og:title" content="Diego Marchante &#8211; IDEES" />
<meta property="og:description" content="Diego Marchante “Genderhacker” es activista transfeminista y artista transmedia. Doctor en Bellas Artes por la Universidad de Barcelona, desde 2007 trabaja como docente en la Facultad de Bellas Artes de la UB, en UNIBA y en la UMH. En el período 2008-2010 realiza el Máster en Producciones Artísticas e Investigación en la UB y el Programa de Estudios Independientes PEI en el MACBA, donde desarrolló los proyectos colectivos “El arte después de los feminismos” (2009) y “ Peligrosidad Social: Minorías deseantes, lenguajes y prácticas en los 70-80 en el Estado español” (2010). En 2016 finaliza su tesis doctoral “Transbutch. Luchas…" />
<meta property="og:url" content="https://revistaidees.cat/es/autors/diego-marchante/" />
<meta property="og:site_name" content="IDEES" />
<meta property="article:modified_time" content="2020-03-11T15:43:11+00:00" />
<meta property="og:image" content="https://i0.wp.com/revistaidees.cat/wp-content/uploads/2020/03/def_Diego_Marchante.jpeg?fit=900%2C651&ssl=1" />
	<meta property="og:image:width" content="900" />
	<meta property="og:image:height" content="651" />
	<meta property="og:image:type" content="image/jpeg" />
<meta name="twitter:card" content="summary_large_image" />
<meta name="twitter:label1" content="Tiempo de lectura" />
	<meta name="twitter:data1" content="1 minuto" />
<script type="application/ld+json" class="yoast-schema-graph">{"@context":"https:\/\/schema.org","@graph":[{"@type":"WebPage","@id":"https:\/\/revistaidees.cat\/es\/autors\/diego-marchante\/","url":"https:\/\/revistaidees.cat\/es\/autors\/diego-marchante\/","name":"Diego Marchante &#8211; IDEES","isPartOf":{"@id":"https:\/\/revistaidees.cat\/#website"},"primaryImageOfPage":{"@id":"https:\/\/revistaidees.cat\/es\/autors\/diego-marchante\/#primaryimage"},"image":{"@id":"https:\/\/revistaidees.cat\/es\/autors\/diego-marchante\/#primaryimage"},"thumbnailUrl":"https:\/\/i0.wp.com\/revistaidees.cat\/wp-content\/uploads\/2020\/03\/def_Diego_Marchante.jpeg?fit=900%2C651&ssl=1","datePublished":"2020-03-05T09:08:14+00:00","dateModified":"2020-03-11T15:43:11+00:00","breadcrumb":{"@id":"https:\/\/revistaidees.cat\/es\/autors\/diego-marchante\/#breadcrumb"},"inLanguage":"es","potentialAction":[{"@type":"ReadAction","target":["https:\/\/revistaidees.cat\/es\/autors\/diego-marchante\/"]}]},{"@type":"ImageObject","inLanguage":"es","@id":"https:\/\/revistaidees.cat\/es\/autors\/diego-marchante\/#primaryimage","url":"https:\/\/i0.wp.com\/revistaidees.cat\/wp-content\/uploads\/2020\/03\/def_Diego_Marchante.jpeg?fit=900%2C651&ssl=1","contentUrl":"https:\/\/i0.wp.com\/revistaidees.cat\/wp-content\/uploads\/2020\/03\/def_Diego_Marchante.jpeg?fit=900%2C651&ssl=1","width":900,"height":651,"caption":"Diego_Marchante"},{"@type":"BreadcrumbList","@id":"https:\/\/revistaidees.cat\/es\/autors\/diego-marchante\/#breadcrumb","itemListElement":[{"@type":"ListItem","position":1,"name":"Inici","item":"https:\/\/revistaidees.cat\/es\/"},{"@type":"ListItem","position":2,"name":"Autors","item":"https:\/\/revistaidees.cat\/autors\/"},{"@type":"ListItem","position":3,"name":"Diego Marchante"}]},{"@type":"WebSite","@id":"https:\/\/revistaidees.cat\/#website","url":"https:\/\/revistaidees.cat\/","name":"IDEES","description":"Revista de temas contemporáneos","potentialAction":[{"@type":"SearchAction","target":{"@type":"EntryPoint","urlTemplate":"https:\/\/revistaidees.cat\/?s={search_term_string}"},"query-input":{"@type":"PropertyValueSpecification","valueRequired":true,"valueName":"search_term_string"}}],"inLanguage":"es"}]}</script>
<!-- / Yoast SEO plugin. -->

Diego Marchante “Genderhacker” es activista transfeminista y artista transmedia. Doctor en Bellas Artes por la Universidad de Barcelona, desde 2007 trabaja como docente en la Facultad de Bellas Artes de la UB, en UNIBA y en la UMH. En el período 2008-2010 realiza el Máster en Producciones Artísticas e Investigación en la UB y el Programa de Estudios Independientes PEI en el MACBA, donde desarrolló los proyectos colectivos “El arte después de los feminismos” (2009) y “ Peligrosidad Social: Minorías deseantes, lenguajes y prácticas en los 70-80 en el Estado español” (2010). En 2016 finaliza su tesis doctoral “Transbutch. Luchas…

Revista de temas contemporáneos
