{"id":11096,"date":"2020-01-20T16:57:44","date_gmt":"2020-01-20T16:57:44","guid":{"rendered":"https:\/\/revistaidees.cat\/autors\/miriam-cano\/"},"modified":"2020-03-12T10:26:11","modified_gmt":"2020-03-12T10:26:11","slug":"miriam-cano","status":"publish","type":"autors","link":"https:\/\/revistaidees.cat\/es\/autors\/miriam-cano\/","title":{"rendered":"M\u00edriam Cano"},"content":{"rendered":"\n<p>M\u00edriam Cano es poeta, escritora, traductora, profesora de escritura y licenciada en Humanidades. En el 2013 gan\u00f3 el premio de poes\u00eda Mart\u00ed Dot con su primer libro, <em>Buntsandstei<\/em>n (Viena Ediciones). Tambi\u00e9n es autora de la obra <em>Cremen Cels<\/em> (LaBreu, 2017) &#8211;escrito junto con Mart\u00ed Sales y Ant\u00f2nia Vicens&#8211; y del poemario <em>Ancoratge<\/em> (Ed. Terr\u00edcola, 2016). Colabora habitualmente como redactora de cultura y cr\u00edtica literaria y musical en Naci\u00f3 Digital, Catorze Cultura Viva, Gent Normal o Poetari. Actualmente es cr\u00edtica literaria en el programa Els experts de iCat y en el Irradiador de Catalunya Radio.<\/p>\n","protected":false},"featured_media":3555,"template":"","category_autors":[],"class_list":["post-11096","autors","type-autors","status-publish","has-post-thumbnail","hentry"],"acf":[],"yoast_head":"<!-- This site is optimized with the Yoast SEO plugin v27.4 - https:\/\/yoast.com\/product\/yoast-seo-wordpress\/ -->\n<title>M\u00edriam Cano &#8211; IDEES<\/title>\n<meta name=\"robots\" content=\"index, follow, max-snippet:-1, max-image-preview:large, max-video-preview:-1\" \/>\n<link rel=\"canonical\" href=\"https:\/\/revistaidees.cat\/es\/autors\/miriam-cano\/\" \/>\n<meta property=\"og:locale\" content=\"es_ES\" \/>\n<meta property=\"og:type\" content=\"article\" \/>\n<meta property=\"og:title\" content=\"M\u00edriam Cano &#8211; IDEES\" \/>\n<meta property=\"og:description\" content=\"M\u00edriam Cano es poeta, escritora, traductora, profesora de escritura y licenciada en Humanidades. En el 2013 gan\u00f3 el premio de poes\u00eda Mart\u00ed Dot con su primer libro, Buntsandstein (Viena Ediciones). Tambi\u00e9n es autora de la obra Cremen Cels (LaBreu, 2017) &#8211;escrito junto con Mart\u00ed Sales y Ant\u00f2nia Vicens&#8211; y del poemario Ancoratge (Ed. Terr\u00edcola, 2016). Colabora habitualmente como redactora de cultura y cr\u00edtica literaria y musical en Naci\u00f3 Digital, Catorze Cultura Viva, Gent Normal o Poetari. Actualmente es cr\u00edtica literaria en el programa Els experts de iCat y en el Irradiador de Catalunya Radio.\" \/>\n<meta property=\"og:url\" content=\"https:\/\/revistaidees.cat\/es\/autors\/miriam-cano\/\" \/>\n<meta property=\"og:site_name\" content=\"IDEES\" \/>\n<meta property=\"article:modified_time\" content=\"2020-03-12T10:26:11+00:00\" \/>\n<meta property=\"og:image\" content=\"https:\/\/i0.wp.com\/revistaidees.cat\/wp-content\/uploads\/2020\/01\/def_Miriam_Cano.jpg?fit=1194%2C818&ssl=1\" \/>\n\t<meta property=\"og:image:width\" content=\"1194\" \/>\n\t<meta property=\"og:image:height\" content=\"818\" \/>\n\t<meta property=\"og:image:type\" content=\"image\/jpeg\" \/>\n<meta name=\"twitter:card\" content=\"summary_large_image\" \/>\n<script type=\"application\/ld+json\" class=\"yoast-schema-graph\">{\"@context\":\"https:\\\/\\\/schema.org\",\"@graph\":[{\"@type\":\"WebPage\",\"@id\":\"https:\\\/\\\/revistaidees.cat\\\/es\\\/autors\\\/miriam-cano\\\/\",\"url\":\"https:\\\/\\\/revistaidees.cat\\\/es\\\/autors\\\/miriam-cano\\\/\",\"name\":\"M\u00edriam Cano &#8211; IDEES\",\"isPartOf\":{\"@id\":\"https:\\\/\\\/revistaidees.cat\\\/#website\"},\"primaryImageOfPage\":{\"@id\":\"https:\\\/\\\/revistaidees.cat\\\/es\\\/autors\\\/miriam-cano\\\/#primaryimage\"},\"image\":{\"@id\":\"https:\\\/\\\/revistaidees.cat\\\/es\\\/autors\\\/miriam-cano\\\/#primaryimage\"},\"thumbnailUrl\":\"https:\\\/\\\/i0.wp.com\\\/revistaidees.cat\\\/wp-content\\\/uploads\\\/2020\\\/01\\\/def_Miriam_Cano.jpg?fit=1194%2C818&ssl=1\",\"datePublished\":\"2020-01-20T16:57:44+00:00\",\"dateModified\":\"2020-03-12T10:26:11+00:00\",\"breadcrumb\":{\"@id\":\"https:\\\/\\\/revistaidees.cat\\\/es\\\/autors\\\/miriam-cano\\\/#breadcrumb\"},\"inLanguage\":\"es\",\"potentialAction\":[{\"@type\":\"ReadAction\",\"target\":[\"https:\\\/\\\/revistaidees.cat\\\/es\\\/autors\\\/miriam-cano\\\/\"]}]},{\"@type\":\"ImageObject\",\"inLanguage\":\"es\",\"@id\":\"https:\\\/\\\/revistaidees.cat\\\/es\\\/autors\\\/miriam-cano\\\/#primaryimage\",\"url\":\"https:\\\/\\\/i0.wp.com\\\/revistaidees.cat\\\/wp-content\\\/uploads\\\/2020\\\/01\\\/def_Miriam_Cano.jpg?fit=1194%2C818&ssl=1\",\"contentUrl\":\"https:\\\/\\\/i0.wp.com\\\/revistaidees.cat\\\/wp-content\\\/uploads\\\/2020\\\/01\\\/def_Miriam_Cano.jpg?fit=1194%2C818&ssl=1\",\"width\":1194,\"height\":818,\"caption\":\"Miriam_Cano\"},{\"@type\":\"BreadcrumbList\",\"@id\":\"https:\\\/\\\/revistaidees.cat\\\/es\\\/autors\\\/miriam-cano\\\/#breadcrumb\",\"itemListElement\":[{\"@type\":\"ListItem\",\"position\":1,\"name\":\"Inici\",\"item\":\"https:\\\/\\\/revistaidees.cat\\\/es\\\/\"},{\"@type\":\"ListItem\",\"position\":2,\"name\":\"Autors\",\"item\":\"https:\\\/\\\/revistaidees.cat\\\/autors\\\/\"},{\"@type\":\"ListItem\",\"position\":3,\"name\":\"M\u00edriam Cano\"}]},{\"@type\":\"WebSite\",\"@id\":\"https:\\\/\\\/revistaidees.cat\\\/#website\",\"url\":\"https:\\\/\\\/revistaidees.cat\\\/\",\"name\":\"IDEES\",\"description\":\"Revista de temas contempor\u00e1neos\",\"potentialAction\":[{\"@type\":\"SearchAction\",\"target\":{\"@type\":\"EntryPoint\",\"urlTemplate\":\"https:\\\/\\\/revistaidees.cat\\\/?s={search_term_string}\"},\"query-input\":{\"@type\":\"PropertyValueSpecification\",\"valueRequired\":true,\"valueName\":\"search_term_string\"}}],\"inLanguage\":\"es\"}]}<\/script>\n<!-- \/ Yoast SEO plugin. -->","yoast_head_json":{"title":"M\u00edriam Cano &#8211; IDEES","robots":{"index":"index","follow":"follow","max-snippet":"max-snippet:-1","max-image-preview":"max-image-preview:large","max-video-preview":"max-video-preview:-1"},"canonical":"https:\/\/revistaidees.cat\/es\/autors\/miriam-cano\/","og_locale":"es_ES","og_type":"article","og_title":"M\u00edriam Cano &#8211; IDEES","og_description":"M\u00edriam Cano es poeta, escritora, traductora, profesora de escritura y licenciada en Humanidades. En el 2013 gan\u00f3 el premio de poes\u00eda Mart\u00ed Dot con su primer libro, Buntsandstein (Viena Ediciones). Tambi\u00e9n es autora de la obra Cremen Cels (LaBreu, 2017) &#8211;escrito junto con Mart\u00ed Sales y Ant\u00f2nia Vicens&#8211; y del poemario Ancoratge (Ed. Terr\u00edcola, 2016). Colabora habitualmente como redactora de cultura y cr\u00edtica literaria y musical en Naci\u00f3 Digital, Catorze Cultura Viva, Gent Normal o Poetari. Actualmente es cr\u00edtica literaria en el programa Els experts de iCat y en el Irradiador de Catalunya Radio.","og_url":"https:\/\/revistaidees.cat\/es\/autors\/miriam-cano\/","og_site_name":"IDEES","article_modified_time":"2020-03-12T10:26:11+00:00","og_image":[{"width":1194,"height":818,"url":"https:\/\/i0.wp.com\/revistaidees.cat\/wp-content\/uploads\/2020\/01\/def_Miriam_Cano.jpg?fit=1194%2C818&ssl=1","type":"image\/jpeg"}],"twitter_card":"summary_large_image","schema":{"@context":"https:\/\/schema.org","@graph":[{"@type":"WebPage","@id":"https:\/\/revistaidees.cat\/es\/autors\/miriam-cano\/","url":"https:\/\/revistaidees.cat\/es\/autors\/miriam-cano\/","name":"M\u00edriam Cano &#8211; IDEES","isPartOf":{"@id":"https:\/\/revistaidees.cat\/#website"},"primaryImageOfPage":{"@id":"https:\/\/revistaidees.cat\/es\/autors\/miriam-cano\/#primaryimage"},"image":{"@id":"https:\/\/revistaidees.cat\/es\/autors\/miriam-cano\/#primaryimage"},"thumbnailUrl":"https:\/\/i0.wp.com\/revistaidees.cat\/wp-content\/uploads\/2020\/01\/def_Miriam_Cano.jpg?fit=1194%2C818&ssl=1","datePublished":"2020-01-20T16:57:44+00:00","dateModified":"2020-03-12T10:26:11+00:00","breadcrumb":{"@id":"https:\/\/revistaidees.cat\/es\/autors\/miriam-cano\/#breadcrumb"},"inLanguage":"es","potentialAction":[{"@type":"ReadAction","target":["https:\/\/revistaidees.cat\/es\/autors\/miriam-cano\/"]}]},{"@type":"ImageObject","inLanguage":"es","@id":"https:\/\/revistaidees.cat\/es\/autors\/miriam-cano\/#primaryimage","url":"https:\/\/i0.wp.com\/revistaidees.cat\/wp-content\/uploads\/2020\/01\/def_Miriam_Cano.jpg?fit=1194%2C818&ssl=1","contentUrl":"https:\/\/i0.wp.com\/revistaidees.cat\/wp-content\/uploads\/2020\/01\/def_Miriam_Cano.jpg?fit=1194%2C818&ssl=1","width":1194,"height":818,"caption":"Miriam_Cano"},{"@type":"BreadcrumbList","@id":"https:\/\/revistaidees.cat\/es\/autors\/miriam-cano\/#breadcrumb","itemListElement":[{"@type":"ListItem","position":1,"name":"Inici","item":"https:\/\/revistaidees.cat\/es\/"},{"@type":"ListItem","position":2,"name":"Autors","item":"https:\/\/revistaidees.cat\/autors\/"},{"@type":"ListItem","position":3,"name":"M\u00edriam Cano"}]},{"@type":"WebSite","@id":"https:\/\/revistaidees.cat\/#website","url":"https:\/\/revistaidees.cat\/","name":"IDEES","description":"Revista de temas contempor\u00e1neos","potentialAction":[{"@type":"SearchAction","target":{"@type":"EntryPoint","urlTemplate":"https:\/\/revistaidees.cat\/?s={search_term_string}"},"query-input":{"@type":"PropertyValueSpecification","valueRequired":true,"valueName":"search_term_string"}}],"inLanguage":"es"}]}},"jetpack_sharing_enabled":true,"_links":{"self":[{"href":"https:\/\/revistaidees.cat\/es\/wp-json\/wp\/v2\/autors\/11096","targetHints":{"allow":["GET"]}}],"collection":[{"href":"https:\/\/revistaidees.cat\/es\/wp-json\/wp\/v2\/autors"}],"about":[{"href":"https:\/\/revistaidees.cat\/es\/wp-json\/wp\/v2\/types\/autors"}],"version-history":[{"count":1,"href":"https:\/\/revistaidees.cat\/es\/wp-json\/wp\/v2\/autors\/11096\/revisions"}],"predecessor-version":[{"id":11097,"href":"https:\/\/revistaidees.cat\/es\/wp-json\/wp\/v2\/autors\/11096\/revisions\/11097"}],"wp:featuredmedia":[{"embeddable":true,"href":"https:\/\/revistaidees.cat\/es\/wp-json\/wp\/v2\/media\/3555"}],"wp:attachment":[{"href":"https:\/\/revistaidees.cat\/es\/wp-json\/wp\/v2\/media?parent=11096"}],"wp:term":[{"taxonomy":"category_autors","embeddable":true,"href":"https:\/\/revistaidees.cat\/es\/wp-json\/wp\/v2\/category_autors?post=11096"}],"curies":[{"name":"wp","href":"https:\/\/api.w.org\/{rel}","templated":true}]}}

Míriam Cano

<p>Míriam Cano es poeta, escritora, traductora, profesora de escritura y licenciada en Humanidades. En el 2013 ganó el premio de poesía Martí Dot con su primer libro, <em>Buntsandstei</em>n (Viena Ediciones). También es autora de la obra <em>Cremen Cels</em> (LaBreu, 2017) &#8211;escrito junto con Martí Sales y Antònia Vicens&#8211; y del poemario <em>Ancoratge</em> (Ed. Terrícola, 2016). Colabora habitualmente como redactora de cultura y crítica literaria y musical en Nació Digital, Catorze Cultura Viva, Gent Normal o Poetari. Actualmente es crítica literaria en el programa Els experts de iCat y en el Irradiador de Catalunya Radio.</p>

<!-- This site is optimized with the Yoast SEO plugin v27.4 - https://yoast.com/product/yoast-seo-wordpress/ -->
<title>Míriam Cano &#8211; IDEES</title>
<meta name="robots" content="index, follow, max-snippet:-1, max-image-preview:large, max-video-preview:-1" />
<link rel="canonical" href="https://revistaidees.cat/es/autors/miriam-cano/" />
<meta property="og:locale" content="es_ES" />
<meta property="og:type" content="article" />
<meta property="og:title" content="Míriam Cano &#8211; IDEES" />
<meta property="og:description" content="Míriam Cano es poeta, escritora, traductora, profesora de escritura y licenciada en Humanidades. En el 2013 ganó el premio de poesía Martí Dot con su primer libro, Buntsandstein (Viena Ediciones). También es autora de la obra Cremen Cels (LaBreu, 2017) &#8211;escrito junto con Martí Sales y Antònia Vicens&#8211; y del poemario Ancoratge (Ed. Terrícola, 2016). Colabora habitualmente como redactora de cultura y crítica literaria y musical en Nació Digital, Catorze Cultura Viva, Gent Normal o Poetari. Actualmente es crítica literaria en el programa Els experts de iCat y en el Irradiador de Catalunya Radio." />
<meta property="og:url" content="https://revistaidees.cat/es/autors/miriam-cano/" />
<meta property="og:site_name" content="IDEES" />
<meta property="article:modified_time" content="2020-03-12T10:26:11+00:00" />
<meta property="og:image" content="https://i0.wp.com/revistaidees.cat/wp-content/uploads/2020/01/def_Miriam_Cano.jpg?fit=1194%2C818&ssl=1" />
	<meta property="og:image:width" content="1194" />
	<meta property="og:image:height" content="818" />
	<meta property="og:image:type" content="image/jpeg" />
<meta name="twitter:card" content="summary_large_image" />
<script type="application/ld+json" class="yoast-schema-graph">{"@context":"https:\/\/schema.org","@graph":[{"@type":"WebPage","@id":"https:\/\/revistaidees.cat\/es\/autors\/miriam-cano\/","url":"https:\/\/revistaidees.cat\/es\/autors\/miriam-cano\/","name":"Míriam Cano &#8211; IDEES","isPartOf":{"@id":"https:\/\/revistaidees.cat\/#website"},"primaryImageOfPage":{"@id":"https:\/\/revistaidees.cat\/es\/autors\/miriam-cano\/#primaryimage"},"image":{"@id":"https:\/\/revistaidees.cat\/es\/autors\/miriam-cano\/#primaryimage"},"thumbnailUrl":"https:\/\/i0.wp.com\/revistaidees.cat\/wp-content\/uploads\/2020\/01\/def_Miriam_Cano.jpg?fit=1194%2C818&ssl=1","datePublished":"2020-01-20T16:57:44+00:00","dateModified":"2020-03-12T10:26:11+00:00","breadcrumb":{"@id":"https:\/\/revistaidees.cat\/es\/autors\/miriam-cano\/#breadcrumb"},"inLanguage":"es","potentialAction":[{"@type":"ReadAction","target":["https:\/\/revistaidees.cat\/es\/autors\/miriam-cano\/"]}]},{"@type":"ImageObject","inLanguage":"es","@id":"https:\/\/revistaidees.cat\/es\/autors\/miriam-cano\/#primaryimage","url":"https:\/\/i0.wp.com\/revistaidees.cat\/wp-content\/uploads\/2020\/01\/def_Miriam_Cano.jpg?fit=1194%2C818&ssl=1","contentUrl":"https:\/\/i0.wp.com\/revistaidees.cat\/wp-content\/uploads\/2020\/01\/def_Miriam_Cano.jpg?fit=1194%2C818&ssl=1","width":1194,"height":818,"caption":"Miriam_Cano"},{"@type":"BreadcrumbList","@id":"https:\/\/revistaidees.cat\/es\/autors\/miriam-cano\/#breadcrumb","itemListElement":[{"@type":"ListItem","position":1,"name":"Inici","item":"https:\/\/revistaidees.cat\/es\/"},{"@type":"ListItem","position":2,"name":"Autors","item":"https:\/\/revistaidees.cat\/autors\/"},{"@type":"ListItem","position":3,"name":"Míriam Cano"}]},{"@type":"WebSite","@id":"https:\/\/revistaidees.cat\/#website","url":"https:\/\/revistaidees.cat\/","name":"IDEES","description":"Revista de temas contemporáneos","potentialAction":[{"@type":"SearchAction","target":{"@type":"EntryPoint","urlTemplate":"https:\/\/revistaidees.cat\/?s={search_term_string}"},"query-input":{"@type":"PropertyValueSpecification","valueRequired":true,"valueName":"search_term_string"}}],"inLanguage":"es"}]}</script>
<!-- / Yoast SEO plugin. -->

Míriam Cano &#8211; IDEES

Míriam Cano es poeta, escritora, traductora, profesora de escritura y licenciada en Humanidades. En el 2013 ganó el premio de poesía Martí Dot con su primer libro, Buntsandstein (Viena Ediciones). También es autora de la obra Cremen Cels (LaBreu, 2017) &#8211;escrito junto con Martí Sales y Antònia Vicens&#8211; y del poemario Ancoratge (Ed. Terrícola, 2016). Colabora habitualmente como redactora de cultura y crítica literaria y musical en Nació Digital, Catorze Cultura Viva, Gent Normal o Poetari. Actualmente es crítica literaria en el programa Els experts de iCat y en el Irradiador de Catalunya Radio.

Revista de temas contemporáneos
