{"id":11098,"date":"2020-01-20T17:00:31","date_gmt":"2020-01-20T17:00:31","guid":{"rendered":"https:\/\/revistaidees.cat\/autors\/siri-hustvedt\/"},"modified":"2020-03-12T10:31:39","modified_gmt":"2020-03-12T10:31:39","slug":"siri-hustvedt","status":"publish","type":"autors","link":"https:\/\/revistaidees.cat\/es\/autors\/siri-hustvedt\/","title":{"rendered":"Siri Hustvedt"},"content":{"rendered":"\n<p>Siri Hustvedt es escritora. Es Doctora en Literatura inglesa por la Universidad de Columbia y profesora de Psiquiatr\u00eda en la Facultad de Medicina Weill Cornell de Nueva York. Entre sus novelas, hay t\u00edtulos como <em>Todo cuanto am\u00e9<\/em> (2003; Seix Barral, 2018) o <em>El verano sin hombres<\/em> (Anagrama, 2011). Tanto su obra literaria como su investigaci\u00f3n acad\u00e9mica se centran en la naturaleza de la identidad, la individualidad y la percepci\u00f3n humana. Ha sido galardonada con el Premio Princesa de Asturias de las Letras el a\u00f1o 2019 y, actualmente, imparte docencia y colabora de forma habitual con el <em>New York Times<\/em> y el <em>Psychology Today<\/em>.<\/p>\n","protected":false},"featured_media":5835,"template":"","category_autors":[],"class_list":["post-11098","autors","type-autors","status-publish","has-post-thumbnail","hentry"],"acf":[],"yoast_head":"<!-- This site is optimized with the Yoast SEO plugin v27.4 - https:\/\/yoast.com\/product\/yoast-seo-wordpress\/ -->\n<title>Siri Hustvedt &#8211; IDEES<\/title>\n<meta name=\"robots\" content=\"index, follow, max-snippet:-1, max-image-preview:large, max-video-preview:-1\" \/>\n<link rel=\"canonical\" href=\"https:\/\/revistaidees.cat\/es\/autors\/siri-hustvedt\/\" \/>\n<meta property=\"og:locale\" content=\"es_ES\" \/>\n<meta property=\"og:type\" content=\"article\" \/>\n<meta property=\"og:title\" content=\"Siri Hustvedt &#8211; IDEES\" \/>\n<meta property=\"og:description\" content=\"Siri Hustvedt es escritora. Es Doctora en Literatura inglesa por la Universidad de Columbia y profesora de Psiquiatr\u00eda en la Facultad de Medicina Weill Cornell de Nueva York. Entre sus novelas, hay t\u00edtulos como Todo cuanto am\u00e9 (2003; Seix Barral, 2018) o El verano sin hombres (Anagrama, 2011). Tanto su obra literaria como su investigaci\u00f3n acad\u00e9mica se centran en la naturaleza de la identidad, la individualidad y la percepci\u00f3n humana. Ha sido galardonada con el Premio Princesa de Asturias de las Letras el a\u00f1o 2019 y, actualmente, imparte docencia y colabora de forma habitual con el New York Times y\u2026\" \/>\n<meta property=\"og:url\" content=\"https:\/\/revistaidees.cat\/es\/autors\/siri-hustvedt\/\" \/>\n<meta property=\"og:site_name\" content=\"IDEES\" \/>\n<meta property=\"article:modified_time\" content=\"2020-03-12T10:31:39+00:00\" \/>\n<meta property=\"og:image\" content=\"https:\/\/i0.wp.com\/revistaidees.cat\/wp-content\/uploads\/2020\/01\/def_Siri_Hustvedt.jpg?fit=1319%2C908&ssl=1\" \/>\n\t<meta property=\"og:image:width\" content=\"1319\" \/>\n\t<meta property=\"og:image:height\" content=\"908\" \/>\n\t<meta property=\"og:image:type\" content=\"image\/jpeg\" \/>\n<meta name=\"twitter:card\" content=\"summary_large_image\" \/>\n<meta name=\"twitter:label1\" content=\"Tiempo de lectura\" \/>\n\t<meta name=\"twitter:data1\" content=\"1 minuto\" \/>\n<script type=\"application\/ld+json\" class=\"yoast-schema-graph\">{\"@context\":\"https:\\\/\\\/schema.org\",\"@graph\":[{\"@type\":\"WebPage\",\"@id\":\"https:\\\/\\\/revistaidees.cat\\\/es\\\/autors\\\/siri-hustvedt\\\/\",\"url\":\"https:\\\/\\\/revistaidees.cat\\\/es\\\/autors\\\/siri-hustvedt\\\/\",\"name\":\"Siri Hustvedt &#8211; IDEES\",\"isPartOf\":{\"@id\":\"https:\\\/\\\/revistaidees.cat\\\/#website\"},\"primaryImageOfPage\":{\"@id\":\"https:\\\/\\\/revistaidees.cat\\\/es\\\/autors\\\/siri-hustvedt\\\/#primaryimage\"},\"image\":{\"@id\":\"https:\\\/\\\/revistaidees.cat\\\/es\\\/autors\\\/siri-hustvedt\\\/#primaryimage\"},\"thumbnailUrl\":\"https:\\\/\\\/i0.wp.com\\\/revistaidees.cat\\\/wp-content\\\/uploads\\\/2020\\\/01\\\/def_Siri_Hustvedt.jpg?fit=1319%2C908&ssl=1\",\"datePublished\":\"2020-01-20T17:00:31+00:00\",\"dateModified\":\"2020-03-12T10:31:39+00:00\",\"breadcrumb\":{\"@id\":\"https:\\\/\\\/revistaidees.cat\\\/es\\\/autors\\\/siri-hustvedt\\\/#breadcrumb\"},\"inLanguage\":\"es\",\"potentialAction\":[{\"@type\":\"ReadAction\",\"target\":[\"https:\\\/\\\/revistaidees.cat\\\/es\\\/autors\\\/siri-hustvedt\\\/\"]}]},{\"@type\":\"ImageObject\",\"inLanguage\":\"es\",\"@id\":\"https:\\\/\\\/revistaidees.cat\\\/es\\\/autors\\\/siri-hustvedt\\\/#primaryimage\",\"url\":\"https:\\\/\\\/i0.wp.com\\\/revistaidees.cat\\\/wp-content\\\/uploads\\\/2020\\\/01\\\/def_Siri_Hustvedt.jpg?fit=1319%2C908&ssl=1\",\"contentUrl\":\"https:\\\/\\\/i0.wp.com\\\/revistaidees.cat\\\/wp-content\\\/uploads\\\/2020\\\/01\\\/def_Siri_Hustvedt.jpg?fit=1319%2C908&ssl=1\",\"width\":1319,\"height\":908,\"caption\":\"Siri_Hustvedt\"},{\"@type\":\"BreadcrumbList\",\"@id\":\"https:\\\/\\\/revistaidees.cat\\\/es\\\/autors\\\/siri-hustvedt\\\/#breadcrumb\",\"itemListElement\":[{\"@type\":\"ListItem\",\"position\":1,\"name\":\"Inici\",\"item\":\"https:\\\/\\\/revistaidees.cat\\\/es\\\/\"},{\"@type\":\"ListItem\",\"position\":2,\"name\":\"Autors\",\"item\":\"https:\\\/\\\/revistaidees.cat\\\/autors\\\/\"},{\"@type\":\"ListItem\",\"position\":3,\"name\":\"Siri Hustvedt\"}]},{\"@type\":\"WebSite\",\"@id\":\"https:\\\/\\\/revistaidees.cat\\\/#website\",\"url\":\"https:\\\/\\\/revistaidees.cat\\\/\",\"name\":\"IDEES\",\"description\":\"Revista de temas contempor\u00e1neos\",\"potentialAction\":[{\"@type\":\"SearchAction\",\"target\":{\"@type\":\"EntryPoint\",\"urlTemplate\":\"https:\\\/\\\/revistaidees.cat\\\/?s={search_term_string}\"},\"query-input\":{\"@type\":\"PropertyValueSpecification\",\"valueRequired\":true,\"valueName\":\"search_term_string\"}}],\"inLanguage\":\"es\"}]}<\/script>\n<!-- \/ Yoast SEO plugin. -->","yoast_head_json":{"title":"Siri Hustvedt &#8211; IDEES","robots":{"index":"index","follow":"follow","max-snippet":"max-snippet:-1","max-image-preview":"max-image-preview:large","max-video-preview":"max-video-preview:-1"},"canonical":"https:\/\/revistaidees.cat\/es\/autors\/siri-hustvedt\/","og_locale":"es_ES","og_type":"article","og_title":"Siri Hustvedt &#8211; IDEES","og_description":"Siri Hustvedt es escritora. Es Doctora en Literatura inglesa por la Universidad de Columbia y profesora de Psiquiatr\u00eda en la Facultad de Medicina Weill Cornell de Nueva York. Entre sus novelas, hay t\u00edtulos como Todo cuanto am\u00e9 (2003; Seix Barral, 2018) o El verano sin hombres (Anagrama, 2011). Tanto su obra literaria como su investigaci\u00f3n acad\u00e9mica se centran en la naturaleza de la identidad, la individualidad y la percepci\u00f3n humana. Ha sido galardonada con el Premio Princesa de Asturias de las Letras el a\u00f1o 2019 y, actualmente, imparte docencia y colabora de forma habitual con el New York Times y\u2026","og_url":"https:\/\/revistaidees.cat\/es\/autors\/siri-hustvedt\/","og_site_name":"IDEES","article_modified_time":"2020-03-12T10:31:39+00:00","og_image":[{"width":1319,"height":908,"url":"https:\/\/i0.wp.com\/revistaidees.cat\/wp-content\/uploads\/2020\/01\/def_Siri_Hustvedt.jpg?fit=1319%2C908&ssl=1","type":"image\/jpeg"}],"twitter_card":"summary_large_image","twitter_misc":{"Tiempo de lectura":"1 minuto"},"schema":{"@context":"https:\/\/schema.org","@graph":[{"@type":"WebPage","@id":"https:\/\/revistaidees.cat\/es\/autors\/siri-hustvedt\/","url":"https:\/\/revistaidees.cat\/es\/autors\/siri-hustvedt\/","name":"Siri Hustvedt &#8211; IDEES","isPartOf":{"@id":"https:\/\/revistaidees.cat\/#website"},"primaryImageOfPage":{"@id":"https:\/\/revistaidees.cat\/es\/autors\/siri-hustvedt\/#primaryimage"},"image":{"@id":"https:\/\/revistaidees.cat\/es\/autors\/siri-hustvedt\/#primaryimage"},"thumbnailUrl":"https:\/\/i0.wp.com\/revistaidees.cat\/wp-content\/uploads\/2020\/01\/def_Siri_Hustvedt.jpg?fit=1319%2C908&ssl=1","datePublished":"2020-01-20T17:00:31+00:00","dateModified":"2020-03-12T10:31:39+00:00","breadcrumb":{"@id":"https:\/\/revistaidees.cat\/es\/autors\/siri-hustvedt\/#breadcrumb"},"inLanguage":"es","potentialAction":[{"@type":"ReadAction","target":["https:\/\/revistaidees.cat\/es\/autors\/siri-hustvedt\/"]}]},{"@type":"ImageObject","inLanguage":"es","@id":"https:\/\/revistaidees.cat\/es\/autors\/siri-hustvedt\/#primaryimage","url":"https:\/\/i0.wp.com\/revistaidees.cat\/wp-content\/uploads\/2020\/01\/def_Siri_Hustvedt.jpg?fit=1319%2C908&ssl=1","contentUrl":"https:\/\/i0.wp.com\/revistaidees.cat\/wp-content\/uploads\/2020\/01\/def_Siri_Hustvedt.jpg?fit=1319%2C908&ssl=1","width":1319,"height":908,"caption":"Siri_Hustvedt"},{"@type":"BreadcrumbList","@id":"https:\/\/revistaidees.cat\/es\/autors\/siri-hustvedt\/#breadcrumb","itemListElement":[{"@type":"ListItem","position":1,"name":"Inici","item":"https:\/\/revistaidees.cat\/es\/"},{"@type":"ListItem","position":2,"name":"Autors","item":"https:\/\/revistaidees.cat\/autors\/"},{"@type":"ListItem","position":3,"name":"Siri Hustvedt"}]},{"@type":"WebSite","@id":"https:\/\/revistaidees.cat\/#website","url":"https:\/\/revistaidees.cat\/","name":"IDEES","description":"Revista de temas contempor\u00e1neos","potentialAction":[{"@type":"SearchAction","target":{"@type":"EntryPoint","urlTemplate":"https:\/\/revistaidees.cat\/?s={search_term_string}"},"query-input":{"@type":"PropertyValueSpecification","valueRequired":true,"valueName":"search_term_string"}}],"inLanguage":"es"}]}},"jetpack_sharing_enabled":true,"_links":{"self":[{"href":"https:\/\/revistaidees.cat\/es\/wp-json\/wp\/v2\/autors\/11098","targetHints":{"allow":["GET"]}}],"collection":[{"href":"https:\/\/revistaidees.cat\/es\/wp-json\/wp\/v2\/autors"}],"about":[{"href":"https:\/\/revistaidees.cat\/es\/wp-json\/wp\/v2\/types\/autors"}],"version-history":[{"count":1,"href":"https:\/\/revistaidees.cat\/es\/wp-json\/wp\/v2\/autors\/11098\/revisions"}],"predecessor-version":[{"id":11100,"href":"https:\/\/revistaidees.cat\/es\/wp-json\/wp\/v2\/autors\/11098\/revisions\/11100"}],"wp:featuredmedia":[{"embeddable":true,"href":"https:\/\/revistaidees.cat\/es\/wp-json\/wp\/v2\/media\/5835"}],"wp:attachment":[{"href":"https:\/\/revistaidees.cat\/es\/wp-json\/wp\/v2\/media?parent=11098"}],"wp:term":[{"taxonomy":"category_autors","embeddable":true,"href":"https:\/\/revistaidees.cat\/es\/wp-json\/wp\/v2\/category_autors?post=11098"}],"curies":[{"name":"wp","href":"https:\/\/api.w.org\/{rel}","templated":true}]}}

<p>Siri Hustvedt es escritora. Es Doctora en Literatura inglesa por la Universidad de Columbia y profesora de Psiquiatría en la Facultad de Medicina Weill Cornell de Nueva York. Entre sus novelas, hay títulos como <em>Todo cuanto amé</em> (2003; Seix Barral, 2018) o <em>El verano sin hombres</em> (Anagrama, 2011). Tanto su obra literaria como su investigación académica se centran en la naturaleza de la identidad, la individualidad y la percepción humana. Ha sido galardonada con el Premio Princesa de Asturias de las Letras el año 2019 y, actualmente, imparte docencia y colabora de forma habitual con el <em>New York Times</em> y el <em>Psychology Today</em>.</p>

<!-- This site is optimized with the Yoast SEO plugin v27.4 - https://yoast.com/product/yoast-seo-wordpress/ -->
<title>Siri Hustvedt &#8211; IDEES</title>
<meta name="robots" content="index, follow, max-snippet:-1, max-image-preview:large, max-video-preview:-1" />
<link rel="canonical" href="https://revistaidees.cat/es/autors/siri-hustvedt/" />
<meta property="og:locale" content="es_ES" />
<meta property="og:type" content="article" />
<meta property="og:title" content="Siri Hustvedt &#8211; IDEES" />
<meta property="og:description" content="Siri Hustvedt es escritora. Es Doctora en Literatura inglesa por la Universidad de Columbia y profesora de Psiquiatría en la Facultad de Medicina Weill Cornell de Nueva York. Entre sus novelas, hay títulos como Todo cuanto amé (2003; Seix Barral, 2018) o El verano sin hombres (Anagrama, 2011). Tanto su obra literaria como su investigación académica se centran en la naturaleza de la identidad, la individualidad y la percepción humana. Ha sido galardonada con el Premio Princesa de Asturias de las Letras el año 2019 y, actualmente, imparte docencia y colabora de forma habitual con el New York Times y…" />
<meta property="og:url" content="https://revistaidees.cat/es/autors/siri-hustvedt/" />
<meta property="og:site_name" content="IDEES" />
<meta property="article:modified_time" content="2020-03-12T10:31:39+00:00" />
<meta property="og:image" content="https://i0.wp.com/revistaidees.cat/wp-content/uploads/2020/01/def_Siri_Hustvedt.jpg?fit=1319%2C908&ssl=1" />
	<meta property="og:image:width" content="1319" />
	<meta property="og:image:height" content="908" />
	<meta property="og:image:type" content="image/jpeg" />
<meta name="twitter:card" content="summary_large_image" />
<meta name="twitter:label1" content="Tiempo de lectura" />
	<meta name="twitter:data1" content="1 minuto" />
<script type="application/ld+json" class="yoast-schema-graph">{"@context":"https:\/\/schema.org","@graph":[{"@type":"WebPage","@id":"https:\/\/revistaidees.cat\/es\/autors\/siri-hustvedt\/","url":"https:\/\/revistaidees.cat\/es\/autors\/siri-hustvedt\/","name":"Siri Hustvedt &#8211; IDEES","isPartOf":{"@id":"https:\/\/revistaidees.cat\/#website"},"primaryImageOfPage":{"@id":"https:\/\/revistaidees.cat\/es\/autors\/siri-hustvedt\/#primaryimage"},"image":{"@id":"https:\/\/revistaidees.cat\/es\/autors\/siri-hustvedt\/#primaryimage"},"thumbnailUrl":"https:\/\/i0.wp.com\/revistaidees.cat\/wp-content\/uploads\/2020\/01\/def_Siri_Hustvedt.jpg?fit=1319%2C908&ssl=1","datePublished":"2020-01-20T17:00:31+00:00","dateModified":"2020-03-12T10:31:39+00:00","breadcrumb":{"@id":"https:\/\/revistaidees.cat\/es\/autors\/siri-hustvedt\/#breadcrumb"},"inLanguage":"es","potentialAction":[{"@type":"ReadAction","target":["https:\/\/revistaidees.cat\/es\/autors\/siri-hustvedt\/"]}]},{"@type":"ImageObject","inLanguage":"es","@id":"https:\/\/revistaidees.cat\/es\/autors\/siri-hustvedt\/#primaryimage","url":"https:\/\/i0.wp.com\/revistaidees.cat\/wp-content\/uploads\/2020\/01\/def_Siri_Hustvedt.jpg?fit=1319%2C908&ssl=1","contentUrl":"https:\/\/i0.wp.com\/revistaidees.cat\/wp-content\/uploads\/2020\/01\/def_Siri_Hustvedt.jpg?fit=1319%2C908&ssl=1","width":1319,"height":908,"caption":"Siri_Hustvedt"},{"@type":"BreadcrumbList","@id":"https:\/\/revistaidees.cat\/es\/autors\/siri-hustvedt\/#breadcrumb","itemListElement":[{"@type":"ListItem","position":1,"name":"Inici","item":"https:\/\/revistaidees.cat\/es\/"},{"@type":"ListItem","position":2,"name":"Autors","item":"https:\/\/revistaidees.cat\/autors\/"},{"@type":"ListItem","position":3,"name":"Siri Hustvedt"}]},{"@type":"WebSite","@id":"https:\/\/revistaidees.cat\/#website","url":"https:\/\/revistaidees.cat\/","name":"IDEES","description":"Revista de temas contemporáneos","potentialAction":[{"@type":"SearchAction","target":{"@type":"EntryPoint","urlTemplate":"https:\/\/revistaidees.cat\/?s={search_term_string}"},"query-input":{"@type":"PropertyValueSpecification","valueRequired":true,"valueName":"search_term_string"}}],"inLanguage":"es"}]}</script>
<!-- / Yoast SEO plugin. -->

Siri Hustvedt es escritora. Es Doctora en Literatura inglesa por la Universidad de Columbia y profesora de Psiquiatría en la Facultad de Medicina Weill Cornell de Nueva York. Entre sus novelas, hay títulos como Todo cuanto amé (2003; Seix Barral, 2018) o El verano sin hombres (Anagrama, 2011). Tanto su obra literaria como su investigación académica se centran en la naturaleza de la identidad, la individualidad y la percepción humana. Ha sido galardonada con el Premio Princesa de Asturias de las Letras el año 2019 y, actualmente, imparte docencia y colabora de forma habitual con el New York Times y…

Revista de temas contemporáneos
