{"id":11159,"date":"2020-01-09T15:29:00","date_gmt":"2020-01-09T15:29:00","guid":{"rendered":"https:\/\/revistaidees.cat\/autors\/clara-camps-calvet\/"},"modified":"2020-03-12T11:51:59","modified_gmt":"2020-03-12T11:51:59","slug":"clara-camps-calvet","status":"publish","type":"autors","link":"https:\/\/revistaidees.cat\/es\/autors\/clara-camps-calvet\/","title":{"rendered":"Clara Camps Calvet"},"content":{"rendered":"\n<p>Clara Camps Calvet es profesora de Sociolog\u00eda en la Universidad de Barcelona y en la Universidad de Girona. Tambi\u00e9n es integrante del Grupo COPOLIS de la UB. Ha llevado a cabo investigaci\u00f3n y docencia en tres grandes \u00e1mbitos: represi\u00f3n, movimientos sociales y cambio social y g\u00e9nero y control punitivo. Ha publicado los resultados de sus estudios tanto en publicaciones de tipo\u00a0acad\u00e9mico como de divulgaci\u00f3n social. Ha participado en diferentes movimientos sociales de la ciudad de Barcelona, entre los cuales el movimiento en defensa por la universidad p\u00fablica.<\/p>\n","protected":false},"featured_media":2762,"template":"","category_autors":[],"class_list":["post-11159","autors","type-autors","status-publish","has-post-thumbnail","hentry"],"acf":[],"yoast_head":"<!-- This site is optimized with the Yoast SEO plugin v27.4 - https:\/\/yoast.com\/product\/yoast-seo-wordpress\/ -->\n<title>Clara Camps Calvet &#8211; IDEES<\/title>\n<meta name=\"robots\" content=\"index, follow, max-snippet:-1, max-image-preview:large, max-video-preview:-1\" \/>\n<link rel=\"canonical\" href=\"https:\/\/revistaidees.cat\/es\/autors\/clara-camps-calvet\/\" \/>\n<meta property=\"og:locale\" content=\"es_ES\" \/>\n<meta property=\"og:type\" content=\"article\" \/>\n<meta property=\"og:title\" content=\"Clara Camps Calvet &#8211; IDEES\" \/>\n<meta property=\"og:description\" content=\"Clara Camps Calvet es profesora de Sociolog\u00eda en la Universidad de Barcelona y en la Universidad de Girona. Tambi\u00e9n es integrante del Grupo COPOLIS de la UB. Ha llevado a cabo investigaci\u00f3n y docencia en tres grandes \u00e1mbitos: represi\u00f3n, movimientos sociales y cambio social y g\u00e9nero y control punitivo. Ha publicado los resultados de sus estudios tanto en publicaciones de tipo\u00a0acad\u00e9mico como de divulgaci\u00f3n social. Ha participado en diferentes movimientos sociales de la ciudad de Barcelona, entre los cuales el movimiento en defensa por la universidad p\u00fablica.\" \/>\n<meta property=\"og:url\" content=\"https:\/\/revistaidees.cat\/es\/autors\/clara-camps-calvet\/\" \/>\n<meta property=\"og:site_name\" content=\"IDEES\" \/>\n<meta property=\"article:modified_time\" content=\"2020-03-12T11:51:59+00:00\" \/>\n<meta property=\"og:image\" content=\"https:\/\/i0.wp.com\/revistaidees.cat\/wp-content\/uploads\/2020\/01\/def_Clara_Camps.jpg?fit=252%2C196&ssl=1\" \/>\n\t<meta property=\"og:image:width\" content=\"252\" \/>\n\t<meta property=\"og:image:height\" content=\"196\" \/>\n\t<meta property=\"og:image:type\" content=\"image\/jpeg\" \/>\n<meta name=\"twitter:card\" content=\"summary_large_image\" \/>\n<script type=\"application\/ld+json\" class=\"yoast-schema-graph\">{\"@context\":\"https:\\\/\\\/schema.org\",\"@graph\":[{\"@type\":\"WebPage\",\"@id\":\"https:\\\/\\\/revistaidees.cat\\\/es\\\/autors\\\/clara-camps-calvet\\\/\",\"url\":\"https:\\\/\\\/revistaidees.cat\\\/es\\\/autors\\\/clara-camps-calvet\\\/\",\"name\":\"Clara Camps Calvet &#8211; IDEES\",\"isPartOf\":{\"@id\":\"https:\\\/\\\/revistaidees.cat\\\/#website\"},\"primaryImageOfPage\":{\"@id\":\"https:\\\/\\\/revistaidees.cat\\\/es\\\/autors\\\/clara-camps-calvet\\\/#primaryimage\"},\"image\":{\"@id\":\"https:\\\/\\\/revistaidees.cat\\\/es\\\/autors\\\/clara-camps-calvet\\\/#primaryimage\"},\"thumbnailUrl\":\"https:\\\/\\\/i0.wp.com\\\/revistaidees.cat\\\/wp-content\\\/uploads\\\/2020\\\/01\\\/def_Clara_Camps.jpg?fit=252%2C196&ssl=1\",\"datePublished\":\"2020-01-09T15:29:00+00:00\",\"dateModified\":\"2020-03-12T11:51:59+00:00\",\"breadcrumb\":{\"@id\":\"https:\\\/\\\/revistaidees.cat\\\/es\\\/autors\\\/clara-camps-calvet\\\/#breadcrumb\"},\"inLanguage\":\"es\",\"potentialAction\":[{\"@type\":\"ReadAction\",\"target\":[\"https:\\\/\\\/revistaidees.cat\\\/es\\\/autors\\\/clara-camps-calvet\\\/\"]}]},{\"@type\":\"ImageObject\",\"inLanguage\":\"es\",\"@id\":\"https:\\\/\\\/revistaidees.cat\\\/es\\\/autors\\\/clara-camps-calvet\\\/#primaryimage\",\"url\":\"https:\\\/\\\/i0.wp.com\\\/revistaidees.cat\\\/wp-content\\\/uploads\\\/2020\\\/01\\\/def_Clara_Camps.jpg?fit=252%2C196&ssl=1\",\"contentUrl\":\"https:\\\/\\\/i0.wp.com\\\/revistaidees.cat\\\/wp-content\\\/uploads\\\/2020\\\/01\\\/def_Clara_Camps.jpg?fit=252%2C196&ssl=1\",\"width\":252,\"height\":196,\"caption\":\"Clara_Camps\"},{\"@type\":\"BreadcrumbList\",\"@id\":\"https:\\\/\\\/revistaidees.cat\\\/es\\\/autors\\\/clara-camps-calvet\\\/#breadcrumb\",\"itemListElement\":[{\"@type\":\"ListItem\",\"position\":1,\"name\":\"Inici\",\"item\":\"https:\\\/\\\/revistaidees.cat\\\/es\\\/\"},{\"@type\":\"ListItem\",\"position\":2,\"name\":\"Autors\",\"item\":\"https:\\\/\\\/revistaidees.cat\\\/autors\\\/\"},{\"@type\":\"ListItem\",\"position\":3,\"name\":\"Clara Camps Calvet\"}]},{\"@type\":\"WebSite\",\"@id\":\"https:\\\/\\\/revistaidees.cat\\\/#website\",\"url\":\"https:\\\/\\\/revistaidees.cat\\\/\",\"name\":\"IDEES\",\"description\":\"Revista de temas contempor\u00e1neos\",\"potentialAction\":[{\"@type\":\"SearchAction\",\"target\":{\"@type\":\"EntryPoint\",\"urlTemplate\":\"https:\\\/\\\/revistaidees.cat\\\/?s={search_term_string}\"},\"query-input\":{\"@type\":\"PropertyValueSpecification\",\"valueRequired\":true,\"valueName\":\"search_term_string\"}}],\"inLanguage\":\"es\"}]}<\/script>\n<!-- \/ Yoast SEO plugin. -->","yoast_head_json":{"title":"Clara Camps Calvet &#8211; IDEES","robots":{"index":"index","follow":"follow","max-snippet":"max-snippet:-1","max-image-preview":"max-image-preview:large","max-video-preview":"max-video-preview:-1"},"canonical":"https:\/\/revistaidees.cat\/es\/autors\/clara-camps-calvet\/","og_locale":"es_ES","og_type":"article","og_title":"Clara Camps Calvet &#8211; IDEES","og_description":"Clara Camps Calvet es profesora de Sociolog\u00eda en la Universidad de Barcelona y en la Universidad de Girona. Tambi\u00e9n es integrante del Grupo COPOLIS de la UB. Ha llevado a cabo investigaci\u00f3n y docencia en tres grandes \u00e1mbitos: represi\u00f3n, movimientos sociales y cambio social y g\u00e9nero y control punitivo. Ha publicado los resultados de sus estudios tanto en publicaciones de tipo\u00a0acad\u00e9mico como de divulgaci\u00f3n social. Ha participado en diferentes movimientos sociales de la ciudad de Barcelona, entre los cuales el movimiento en defensa por la universidad p\u00fablica.","og_url":"https:\/\/revistaidees.cat\/es\/autors\/clara-camps-calvet\/","og_site_name":"IDEES","article_modified_time":"2020-03-12T11:51:59+00:00","og_image":[{"width":252,"height":196,"url":"https:\/\/i0.wp.com\/revistaidees.cat\/wp-content\/uploads\/2020\/01\/def_Clara_Camps.jpg?fit=252%2C196&ssl=1","type":"image\/jpeg"}],"twitter_card":"summary_large_image","schema":{"@context":"https:\/\/schema.org","@graph":[{"@type":"WebPage","@id":"https:\/\/revistaidees.cat\/es\/autors\/clara-camps-calvet\/","url":"https:\/\/revistaidees.cat\/es\/autors\/clara-camps-calvet\/","name":"Clara Camps Calvet &#8211; IDEES","isPartOf":{"@id":"https:\/\/revistaidees.cat\/#website"},"primaryImageOfPage":{"@id":"https:\/\/revistaidees.cat\/es\/autors\/clara-camps-calvet\/#primaryimage"},"image":{"@id":"https:\/\/revistaidees.cat\/es\/autors\/clara-camps-calvet\/#primaryimage"},"thumbnailUrl":"https:\/\/i0.wp.com\/revistaidees.cat\/wp-content\/uploads\/2020\/01\/def_Clara_Camps.jpg?fit=252%2C196&ssl=1","datePublished":"2020-01-09T15:29:00+00:00","dateModified":"2020-03-12T11:51:59+00:00","breadcrumb":{"@id":"https:\/\/revistaidees.cat\/es\/autors\/clara-camps-calvet\/#breadcrumb"},"inLanguage":"es","potentialAction":[{"@type":"ReadAction","target":["https:\/\/revistaidees.cat\/es\/autors\/clara-camps-calvet\/"]}]},{"@type":"ImageObject","inLanguage":"es","@id":"https:\/\/revistaidees.cat\/es\/autors\/clara-camps-calvet\/#primaryimage","url":"https:\/\/i0.wp.com\/revistaidees.cat\/wp-content\/uploads\/2020\/01\/def_Clara_Camps.jpg?fit=252%2C196&ssl=1","contentUrl":"https:\/\/i0.wp.com\/revistaidees.cat\/wp-content\/uploads\/2020\/01\/def_Clara_Camps.jpg?fit=252%2C196&ssl=1","width":252,"height":196,"caption":"Clara_Camps"},{"@type":"BreadcrumbList","@id":"https:\/\/revistaidees.cat\/es\/autors\/clara-camps-calvet\/#breadcrumb","itemListElement":[{"@type":"ListItem","position":1,"name":"Inici","item":"https:\/\/revistaidees.cat\/es\/"},{"@type":"ListItem","position":2,"name":"Autors","item":"https:\/\/revistaidees.cat\/autors\/"},{"@type":"ListItem","position":3,"name":"Clara Camps Calvet"}]},{"@type":"WebSite","@id":"https:\/\/revistaidees.cat\/#website","url":"https:\/\/revistaidees.cat\/","name":"IDEES","description":"Revista de temas contempor\u00e1neos","potentialAction":[{"@type":"SearchAction","target":{"@type":"EntryPoint","urlTemplate":"https:\/\/revistaidees.cat\/?s={search_term_string}"},"query-input":{"@type":"PropertyValueSpecification","valueRequired":true,"valueName":"search_term_string"}}],"inLanguage":"es"}]}},"jetpack_sharing_enabled":true,"_links":{"self":[{"href":"https:\/\/revistaidees.cat\/es\/wp-json\/wp\/v2\/autors\/11159","targetHints":{"allow":["GET"]}}],"collection":[{"href":"https:\/\/revistaidees.cat\/es\/wp-json\/wp\/v2\/autors"}],"about":[{"href":"https:\/\/revistaidees.cat\/es\/wp-json\/wp\/v2\/types\/autors"}],"version-history":[{"count":1,"href":"https:\/\/revistaidees.cat\/es\/wp-json\/wp\/v2\/autors\/11159\/revisions"}],"predecessor-version":[{"id":11161,"href":"https:\/\/revistaidees.cat\/es\/wp-json\/wp\/v2\/autors\/11159\/revisions\/11161"}],"wp:featuredmedia":[{"embeddable":true,"href":"https:\/\/revistaidees.cat\/es\/wp-json\/wp\/v2\/media\/2762"}],"wp:attachment":[{"href":"https:\/\/revistaidees.cat\/es\/wp-json\/wp\/v2\/media?parent=11159"}],"wp:term":[{"taxonomy":"category_autors","embeddable":true,"href":"https:\/\/revistaidees.cat\/es\/wp-json\/wp\/v2\/category_autors?post=11159"}],"curies":[{"name":"wp","href":"https:\/\/api.w.org\/{rel}","templated":true}]}}

<p>Clara Camps Calvet es profesora de Sociología en la Universidad de Barcelona y en la Universidad de Girona. También es integrante del Grupo COPOLIS de la UB. Ha llevado a cabo investigación y docencia en tres grandes ámbitos: represión, movimientos sociales y cambio social y género y control punitivo. Ha publicado los resultados de sus estudios tanto en publicaciones de tipo académico como de divulgación social. Ha participado en diferentes movimientos sociales de la ciudad de Barcelona, entre los cuales el movimiento en defensa por la universidad pública.</p>

<!-- This site is optimized with the Yoast SEO plugin v27.4 - https://yoast.com/product/yoast-seo-wordpress/ -->
<title>Clara Camps Calvet &#8211; IDEES</title>
<meta name="robots" content="index, follow, max-snippet:-1, max-image-preview:large, max-video-preview:-1" />
<link rel="canonical" href="https://revistaidees.cat/es/autors/clara-camps-calvet/" />
<meta property="og:locale" content="es_ES" />
<meta property="og:type" content="article" />
<meta property="og:title" content="Clara Camps Calvet &#8211; IDEES" />
<meta property="og:description" content="Clara Camps Calvet es profesora de Sociología en la Universidad de Barcelona y en la Universidad de Girona. También es integrante del Grupo COPOLIS de la UB. Ha llevado a cabo investigación y docencia en tres grandes ámbitos: represión, movimientos sociales y cambio social y género y control punitivo. Ha publicado los resultados de sus estudios tanto en publicaciones de tipo académico como de divulgación social. Ha participado en diferentes movimientos sociales de la ciudad de Barcelona, entre los cuales el movimiento en defensa por la universidad pública." />
<meta property="og:url" content="https://revistaidees.cat/es/autors/clara-camps-calvet/" />
<meta property="og:site_name" content="IDEES" />
<meta property="article:modified_time" content="2020-03-12T11:51:59+00:00" />
<meta property="og:image" content="https://i0.wp.com/revistaidees.cat/wp-content/uploads/2020/01/def_Clara_Camps.jpg?fit=252%2C196&ssl=1" />
	<meta property="og:image:width" content="252" />
	<meta property="og:image:height" content="196" />
	<meta property="og:image:type" content="image/jpeg" />
<meta name="twitter:card" content="summary_large_image" />
<script type="application/ld+json" class="yoast-schema-graph">{"@context":"https:\/\/schema.org","@graph":[{"@type":"WebPage","@id":"https:\/\/revistaidees.cat\/es\/autors\/clara-camps-calvet\/","url":"https:\/\/revistaidees.cat\/es\/autors\/clara-camps-calvet\/","name":"Clara Camps Calvet &#8211; IDEES","isPartOf":{"@id":"https:\/\/revistaidees.cat\/#website"},"primaryImageOfPage":{"@id":"https:\/\/revistaidees.cat\/es\/autors\/clara-camps-calvet\/#primaryimage"},"image":{"@id":"https:\/\/revistaidees.cat\/es\/autors\/clara-camps-calvet\/#primaryimage"},"thumbnailUrl":"https:\/\/i0.wp.com\/revistaidees.cat\/wp-content\/uploads\/2020\/01\/def_Clara_Camps.jpg?fit=252%2C196&ssl=1","datePublished":"2020-01-09T15:29:00+00:00","dateModified":"2020-03-12T11:51:59+00:00","breadcrumb":{"@id":"https:\/\/revistaidees.cat\/es\/autors\/clara-camps-calvet\/#breadcrumb"},"inLanguage":"es","potentialAction":[{"@type":"ReadAction","target":["https:\/\/revistaidees.cat\/es\/autors\/clara-camps-calvet\/"]}]},{"@type":"ImageObject","inLanguage":"es","@id":"https:\/\/revistaidees.cat\/es\/autors\/clara-camps-calvet\/#primaryimage","url":"https:\/\/i0.wp.com\/revistaidees.cat\/wp-content\/uploads\/2020\/01\/def_Clara_Camps.jpg?fit=252%2C196&ssl=1","contentUrl":"https:\/\/i0.wp.com\/revistaidees.cat\/wp-content\/uploads\/2020\/01\/def_Clara_Camps.jpg?fit=252%2C196&ssl=1","width":252,"height":196,"caption":"Clara_Camps"},{"@type":"BreadcrumbList","@id":"https:\/\/revistaidees.cat\/es\/autors\/clara-camps-calvet\/#breadcrumb","itemListElement":[{"@type":"ListItem","position":1,"name":"Inici","item":"https:\/\/revistaidees.cat\/es\/"},{"@type":"ListItem","position":2,"name":"Autors","item":"https:\/\/revistaidees.cat\/autors\/"},{"@type":"ListItem","position":3,"name":"Clara Camps Calvet"}]},{"@type":"WebSite","@id":"https:\/\/revistaidees.cat\/#website","url":"https:\/\/revistaidees.cat\/","name":"IDEES","description":"Revista de temas contemporáneos","potentialAction":[{"@type":"SearchAction","target":{"@type":"EntryPoint","urlTemplate":"https:\/\/revistaidees.cat\/?s={search_term_string}"},"query-input":{"@type":"PropertyValueSpecification","valueRequired":true,"valueName":"search_term_string"}}],"inLanguage":"es"}]}</script>
<!-- / Yoast SEO plugin. -->

Clara Camps Calvet es profesora de Sociología en la Universidad de Barcelona y en la Universidad de Girona. También es integrante del Grupo COPOLIS de la UB. Ha llevado a cabo investigación y docencia en tres grandes ámbitos: represión, movimientos sociales y cambio social y género y control punitivo. Ha publicado los resultados de sus estudios tanto en publicaciones de tipo académico como de divulgación social. Ha participado en diferentes movimientos sociales de la ciudad de Barcelona, entre los cuales el movimiento en defensa por la universidad pública.

Revista de temas contemporáneos
