{"id":11190,"date":"2020-01-10T13:15:31","date_gmt":"2020-01-10T13:15:31","guid":{"rendered":"https:\/\/revistaidees.cat\/autors\/__trashed-2\/"},"modified":"2020-03-12T13:57:27","modified_gmt":"2020-03-12T13:57:27","slug":"__trashed-2","status":"publish","type":"autors","link":"https:\/\/revistaidees.cat\/es\/autors\/__trashed-2\/","title":{"rendered":"Bel Olid"},"content":{"rendered":"\n<p>Bel Olid es escritora, traductora y activista feminista. Es profesora del Departamento de Filolog\u00eda Catalana en la Universidad Aut\u00f3noma de Barcelona y colabora habitualmente en varios medios de comunicaci\u00f3n como Naci\u00f3 Digital o El Temps. Tambi\u00e9n preside la Asociaci\u00f3n de Escritores en Lengua Catalana. Es autora de <em>Feminismo de bolsillo: kit de supervivencia<\/em> (2017), <em>Vides aturades<\/em> (2017)  y la obra recientemente publicada <em>\u00bfFollamos? De qu\u00e9 (no) hablamos cuando hablamos de sexualidade<\/em>s (2019). Tambi\u00e9n ha publicado obras de literatura infantil y juvenil, narraciones cortas y reflexiones te\u00f3ricas como <em>Las hero\u00ednas contraatacan<\/em> (2011), un ensayo donde analiza los roles de g\u00e9nero en la literatura infantil y con el que gan\u00f3 el Premio Rovell\u00f3 de ensayo infantil y juvenil.<\/p>\n","protected":false},"featured_media":3003,"template":"","category_autors":[],"class_list":["post-11190","autors","type-autors","status-publish","has-post-thumbnail","hentry"],"acf":[],"yoast_head":"<!-- This site is optimized with the Yoast SEO plugin v27.5 - https:\/\/yoast.com\/product\/yoast-seo-wordpress\/ -->\n<title>Bel Olid &#8211; IDEES<\/title>\n<meta name=\"robots\" content=\"index, follow, max-snippet:-1, max-image-preview:large, max-video-preview:-1\" \/>\n<link rel=\"canonical\" href=\"https:\/\/revistaidees.cat\/es\/autors\/__trashed-2\/\" \/>\n<meta property=\"og:locale\" content=\"es_ES\" \/>\n<meta property=\"og:type\" content=\"article\" \/>\n<meta property=\"og:title\" content=\"Bel Olid &#8211; IDEES\" \/>\n<meta property=\"og:description\" content=\"Bel Olid es escritora, traductora y activista feminista. Es profesora del Departamento de Filolog\u00eda Catalana en la Universidad Aut\u00f3noma de Barcelona y colabora habitualmente en varios medios de comunicaci\u00f3n como Naci\u00f3 Digital o El Temps. Tambi\u00e9n preside la Asociaci\u00f3n de Escritores en Lengua Catalana. Es autora de Feminismo de bolsillo: kit de supervivencia (2017), Vides aturades (2017) y la obra recientemente publicada \u00bfFollamos? De qu\u00e9 (no) hablamos cuando hablamos de sexualidades (2019). Tambi\u00e9n ha publicado obras de literatura infantil y juvenil, narraciones cortas y reflexiones te\u00f3ricas como Las hero\u00ednas contraatacan (2011), un ensayo donde analiza los roles de g\u00e9nero en\u2026\" \/>\n<meta property=\"og:url\" content=\"https:\/\/revistaidees.cat\/es\/autors\/__trashed-2\/\" \/>\n<meta property=\"og:site_name\" content=\"IDEES\" \/>\n<meta property=\"article:modified_time\" content=\"2020-03-12T13:57:27+00:00\" \/>\n<meta property=\"og:image\" content=\"https:\/\/i0.wp.com\/revistaidees.cat\/wp-content\/uploads\/2020\/01\/def_Bel_Olid.jpeg?fit=1477%2C1010&ssl=1\" \/>\n\t<meta property=\"og:image:width\" content=\"1477\" \/>\n\t<meta property=\"og:image:height\" content=\"1010\" \/>\n\t<meta property=\"og:image:type\" content=\"image\/jpeg\" \/>\n<meta name=\"twitter:card\" content=\"summary_large_image\" \/>\n<meta name=\"twitter:label1\" content=\"Tiempo de lectura\" \/>\n\t<meta name=\"twitter:data1\" content=\"1 minuto\" \/>\n<script type=\"application\/ld+json\" class=\"yoast-schema-graph\">{\"@context\":\"https:\\\/\\\/schema.org\",\"@graph\":[{\"@type\":\"WebPage\",\"@id\":\"https:\\\/\\\/revistaidees.cat\\\/es\\\/autors\\\/__trashed-2\\\/\",\"url\":\"https:\\\/\\\/revistaidees.cat\\\/es\\\/autors\\\/__trashed-2\\\/\",\"name\":\"Bel Olid &#8211; IDEES\",\"isPartOf\":{\"@id\":\"https:\\\/\\\/revistaidees.cat\\\/#website\"},\"primaryImageOfPage\":{\"@id\":\"https:\\\/\\\/revistaidees.cat\\\/es\\\/autors\\\/__trashed-2\\\/#primaryimage\"},\"image\":{\"@id\":\"https:\\\/\\\/revistaidees.cat\\\/es\\\/autors\\\/__trashed-2\\\/#primaryimage\"},\"thumbnailUrl\":\"https:\\\/\\\/i0.wp.com\\\/revistaidees.cat\\\/wp-content\\\/uploads\\\/2020\\\/01\\\/def_Bel_Olid.jpeg?fit=1477%2C1010&ssl=1\",\"datePublished\":\"2020-01-10T13:15:31+00:00\",\"dateModified\":\"2020-03-12T13:57:27+00:00\",\"breadcrumb\":{\"@id\":\"https:\\\/\\\/revistaidees.cat\\\/es\\\/autors\\\/__trashed-2\\\/#breadcrumb\"},\"inLanguage\":\"es\",\"potentialAction\":[{\"@type\":\"ReadAction\",\"target\":[\"https:\\\/\\\/revistaidees.cat\\\/es\\\/autors\\\/__trashed-2\\\/\"]}]},{\"@type\":\"ImageObject\",\"inLanguage\":\"es\",\"@id\":\"https:\\\/\\\/revistaidees.cat\\\/es\\\/autors\\\/__trashed-2\\\/#primaryimage\",\"url\":\"https:\\\/\\\/i0.wp.com\\\/revistaidees.cat\\\/wp-content\\\/uploads\\\/2020\\\/01\\\/def_Bel_Olid.jpeg?fit=1477%2C1010&ssl=1\",\"contentUrl\":\"https:\\\/\\\/i0.wp.com\\\/revistaidees.cat\\\/wp-content\\\/uploads\\\/2020\\\/01\\\/def_Bel_Olid.jpeg?fit=1477%2C1010&ssl=1\",\"width\":1477,\"height\":1010,\"caption\":\"Maria Codina\"},{\"@type\":\"BreadcrumbList\",\"@id\":\"https:\\\/\\\/revistaidees.cat\\\/es\\\/autors\\\/__trashed-2\\\/#breadcrumb\",\"itemListElement\":[{\"@type\":\"ListItem\",\"position\":1,\"name\":\"Inici\",\"item\":\"https:\\\/\\\/revistaidees.cat\\\/es\\\/\"},{\"@type\":\"ListItem\",\"position\":2,\"name\":\"Autors\",\"item\":\"https:\\\/\\\/revistaidees.cat\\\/autors\\\/\"},{\"@type\":\"ListItem\",\"position\":3,\"name\":\"Bel Olid\"}]},{\"@type\":\"WebSite\",\"@id\":\"https:\\\/\\\/revistaidees.cat\\\/#website\",\"url\":\"https:\\\/\\\/revistaidees.cat\\\/\",\"name\":\"IDEES\",\"description\":\"Revista de temas contempor\u00e1neos\",\"potentialAction\":[{\"@type\":\"SearchAction\",\"target\":{\"@type\":\"EntryPoint\",\"urlTemplate\":\"https:\\\/\\\/revistaidees.cat\\\/?s={search_term_string}\"},\"query-input\":{\"@type\":\"PropertyValueSpecification\",\"valueRequired\":true,\"valueName\":\"search_term_string\"}}],\"inLanguage\":\"es\"}]}<\/script>\n<!-- \/ Yoast SEO plugin. -->","yoast_head_json":{"title":"Bel Olid &#8211; IDEES","robots":{"index":"index","follow":"follow","max-snippet":"max-snippet:-1","max-image-preview":"max-image-preview:large","max-video-preview":"max-video-preview:-1"},"canonical":"https:\/\/revistaidees.cat\/es\/autors\/__trashed-2\/","og_locale":"es_ES","og_type":"article","og_title":"Bel Olid &#8211; IDEES","og_description":"Bel Olid es escritora, traductora y activista feminista. Es profesora del Departamento de Filolog\u00eda Catalana en la Universidad Aut\u00f3noma de Barcelona y colabora habitualmente en varios medios de comunicaci\u00f3n como Naci\u00f3 Digital o El Temps. Tambi\u00e9n preside la Asociaci\u00f3n de Escritores en Lengua Catalana. Es autora de Feminismo de bolsillo: kit de supervivencia (2017), Vides aturades (2017) y la obra recientemente publicada \u00bfFollamos? De qu\u00e9 (no) hablamos cuando hablamos de sexualidades (2019). Tambi\u00e9n ha publicado obras de literatura infantil y juvenil, narraciones cortas y reflexiones te\u00f3ricas como Las hero\u00ednas contraatacan (2011), un ensayo donde analiza los roles de g\u00e9nero en\u2026","og_url":"https:\/\/revistaidees.cat\/es\/autors\/__trashed-2\/","og_site_name":"IDEES","article_modified_time":"2020-03-12T13:57:27+00:00","og_image":[{"width":1477,"height":1010,"url":"https:\/\/i0.wp.com\/revistaidees.cat\/wp-content\/uploads\/2020\/01\/def_Bel_Olid.jpeg?fit=1477%2C1010&ssl=1","type":"image\/jpeg"}],"twitter_card":"summary_large_image","twitter_misc":{"Tiempo de lectura":"1 minuto"},"schema":{"@context":"https:\/\/schema.org","@graph":[{"@type":"WebPage","@id":"https:\/\/revistaidees.cat\/es\/autors\/__trashed-2\/","url":"https:\/\/revistaidees.cat\/es\/autors\/__trashed-2\/","name":"Bel Olid &#8211; IDEES","isPartOf":{"@id":"https:\/\/revistaidees.cat\/#website"},"primaryImageOfPage":{"@id":"https:\/\/revistaidees.cat\/es\/autors\/__trashed-2\/#primaryimage"},"image":{"@id":"https:\/\/revistaidees.cat\/es\/autors\/__trashed-2\/#primaryimage"},"thumbnailUrl":"https:\/\/i0.wp.com\/revistaidees.cat\/wp-content\/uploads\/2020\/01\/def_Bel_Olid.jpeg?fit=1477%2C1010&ssl=1","datePublished":"2020-01-10T13:15:31+00:00","dateModified":"2020-03-12T13:57:27+00:00","breadcrumb":{"@id":"https:\/\/revistaidees.cat\/es\/autors\/__trashed-2\/#breadcrumb"},"inLanguage":"es","potentialAction":[{"@type":"ReadAction","target":["https:\/\/revistaidees.cat\/es\/autors\/__trashed-2\/"]}]},{"@type":"ImageObject","inLanguage":"es","@id":"https:\/\/revistaidees.cat\/es\/autors\/__trashed-2\/#primaryimage","url":"https:\/\/i0.wp.com\/revistaidees.cat\/wp-content\/uploads\/2020\/01\/def_Bel_Olid.jpeg?fit=1477%2C1010&ssl=1","contentUrl":"https:\/\/i0.wp.com\/revistaidees.cat\/wp-content\/uploads\/2020\/01\/def_Bel_Olid.jpeg?fit=1477%2C1010&ssl=1","width":1477,"height":1010,"caption":"Maria Codina"},{"@type":"BreadcrumbList","@id":"https:\/\/revistaidees.cat\/es\/autors\/__trashed-2\/#breadcrumb","itemListElement":[{"@type":"ListItem","position":1,"name":"Inici","item":"https:\/\/revistaidees.cat\/es\/"},{"@type":"ListItem","position":2,"name":"Autors","item":"https:\/\/revistaidees.cat\/autors\/"},{"@type":"ListItem","position":3,"name":"Bel Olid"}]},{"@type":"WebSite","@id":"https:\/\/revistaidees.cat\/#website","url":"https:\/\/revistaidees.cat\/","name":"IDEES","description":"Revista de temas contempor\u00e1neos","potentialAction":[{"@type":"SearchAction","target":{"@type":"EntryPoint","urlTemplate":"https:\/\/revistaidees.cat\/?s={search_term_string}"},"query-input":{"@type":"PropertyValueSpecification","valueRequired":true,"valueName":"search_term_string"}}],"inLanguage":"es"}]}},"jetpack_sharing_enabled":true,"_links":{"self":[{"href":"https:\/\/revistaidees.cat\/es\/wp-json\/wp\/v2\/autors\/11190","targetHints":{"allow":["GET"]}}],"collection":[{"href":"https:\/\/revistaidees.cat\/es\/wp-json\/wp\/v2\/autors"}],"about":[{"href":"https:\/\/revistaidees.cat\/es\/wp-json\/wp\/v2\/types\/autors"}],"version-history":[{"count":1,"href":"https:\/\/revistaidees.cat\/es\/wp-json\/wp\/v2\/autors\/11190\/revisions"}],"predecessor-version":[{"id":11192,"href":"https:\/\/revistaidees.cat\/es\/wp-json\/wp\/v2\/autors\/11190\/revisions\/11192"}],"wp:featuredmedia":[{"embeddable":true,"href":"https:\/\/revistaidees.cat\/es\/wp-json\/wp\/v2\/media\/3003"}],"wp:attachment":[{"href":"https:\/\/revistaidees.cat\/es\/wp-json\/wp\/v2\/media?parent=11190"}],"wp:term":[{"taxonomy":"category_autors","embeddable":true,"href":"https:\/\/revistaidees.cat\/es\/wp-json\/wp\/v2\/category_autors?post=11190"}],"curies":[{"name":"wp","href":"https:\/\/api.w.org\/{rel}","templated":true}]}}

<p>Bel Olid es escritora, traductora y activista feminista. Es profesora del Departamento de Filología Catalana en la Universidad Autónoma de Barcelona y colabora habitualmente en varios medios de comunicación como Nació Digital o El Temps. También preside la Asociación de Escritores en Lengua Catalana. Es autora de <em>Feminismo de bolsillo: kit de supervivencia</em> (2017), <em>Vides aturades</em> (2017)  y la obra recientemente publicada <em>¿Follamos? De qué (no) hablamos cuando hablamos de sexualidade</em>s (2019). También ha publicado obras de literatura infantil y juvenil, narraciones cortas y reflexiones teóricas como <em>Las heroínas contraatacan</em> (2011), un ensayo donde analiza los roles de género en la literatura infantil y con el que ganó el Premio Rovelló de ensayo infantil y juvenil.</p>

<!-- This site is optimized with the Yoast SEO plugin v27.5 - https://yoast.com/product/yoast-seo-wordpress/ -->
<title>Bel Olid &#8211; IDEES</title>
<meta name="robots" content="index, follow, max-snippet:-1, max-image-preview:large, max-video-preview:-1" />
<link rel="canonical" href="https://revistaidees.cat/es/autors/__trashed-2/" />
<meta property="og:locale" content="es_ES" />
<meta property="og:type" content="article" />
<meta property="og:title" content="Bel Olid &#8211; IDEES" />
<meta property="og:description" content="Bel Olid es escritora, traductora y activista feminista. Es profesora del Departamento de Filología Catalana en la Universidad Autónoma de Barcelona y colabora habitualmente en varios medios de comunicación como Nació Digital o El Temps. También preside la Asociación de Escritores en Lengua Catalana. Es autora de Feminismo de bolsillo: kit de supervivencia (2017), Vides aturades (2017) y la obra recientemente publicada ¿Follamos? De qué (no) hablamos cuando hablamos de sexualidades (2019). También ha publicado obras de literatura infantil y juvenil, narraciones cortas y reflexiones teóricas como Las heroínas contraatacan (2011), un ensayo donde analiza los roles de género en…" />
<meta property="og:url" content="https://revistaidees.cat/es/autors/__trashed-2/" />
<meta property="og:site_name" content="IDEES" />
<meta property="article:modified_time" content="2020-03-12T13:57:27+00:00" />
<meta property="og:image" content="https://i0.wp.com/revistaidees.cat/wp-content/uploads/2020/01/def_Bel_Olid.jpeg?fit=1477%2C1010&ssl=1" />
	<meta property="og:image:width" content="1477" />
	<meta property="og:image:height" content="1010" />
	<meta property="og:image:type" content="image/jpeg" />
<meta name="twitter:card" content="summary_large_image" />
<meta name="twitter:label1" content="Tiempo de lectura" />
	<meta name="twitter:data1" content="1 minuto" />
<script type="application/ld+json" class="yoast-schema-graph">{"@context":"https:\/\/schema.org","@graph":[{"@type":"WebPage","@id":"https:\/\/revistaidees.cat\/es\/autors\/__trashed-2\/","url":"https:\/\/revistaidees.cat\/es\/autors\/__trashed-2\/","name":"Bel Olid &#8211; IDEES","isPartOf":{"@id":"https:\/\/revistaidees.cat\/#website"},"primaryImageOfPage":{"@id":"https:\/\/revistaidees.cat\/es\/autors\/__trashed-2\/#primaryimage"},"image":{"@id":"https:\/\/revistaidees.cat\/es\/autors\/__trashed-2\/#primaryimage"},"thumbnailUrl":"https:\/\/i0.wp.com\/revistaidees.cat\/wp-content\/uploads\/2020\/01\/def_Bel_Olid.jpeg?fit=1477%2C1010&ssl=1","datePublished":"2020-01-10T13:15:31+00:00","dateModified":"2020-03-12T13:57:27+00:00","breadcrumb":{"@id":"https:\/\/revistaidees.cat\/es\/autors\/__trashed-2\/#breadcrumb"},"inLanguage":"es","potentialAction":[{"@type":"ReadAction","target":["https:\/\/revistaidees.cat\/es\/autors\/__trashed-2\/"]}]},{"@type":"ImageObject","inLanguage":"es","@id":"https:\/\/revistaidees.cat\/es\/autors\/__trashed-2\/#primaryimage","url":"https:\/\/i0.wp.com\/revistaidees.cat\/wp-content\/uploads\/2020\/01\/def_Bel_Olid.jpeg?fit=1477%2C1010&ssl=1","contentUrl":"https:\/\/i0.wp.com\/revistaidees.cat\/wp-content\/uploads\/2020\/01\/def_Bel_Olid.jpeg?fit=1477%2C1010&ssl=1","width":1477,"height":1010,"caption":"Maria Codina"},{"@type":"BreadcrumbList","@id":"https:\/\/revistaidees.cat\/es\/autors\/__trashed-2\/#breadcrumb","itemListElement":[{"@type":"ListItem","position":1,"name":"Inici","item":"https:\/\/revistaidees.cat\/es\/"},{"@type":"ListItem","position":2,"name":"Autors","item":"https:\/\/revistaidees.cat\/autors\/"},{"@type":"ListItem","position":3,"name":"Bel Olid"}]},{"@type":"WebSite","@id":"https:\/\/revistaidees.cat\/#website","url":"https:\/\/revistaidees.cat\/","name":"IDEES","description":"Revista de temas contemporáneos","potentialAction":[{"@type":"SearchAction","target":{"@type":"EntryPoint","urlTemplate":"https:\/\/revistaidees.cat\/?s={search_term_string}"},"query-input":{"@type":"PropertyValueSpecification","valueRequired":true,"valueName":"search_term_string"}}],"inLanguage":"es"}]}</script>
<!-- / Yoast SEO plugin. -->

Bel Olid es escritora, traductora y activista feminista. Es profesora del Departamento de Filología Catalana en la Universidad Autónoma de Barcelona y colabora habitualmente en varios medios de comunicación como Nació Digital o El Temps. También preside la Asociación de Escritores en Lengua Catalana. Es autora de Feminismo de bolsillo: kit de supervivencia (2017), Vides aturades (2017) y la obra recientemente publicada ¿Follamos? De qué (no) hablamos cuando hablamos de sexualidades (2019). También ha publicado obras de literatura infantil y juvenil, narraciones cortas y reflexiones teóricas como Las heroínas contraatacan (2011), un ensayo donde analiza los roles de género en…

Revista de temas contemporáneos
