{"id":12389,"date":"2020-04-03T13:10:24","date_gmt":"2020-04-03T13:10:24","guid":{"rendered":"https:\/\/revistaidees.cat\/autors\/araya-peralta\/"},"modified":"2020-04-03T14:44:46","modified_gmt":"2020-04-03T14:44:46","slug":"araya-peralta","status":"publish","type":"autors","link":"https:\/\/revistaidees.cat\/es\/autors\/araya-peralta\/","title":{"rendered":"Araya Peralta"},"content":{"rendered":"\n<p>Araya Peralta es ilustradora. Nacida en Venezuela y criada entre Caracas y Madrid, estudi\u00f3 Dise\u00f1o Gr\u00e1fico e Ilustraci\u00f3n en el Instituto de Dise\u00f1o de Caracas y fotograf\u00eda en el Lambeth College University de Londres. En Barcelona curs\u00f3 dise\u00f1o multimedia en el Centro Universitario de Dise\u00f1o BAU, pintura en El Cercle Artistic de Sant Lluc y escultura en vidrio en La Fundaci\u00f3 Centre del Vidre de Barcelona. Ha trabajado durante 16 a\u00f1os en el \u00e1mbito de la comunicaci\u00f3n visual como directora de arte en proyectos para marcas como Facebook, Instagram, Oculus, Sonar Festival, VICE, entre otros. Desde que tiene uso de raz\u00f3n que va con un pincel en la mano, con el cual ha buscado plasmar la naturaleza que la rodea. Desarrolla sus proyectos tanto frente a un ordenador en un estudio creativo como pintando un mural de grandes dimensiones. Ha expuesto algunas de sus obras en colectivos de arte en Alemania, Holanda, Madrid y Barcelona. Actualmente trabaja como <em>freelance<\/em> en su estudio de Barcelona. Es autora de las ilustraciones del dosier n\u00famero 48 de la revista IDEES, dedicado a la inteligencia artificial.<\/p>\n","protected":false},"featured_media":12380,"template":"","category_autors":[],"class_list":["post-12389","autors","type-autors","status-publish","has-post-thumbnail","hentry"],"acf":[],"yoast_head":"<!-- This site is optimized with the Yoast SEO plugin v27.4 - https:\/\/yoast.com\/product\/yoast-seo-wordpress\/ -->\n<title>Araya Peralta &#8211; IDEES<\/title>\n<meta name=\"robots\" content=\"index, follow, max-snippet:-1, max-image-preview:large, max-video-preview:-1\" \/>\n<link rel=\"canonical\" href=\"https:\/\/revistaidees.cat\/es\/autors\/araya-peralta\/\" \/>\n<meta property=\"og:locale\" content=\"es_ES\" \/>\n<meta property=\"og:type\" content=\"article\" \/>\n<meta property=\"og:title\" content=\"Araya Peralta &#8211; IDEES\" \/>\n<meta property=\"og:description\" content=\"Araya Peralta es ilustradora. Nacida en Venezuela y criada entre Caracas y Madrid, estudi\u00f3 Dise\u00f1o Gr\u00e1fico e Ilustraci\u00f3n en el Instituto de Dise\u00f1o de Caracas y fotograf\u00eda en el Lambeth College University de Londres. En Barcelona curs\u00f3 dise\u00f1o multimedia en el Centro Universitario de Dise\u00f1o BAU, pintura en El Cercle Artistic de Sant Lluc y escultura en vidrio en La Fundaci\u00f3 Centre del Vidre de Barcelona. Ha trabajado durante 16 a\u00f1os en el \u00e1mbito de la comunicaci\u00f3n visual como directora de arte en proyectos para marcas como Facebook, Instagram, Oculus, Sonar Festival, VICE, entre otros. Desde que tiene uso de\u2026\" \/>\n<meta property=\"og:url\" content=\"https:\/\/revistaidees.cat\/es\/autors\/araya-peralta\/\" \/>\n<meta property=\"og:site_name\" content=\"IDEES\" \/>\n<meta property=\"article:modified_time\" content=\"2020-04-03T14:44:46+00:00\" \/>\n<meta property=\"og:image\" content=\"https:\/\/i0.wp.com\/revistaidees.cat\/wp-content\/uploads\/2020\/04\/def_Araya_Peralta.jpg?fit=900%2C624&ssl=1\" \/>\n\t<meta property=\"og:image:width\" content=\"900\" \/>\n\t<meta property=\"og:image:height\" content=\"624\" \/>\n\t<meta property=\"og:image:type\" content=\"image\/jpeg\" \/>\n<meta name=\"twitter:card\" content=\"summary_large_image\" \/>\n<meta name=\"twitter:label1\" content=\"Tiempo de lectura\" \/>\n\t<meta name=\"twitter:data1\" content=\"1 minuto\" \/>\n<script type=\"application\/ld+json\" class=\"yoast-schema-graph\">{\"@context\":\"https:\\\/\\\/schema.org\",\"@graph\":[{\"@type\":\"WebPage\",\"@id\":\"https:\\\/\\\/revistaidees.cat\\\/es\\\/autors\\\/araya-peralta\\\/\",\"url\":\"https:\\\/\\\/revistaidees.cat\\\/es\\\/autors\\\/araya-peralta\\\/\",\"name\":\"Araya Peralta &#8211; IDEES\",\"isPartOf\":{\"@id\":\"https:\\\/\\\/revistaidees.cat\\\/#website\"},\"primaryImageOfPage\":{\"@id\":\"https:\\\/\\\/revistaidees.cat\\\/es\\\/autors\\\/araya-peralta\\\/#primaryimage\"},\"image\":{\"@id\":\"https:\\\/\\\/revistaidees.cat\\\/es\\\/autors\\\/araya-peralta\\\/#primaryimage\"},\"thumbnailUrl\":\"https:\\\/\\\/i0.wp.com\\\/revistaidees.cat\\\/wp-content\\\/uploads\\\/2020\\\/04\\\/def_Araya_Peralta.jpg?fit=900%2C624&ssl=1\",\"datePublished\":\"2020-04-03T13:10:24+00:00\",\"dateModified\":\"2020-04-03T14:44:46+00:00\",\"breadcrumb\":{\"@id\":\"https:\\\/\\\/revistaidees.cat\\\/es\\\/autors\\\/araya-peralta\\\/#breadcrumb\"},\"inLanguage\":\"es\",\"potentialAction\":[{\"@type\":\"ReadAction\",\"target\":[\"https:\\\/\\\/revistaidees.cat\\\/es\\\/autors\\\/araya-peralta\\\/\"]}]},{\"@type\":\"ImageObject\",\"inLanguage\":\"es\",\"@id\":\"https:\\\/\\\/revistaidees.cat\\\/es\\\/autors\\\/araya-peralta\\\/#primaryimage\",\"url\":\"https:\\\/\\\/i0.wp.com\\\/revistaidees.cat\\\/wp-content\\\/uploads\\\/2020\\\/04\\\/def_Araya_Peralta.jpg?fit=900%2C624&ssl=1\",\"contentUrl\":\"https:\\\/\\\/i0.wp.com\\\/revistaidees.cat\\\/wp-content\\\/uploads\\\/2020\\\/04\\\/def_Araya_Peralta.jpg?fit=900%2C624&ssl=1\",\"width\":900,\"height\":624,\"caption\":\"Araya Peralta\"},{\"@type\":\"BreadcrumbList\",\"@id\":\"https:\\\/\\\/revistaidees.cat\\\/es\\\/autors\\\/araya-peralta\\\/#breadcrumb\",\"itemListElement\":[{\"@type\":\"ListItem\",\"position\":1,\"name\":\"Inici\",\"item\":\"https:\\\/\\\/revistaidees.cat\\\/es\\\/\"},{\"@type\":\"ListItem\",\"position\":2,\"name\":\"Autors\",\"item\":\"https:\\\/\\\/revistaidees.cat\\\/autors\\\/\"},{\"@type\":\"ListItem\",\"position\":3,\"name\":\"Araya Peralta\"}]},{\"@type\":\"WebSite\",\"@id\":\"https:\\\/\\\/revistaidees.cat\\\/#website\",\"url\":\"https:\\\/\\\/revistaidees.cat\\\/\",\"name\":\"IDEES\",\"description\":\"Revista de temas contempor\u00e1neos\",\"potentialAction\":[{\"@type\":\"SearchAction\",\"target\":{\"@type\":\"EntryPoint\",\"urlTemplate\":\"https:\\\/\\\/revistaidees.cat\\\/?s={search_term_string}\"},\"query-input\":{\"@type\":\"PropertyValueSpecification\",\"valueRequired\":true,\"valueName\":\"search_term_string\"}}],\"inLanguage\":\"es\"}]}<\/script>\n<!-- \/ Yoast SEO plugin. -->","yoast_head_json":{"title":"Araya Peralta &#8211; IDEES","robots":{"index":"index","follow":"follow","max-snippet":"max-snippet:-1","max-image-preview":"max-image-preview:large","max-video-preview":"max-video-preview:-1"},"canonical":"https:\/\/revistaidees.cat\/es\/autors\/araya-peralta\/","og_locale":"es_ES","og_type":"article","og_title":"Araya Peralta &#8211; IDEES","og_description":"Araya Peralta es ilustradora. Nacida en Venezuela y criada entre Caracas y Madrid, estudi\u00f3 Dise\u00f1o Gr\u00e1fico e Ilustraci\u00f3n en el Instituto de Dise\u00f1o de Caracas y fotograf\u00eda en el Lambeth College University de Londres. En Barcelona curs\u00f3 dise\u00f1o multimedia en el Centro Universitario de Dise\u00f1o BAU, pintura en El Cercle Artistic de Sant Lluc y escultura en vidrio en La Fundaci\u00f3 Centre del Vidre de Barcelona. Ha trabajado durante 16 a\u00f1os en el \u00e1mbito de la comunicaci\u00f3n visual como directora de arte en proyectos para marcas como Facebook, Instagram, Oculus, Sonar Festival, VICE, entre otros. Desde que tiene uso de\u2026","og_url":"https:\/\/revistaidees.cat\/es\/autors\/araya-peralta\/","og_site_name":"IDEES","article_modified_time":"2020-04-03T14:44:46+00:00","og_image":[{"width":900,"height":624,"url":"https:\/\/i0.wp.com\/revistaidees.cat\/wp-content\/uploads\/2020\/04\/def_Araya_Peralta.jpg?fit=900%2C624&ssl=1","type":"image\/jpeg"}],"twitter_card":"summary_large_image","twitter_misc":{"Tiempo de lectura":"1 minuto"},"schema":{"@context":"https:\/\/schema.org","@graph":[{"@type":"WebPage","@id":"https:\/\/revistaidees.cat\/es\/autors\/araya-peralta\/","url":"https:\/\/revistaidees.cat\/es\/autors\/araya-peralta\/","name":"Araya Peralta &#8211; IDEES","isPartOf":{"@id":"https:\/\/revistaidees.cat\/#website"},"primaryImageOfPage":{"@id":"https:\/\/revistaidees.cat\/es\/autors\/araya-peralta\/#primaryimage"},"image":{"@id":"https:\/\/revistaidees.cat\/es\/autors\/araya-peralta\/#primaryimage"},"thumbnailUrl":"https:\/\/i0.wp.com\/revistaidees.cat\/wp-content\/uploads\/2020\/04\/def_Araya_Peralta.jpg?fit=900%2C624&ssl=1","datePublished":"2020-04-03T13:10:24+00:00","dateModified":"2020-04-03T14:44:46+00:00","breadcrumb":{"@id":"https:\/\/revistaidees.cat\/es\/autors\/araya-peralta\/#breadcrumb"},"inLanguage":"es","potentialAction":[{"@type":"ReadAction","target":["https:\/\/revistaidees.cat\/es\/autors\/araya-peralta\/"]}]},{"@type":"ImageObject","inLanguage":"es","@id":"https:\/\/revistaidees.cat\/es\/autors\/araya-peralta\/#primaryimage","url":"https:\/\/i0.wp.com\/revistaidees.cat\/wp-content\/uploads\/2020\/04\/def_Araya_Peralta.jpg?fit=900%2C624&ssl=1","contentUrl":"https:\/\/i0.wp.com\/revistaidees.cat\/wp-content\/uploads\/2020\/04\/def_Araya_Peralta.jpg?fit=900%2C624&ssl=1","width":900,"height":624,"caption":"Araya Peralta"},{"@type":"BreadcrumbList","@id":"https:\/\/revistaidees.cat\/es\/autors\/araya-peralta\/#breadcrumb","itemListElement":[{"@type":"ListItem","position":1,"name":"Inici","item":"https:\/\/revistaidees.cat\/es\/"},{"@type":"ListItem","position":2,"name":"Autors","item":"https:\/\/revistaidees.cat\/autors\/"},{"@type":"ListItem","position":3,"name":"Araya Peralta"}]},{"@type":"WebSite","@id":"https:\/\/revistaidees.cat\/#website","url":"https:\/\/revistaidees.cat\/","name":"IDEES","description":"Revista de temas contempor\u00e1neos","potentialAction":[{"@type":"SearchAction","target":{"@type":"EntryPoint","urlTemplate":"https:\/\/revistaidees.cat\/?s={search_term_string}"},"query-input":{"@type":"PropertyValueSpecification","valueRequired":true,"valueName":"search_term_string"}}],"inLanguage":"es"}]}},"jetpack_sharing_enabled":true,"_links":{"self":[{"href":"https:\/\/revistaidees.cat\/es\/wp-json\/wp\/v2\/autors\/12389","targetHints":{"allow":["GET"]}}],"collection":[{"href":"https:\/\/revistaidees.cat\/es\/wp-json\/wp\/v2\/autors"}],"about":[{"href":"https:\/\/revistaidees.cat\/es\/wp-json\/wp\/v2\/types\/autors"}],"version-history":[{"count":5,"href":"https:\/\/revistaidees.cat\/es\/wp-json\/wp\/v2\/autors\/12389\/revisions"}],"predecessor-version":[{"id":12404,"href":"https:\/\/revistaidees.cat\/es\/wp-json\/wp\/v2\/autors\/12389\/revisions\/12404"}],"wp:featuredmedia":[{"embeddable":true,"href":"https:\/\/revistaidees.cat\/es\/wp-json\/wp\/v2\/media\/12380"}],"wp:attachment":[{"href":"https:\/\/revistaidees.cat\/es\/wp-json\/wp\/v2\/media?parent=12389"}],"wp:term":[{"taxonomy":"category_autors","embeddable":true,"href":"https:\/\/revistaidees.cat\/es\/wp-json\/wp\/v2\/category_autors?post=12389"}],"curies":[{"name":"wp","href":"https:\/\/api.w.org\/{rel}","templated":true}]}}

<p>Araya Peralta es ilustradora. Nacida en Venezuela y criada entre Caracas y Madrid, estudió Diseño Gráfico e Ilustración en el Instituto de Diseño de Caracas y fotografía en el Lambeth College University de Londres. En Barcelona cursó diseño multimedia en el Centro Universitario de Diseño BAU, pintura en El Cercle Artistic de Sant Lluc y escultura en vidrio en La Fundació Centre del Vidre de Barcelona. Ha trabajado durante 16 años en el ámbito de la comunicación visual como directora de arte en proyectos para marcas como Facebook, Instagram, Oculus, Sonar Festival, VICE, entre otros. Desde que tiene uso de razón que va con un pincel en la mano, con el cual ha buscado plasmar la naturaleza que la rodea. Desarrolla sus proyectos tanto frente a un ordenador en un estudio creativo como pintando un mural de grandes dimensiones. Ha expuesto algunas de sus obras en colectivos de arte en Alemania, Holanda, Madrid y Barcelona. Actualmente trabaja como <em>freelance</em> en su estudio de Barcelona. Es autora de las ilustraciones del dosier número 48 de la revista IDEES, dedicado a la inteligencia artificial.</p>

<!-- This site is optimized with the Yoast SEO plugin v27.4 - https://yoast.com/product/yoast-seo-wordpress/ -->
<title>Araya Peralta &#8211; IDEES</title>
<meta name="robots" content="index, follow, max-snippet:-1, max-image-preview:large, max-video-preview:-1" />
<link rel="canonical" href="https://revistaidees.cat/es/autors/araya-peralta/" />
<meta property="og:locale" content="es_ES" />
<meta property="og:type" content="article" />
<meta property="og:title" content="Araya Peralta &#8211; IDEES" />
<meta property="og:description" content="Araya Peralta es ilustradora. Nacida en Venezuela y criada entre Caracas y Madrid, estudió Diseño Gráfico e Ilustración en el Instituto de Diseño de Caracas y fotografía en el Lambeth College University de Londres. En Barcelona cursó diseño multimedia en el Centro Universitario de Diseño BAU, pintura en El Cercle Artistic de Sant Lluc y escultura en vidrio en La Fundació Centre del Vidre de Barcelona. Ha trabajado durante 16 años en el ámbito de la comunicación visual como directora de arte en proyectos para marcas como Facebook, Instagram, Oculus, Sonar Festival, VICE, entre otros. Desde que tiene uso de…" />
<meta property="og:url" content="https://revistaidees.cat/es/autors/araya-peralta/" />
<meta property="og:site_name" content="IDEES" />
<meta property="article:modified_time" content="2020-04-03T14:44:46+00:00" />
<meta property="og:image" content="https://i0.wp.com/revistaidees.cat/wp-content/uploads/2020/04/def_Araya_Peralta.jpg?fit=900%2C624&ssl=1" />
	<meta property="og:image:width" content="900" />
	<meta property="og:image:height" content="624" />
	<meta property="og:image:type" content="image/jpeg" />
<meta name="twitter:card" content="summary_large_image" />
<meta name="twitter:label1" content="Tiempo de lectura" />
	<meta name="twitter:data1" content="1 minuto" />
<script type="application/ld+json" class="yoast-schema-graph">{"@context":"https:\/\/schema.org","@graph":[{"@type":"WebPage","@id":"https:\/\/revistaidees.cat\/es\/autors\/araya-peralta\/","url":"https:\/\/revistaidees.cat\/es\/autors\/araya-peralta\/","name":"Araya Peralta &#8211; IDEES","isPartOf":{"@id":"https:\/\/revistaidees.cat\/#website"},"primaryImageOfPage":{"@id":"https:\/\/revistaidees.cat\/es\/autors\/araya-peralta\/#primaryimage"},"image":{"@id":"https:\/\/revistaidees.cat\/es\/autors\/araya-peralta\/#primaryimage"},"thumbnailUrl":"https:\/\/i0.wp.com\/revistaidees.cat\/wp-content\/uploads\/2020\/04\/def_Araya_Peralta.jpg?fit=900%2C624&ssl=1","datePublished":"2020-04-03T13:10:24+00:00","dateModified":"2020-04-03T14:44:46+00:00","breadcrumb":{"@id":"https:\/\/revistaidees.cat\/es\/autors\/araya-peralta\/#breadcrumb"},"inLanguage":"es","potentialAction":[{"@type":"ReadAction","target":["https:\/\/revistaidees.cat\/es\/autors\/araya-peralta\/"]}]},{"@type":"ImageObject","inLanguage":"es","@id":"https:\/\/revistaidees.cat\/es\/autors\/araya-peralta\/#primaryimage","url":"https:\/\/i0.wp.com\/revistaidees.cat\/wp-content\/uploads\/2020\/04\/def_Araya_Peralta.jpg?fit=900%2C624&ssl=1","contentUrl":"https:\/\/i0.wp.com\/revistaidees.cat\/wp-content\/uploads\/2020\/04\/def_Araya_Peralta.jpg?fit=900%2C624&ssl=1","width":900,"height":624,"caption":"Araya Peralta"},{"@type":"BreadcrumbList","@id":"https:\/\/revistaidees.cat\/es\/autors\/araya-peralta\/#breadcrumb","itemListElement":[{"@type":"ListItem","position":1,"name":"Inici","item":"https:\/\/revistaidees.cat\/es\/"},{"@type":"ListItem","position":2,"name":"Autors","item":"https:\/\/revistaidees.cat\/autors\/"},{"@type":"ListItem","position":3,"name":"Araya Peralta"}]},{"@type":"WebSite","@id":"https:\/\/revistaidees.cat\/#website","url":"https:\/\/revistaidees.cat\/","name":"IDEES","description":"Revista de temas contemporáneos","potentialAction":[{"@type":"SearchAction","target":{"@type":"EntryPoint","urlTemplate":"https:\/\/revistaidees.cat\/?s={search_term_string}"},"query-input":{"@type":"PropertyValueSpecification","valueRequired":true,"valueName":"search_term_string"}}],"inLanguage":"es"}]}</script>
<!-- / Yoast SEO plugin. -->

Araya Peralta es ilustradora. Nacida en Venezuela y criada entre Caracas y Madrid, estudió Diseño Gráfico e Ilustración en el Instituto de Diseño de Caracas y fotografía en el Lambeth College University de Londres. En Barcelona cursó diseño multimedia en el Centro Universitario de Diseño BAU, pintura en El Cercle Artistic de Sant Lluc y escultura en vidrio en La Fundació Centre del Vidre de Barcelona. Ha trabajado durante 16 años en el ámbito de la comunicación visual como directora de arte en proyectos para marcas como Facebook, Instagram, Oculus, Sonar Festival, VICE, entre otros. Desde que tiene uso de…

Revista de temas contemporáneos
