{"id":19444,"date":"2020-09-03T06:41:06","date_gmt":"2020-09-03T06:41:06","guid":{"rendered":"https:\/\/revistaidees.cat\/?post_type=autors&#038;p=19444"},"modified":"2020-09-03T06:41:07","modified_gmt":"2020-09-03T06:41:07","slug":"marina-llansana","status":"publish","type":"autors","link":"https:\/\/revistaidees.cat\/es\/autors\/marina-llansana\/","title":{"rendered":"Marina Llansana"},"content":{"rendered":"\n<p>Marina Llansana i Rosich es periodista, fil\u00f3loga y pol\u00edtica catalana. Es licenciada en Periodismo por la Universidad Pompeu Fabra y en Filolog\u00eda Catalana por la Universidad Aut\u00f3noma de Barcelona. Actualmente trabaja a Lidera Comunicaci\u00f3, una agencia de comunicaci\u00f3n cofundada por ella misma al servicio de empresas, instituciones y asociaciones. Forma parte de la junta directiva de \u00d2mnium Cultural; desde el a\u00f1o 2015 en cualidad de vicepresidenta. Vinculada a Esquerra Republicana de Catalunya, fue la portavoz nacional durante el per\u00edodo 2004-2008. Tambi\u00e9n fue diputada al Parlamento de Catalunya entre 2003 y 2010 y secretaria cuarta del Parlament del 2003 al 2004. Colabora habitualmente con el diario El Punt Avui y es autora, juntamente con Santi Vidal de libro <em>Una Constituci\u00f3 per a Catalunya <\/em>(2015).<\/p>\n","protected":false},"featured_media":18056,"template":"","category_autors":[],"class_list":["post-19444","autors","type-autors","status-publish","has-post-thumbnail","hentry"],"acf":[],"yoast_head":"<!-- This site is optimized with the Yoast SEO plugin v27.5 - https:\/\/yoast.com\/product\/yoast-seo-wordpress\/ -->\n<title>Marina Llansana &#8211; IDEES<\/title>\n<meta name=\"robots\" content=\"index, follow, max-snippet:-1, max-image-preview:large, max-video-preview:-1\" \/>\n<link rel=\"canonical\" href=\"https:\/\/revistaidees.cat\/es\/autors\/marina-llansana\/\" \/>\n<meta property=\"og:locale\" content=\"es_ES\" \/>\n<meta property=\"og:type\" content=\"article\" \/>\n<meta property=\"og:title\" content=\"Marina Llansana &#8211; IDEES\" \/>\n<meta property=\"og:description\" content=\"Marina Llansana i Rosich es periodista, fil\u00f3loga y pol\u00edtica catalana. Es licenciada en Periodismo por la Universidad Pompeu Fabra y en Filolog\u00eda Catalana por la Universidad Aut\u00f3noma de Barcelona. Actualmente trabaja a Lidera Comunicaci\u00f3, una agencia de comunicaci\u00f3n cofundada por ella misma al servicio de empresas, instituciones y asociaciones. Forma parte de la junta directiva de \u00d2mnium Cultural; desde el a\u00f1o 2015 en cualidad de vicepresidenta. Vinculada a Esquerra Republicana de Catalunya, fue la portavoz nacional durante el per\u00edodo 2004-2008. Tambi\u00e9n fue diputada al Parlamento de Catalunya entre 2003 y 2010 y secretaria cuarta del Parlament del 2003 al 2004.\u2026\" \/>\n<meta property=\"og:url\" content=\"https:\/\/revistaidees.cat\/es\/autors\/marina-llansana\/\" \/>\n<meta property=\"og:site_name\" content=\"IDEES\" \/>\n<meta property=\"article:modified_time\" content=\"2020-09-03T06:41:07+00:00\" \/>\n<meta property=\"og:image\" content=\"https:\/\/i0.wp.com\/revistaidees.cat\/wp-content\/uploads\/2020\/08\/Marina-Llansana-def.jpg?fit=400%2C298&ssl=1\" \/>\n\t<meta property=\"og:image:width\" content=\"400\" \/>\n\t<meta property=\"og:image:height\" content=\"298\" \/>\n\t<meta property=\"og:image:type\" content=\"image\/jpeg\" \/>\n<meta name=\"twitter:card\" content=\"summary_large_image\" \/>\n<meta name=\"twitter:label1\" content=\"Tiempo de lectura\" \/>\n\t<meta name=\"twitter:data1\" content=\"1 minuto\" \/>\n<script type=\"application\/ld+json\" class=\"yoast-schema-graph\">{\"@context\":\"https:\\\/\\\/schema.org\",\"@graph\":[{\"@type\":\"WebPage\",\"@id\":\"https:\\\/\\\/revistaidees.cat\\\/es\\\/autors\\\/marina-llansana\\\/\",\"url\":\"https:\\\/\\\/revistaidees.cat\\\/es\\\/autors\\\/marina-llansana\\\/\",\"name\":\"Marina Llansana &#8211; IDEES\",\"isPartOf\":{\"@id\":\"https:\\\/\\\/revistaidees.cat\\\/#website\"},\"primaryImageOfPage\":{\"@id\":\"https:\\\/\\\/revistaidees.cat\\\/es\\\/autors\\\/marina-llansana\\\/#primaryimage\"},\"image\":{\"@id\":\"https:\\\/\\\/revistaidees.cat\\\/es\\\/autors\\\/marina-llansana\\\/#primaryimage\"},\"thumbnailUrl\":\"https:\\\/\\\/i0.wp.com\\\/revistaidees.cat\\\/wp-content\\\/uploads\\\/2020\\\/08\\\/Marina-Llansana-def.jpg?fit=400%2C298&ssl=1\",\"datePublished\":\"2020-09-03T06:41:06+00:00\",\"dateModified\":\"2020-09-03T06:41:07+00:00\",\"breadcrumb\":{\"@id\":\"https:\\\/\\\/revistaidees.cat\\\/es\\\/autors\\\/marina-llansana\\\/#breadcrumb\"},\"inLanguage\":\"es\",\"potentialAction\":[{\"@type\":\"ReadAction\",\"target\":[\"https:\\\/\\\/revistaidees.cat\\\/es\\\/autors\\\/marina-llansana\\\/\"]}]},{\"@type\":\"ImageObject\",\"inLanguage\":\"es\",\"@id\":\"https:\\\/\\\/revistaidees.cat\\\/es\\\/autors\\\/marina-llansana\\\/#primaryimage\",\"url\":\"https:\\\/\\\/i0.wp.com\\\/revistaidees.cat\\\/wp-content\\\/uploads\\\/2020\\\/08\\\/Marina-Llansana-def.jpg?fit=400%2C298&ssl=1\",\"contentUrl\":\"https:\\\/\\\/i0.wp.com\\\/revistaidees.cat\\\/wp-content\\\/uploads\\\/2020\\\/08\\\/Marina-Llansana-def.jpg?fit=400%2C298&ssl=1\",\"width\":400,\"height\":298,\"caption\":\"Marina Llansana\"},{\"@type\":\"BreadcrumbList\",\"@id\":\"https:\\\/\\\/revistaidees.cat\\\/es\\\/autors\\\/marina-llansana\\\/#breadcrumb\",\"itemListElement\":[{\"@type\":\"ListItem\",\"position\":1,\"name\":\"Inici\",\"item\":\"https:\\\/\\\/revistaidees.cat\\\/es\\\/\"},{\"@type\":\"ListItem\",\"position\":2,\"name\":\"Autors\",\"item\":\"https:\\\/\\\/revistaidees.cat\\\/autors\\\/\"},{\"@type\":\"ListItem\",\"position\":3,\"name\":\"Marina Llansana\"}]},{\"@type\":\"WebSite\",\"@id\":\"https:\\\/\\\/revistaidees.cat\\\/#website\",\"url\":\"https:\\\/\\\/revistaidees.cat\\\/\",\"name\":\"IDEES\",\"description\":\"Revista de temas contempor\u00e1neos\",\"potentialAction\":[{\"@type\":\"SearchAction\",\"target\":{\"@type\":\"EntryPoint\",\"urlTemplate\":\"https:\\\/\\\/revistaidees.cat\\\/?s={search_term_string}\"},\"query-input\":{\"@type\":\"PropertyValueSpecification\",\"valueRequired\":true,\"valueName\":\"search_term_string\"}}],\"inLanguage\":\"es\"}]}<\/script>\n<!-- \/ Yoast SEO plugin. -->","yoast_head_json":{"title":"Marina Llansana &#8211; IDEES","robots":{"index":"index","follow":"follow","max-snippet":"max-snippet:-1","max-image-preview":"max-image-preview:large","max-video-preview":"max-video-preview:-1"},"canonical":"https:\/\/revistaidees.cat\/es\/autors\/marina-llansana\/","og_locale":"es_ES","og_type":"article","og_title":"Marina Llansana &#8211; IDEES","og_description":"Marina Llansana i Rosich es periodista, fil\u00f3loga y pol\u00edtica catalana. Es licenciada en Periodismo por la Universidad Pompeu Fabra y en Filolog\u00eda Catalana por la Universidad Aut\u00f3noma de Barcelona. Actualmente trabaja a Lidera Comunicaci\u00f3, una agencia de comunicaci\u00f3n cofundada por ella misma al servicio de empresas, instituciones y asociaciones. Forma parte de la junta directiva de \u00d2mnium Cultural; desde el a\u00f1o 2015 en cualidad de vicepresidenta. Vinculada a Esquerra Republicana de Catalunya, fue la portavoz nacional durante el per\u00edodo 2004-2008. Tambi\u00e9n fue diputada al Parlamento de Catalunya entre 2003 y 2010 y secretaria cuarta del Parlament del 2003 al 2004.\u2026","og_url":"https:\/\/revistaidees.cat\/es\/autors\/marina-llansana\/","og_site_name":"IDEES","article_modified_time":"2020-09-03T06:41:07+00:00","og_image":[{"width":400,"height":298,"url":"https:\/\/i0.wp.com\/revistaidees.cat\/wp-content\/uploads\/2020\/08\/Marina-Llansana-def.jpg?fit=400%2C298&ssl=1","type":"image\/jpeg"}],"twitter_card":"summary_large_image","twitter_misc":{"Tiempo de lectura":"1 minuto"},"schema":{"@context":"https:\/\/schema.org","@graph":[{"@type":"WebPage","@id":"https:\/\/revistaidees.cat\/es\/autors\/marina-llansana\/","url":"https:\/\/revistaidees.cat\/es\/autors\/marina-llansana\/","name":"Marina Llansana &#8211; IDEES","isPartOf":{"@id":"https:\/\/revistaidees.cat\/#website"},"primaryImageOfPage":{"@id":"https:\/\/revistaidees.cat\/es\/autors\/marina-llansana\/#primaryimage"},"image":{"@id":"https:\/\/revistaidees.cat\/es\/autors\/marina-llansana\/#primaryimage"},"thumbnailUrl":"https:\/\/i0.wp.com\/revistaidees.cat\/wp-content\/uploads\/2020\/08\/Marina-Llansana-def.jpg?fit=400%2C298&ssl=1","datePublished":"2020-09-03T06:41:06+00:00","dateModified":"2020-09-03T06:41:07+00:00","breadcrumb":{"@id":"https:\/\/revistaidees.cat\/es\/autors\/marina-llansana\/#breadcrumb"},"inLanguage":"es","potentialAction":[{"@type":"ReadAction","target":["https:\/\/revistaidees.cat\/es\/autors\/marina-llansana\/"]}]},{"@type":"ImageObject","inLanguage":"es","@id":"https:\/\/revistaidees.cat\/es\/autors\/marina-llansana\/#primaryimage","url":"https:\/\/i0.wp.com\/revistaidees.cat\/wp-content\/uploads\/2020\/08\/Marina-Llansana-def.jpg?fit=400%2C298&ssl=1","contentUrl":"https:\/\/i0.wp.com\/revistaidees.cat\/wp-content\/uploads\/2020\/08\/Marina-Llansana-def.jpg?fit=400%2C298&ssl=1","width":400,"height":298,"caption":"Marina Llansana"},{"@type":"BreadcrumbList","@id":"https:\/\/revistaidees.cat\/es\/autors\/marina-llansana\/#breadcrumb","itemListElement":[{"@type":"ListItem","position":1,"name":"Inici","item":"https:\/\/revistaidees.cat\/es\/"},{"@type":"ListItem","position":2,"name":"Autors","item":"https:\/\/revistaidees.cat\/autors\/"},{"@type":"ListItem","position":3,"name":"Marina Llansana"}]},{"@type":"WebSite","@id":"https:\/\/revistaidees.cat\/#website","url":"https:\/\/revistaidees.cat\/","name":"IDEES","description":"Revista de temas contempor\u00e1neos","potentialAction":[{"@type":"SearchAction","target":{"@type":"EntryPoint","urlTemplate":"https:\/\/revistaidees.cat\/?s={search_term_string}"},"query-input":{"@type":"PropertyValueSpecification","valueRequired":true,"valueName":"search_term_string"}}],"inLanguage":"es"}]}},"jetpack_sharing_enabled":true,"_links":{"self":[{"href":"https:\/\/revistaidees.cat\/es\/wp-json\/wp\/v2\/autors\/19444","targetHints":{"allow":["GET"]}}],"collection":[{"href":"https:\/\/revistaidees.cat\/es\/wp-json\/wp\/v2\/autors"}],"about":[{"href":"https:\/\/revistaidees.cat\/es\/wp-json\/wp\/v2\/types\/autors"}],"version-history":[{"count":2,"href":"https:\/\/revistaidees.cat\/es\/wp-json\/wp\/v2\/autors\/19444\/revisions"}],"predecessor-version":[{"id":19574,"href":"https:\/\/revistaidees.cat\/es\/wp-json\/wp\/v2\/autors\/19444\/revisions\/19574"}],"wp:featuredmedia":[{"embeddable":true,"href":"https:\/\/revistaidees.cat\/es\/wp-json\/wp\/v2\/media\/18056"}],"wp:attachment":[{"href":"https:\/\/revistaidees.cat\/es\/wp-json\/wp\/v2\/media?parent=19444"}],"wp:term":[{"taxonomy":"category_autors","embeddable":true,"href":"https:\/\/revistaidees.cat\/es\/wp-json\/wp\/v2\/category_autors?post=19444"}],"curies":[{"name":"wp","href":"https:\/\/api.w.org\/{rel}","templated":true}]}}

<p>Marina Llansana i Rosich es periodista, filóloga y política catalana. Es licenciada en Periodismo por la Universidad Pompeu Fabra y en Filología Catalana por la Universidad Autónoma de Barcelona. Actualmente trabaja a Lidera Comunicació, una agencia de comunicación cofundada por ella misma al servicio de empresas, instituciones y asociaciones. Forma parte de la junta directiva de Òmnium Cultural; desde el año 2015 en cualidad de vicepresidenta. Vinculada a Esquerra Republicana de Catalunya, fue la portavoz nacional durante el período 2004-2008. También fue diputada al Parlamento de Catalunya entre 2003 y 2010 y secretaria cuarta del Parlament del 2003 al 2004. Colabora habitualmente con el diario El Punt Avui y es autora, juntamente con Santi Vidal de libro <em>Una Constitució per a Catalunya </em>(2015).</p>

<!-- This site is optimized with the Yoast SEO plugin v27.5 - https://yoast.com/product/yoast-seo-wordpress/ -->
<title>Marina Llansana &#8211; IDEES</title>
<meta name="robots" content="index, follow, max-snippet:-1, max-image-preview:large, max-video-preview:-1" />
<link rel="canonical" href="https://revistaidees.cat/es/autors/marina-llansana/" />
<meta property="og:locale" content="es_ES" />
<meta property="og:type" content="article" />
<meta property="og:title" content="Marina Llansana &#8211; IDEES" />
<meta property="og:description" content="Marina Llansana i Rosich es periodista, filóloga y política catalana. Es licenciada en Periodismo por la Universidad Pompeu Fabra y en Filología Catalana por la Universidad Autónoma de Barcelona. Actualmente trabaja a Lidera Comunicació, una agencia de comunicación cofundada por ella misma al servicio de empresas, instituciones y asociaciones. Forma parte de la junta directiva de Òmnium Cultural; desde el año 2015 en cualidad de vicepresidenta. Vinculada a Esquerra Republicana de Catalunya, fue la portavoz nacional durante el período 2004-2008. También fue diputada al Parlamento de Catalunya entre 2003 y 2010 y secretaria cuarta del Parlament del 2003 al 2004.…" />
<meta property="og:url" content="https://revistaidees.cat/es/autors/marina-llansana/" />
<meta property="og:site_name" content="IDEES" />
<meta property="article:modified_time" content="2020-09-03T06:41:07+00:00" />
<meta property="og:image" content="https://i0.wp.com/revistaidees.cat/wp-content/uploads/2020/08/Marina-Llansana-def.jpg?fit=400%2C298&ssl=1" />
	<meta property="og:image:width" content="400" />
	<meta property="og:image:height" content="298" />
	<meta property="og:image:type" content="image/jpeg" />
<meta name="twitter:card" content="summary_large_image" />
<meta name="twitter:label1" content="Tiempo de lectura" />
	<meta name="twitter:data1" content="1 minuto" />
<script type="application/ld+json" class="yoast-schema-graph">{"@context":"https:\/\/schema.org","@graph":[{"@type":"WebPage","@id":"https:\/\/revistaidees.cat\/es\/autors\/marina-llansana\/","url":"https:\/\/revistaidees.cat\/es\/autors\/marina-llansana\/","name":"Marina Llansana &#8211; IDEES","isPartOf":{"@id":"https:\/\/revistaidees.cat\/#website"},"primaryImageOfPage":{"@id":"https:\/\/revistaidees.cat\/es\/autors\/marina-llansana\/#primaryimage"},"image":{"@id":"https:\/\/revistaidees.cat\/es\/autors\/marina-llansana\/#primaryimage"},"thumbnailUrl":"https:\/\/i0.wp.com\/revistaidees.cat\/wp-content\/uploads\/2020\/08\/Marina-Llansana-def.jpg?fit=400%2C298&ssl=1","datePublished":"2020-09-03T06:41:06+00:00","dateModified":"2020-09-03T06:41:07+00:00","breadcrumb":{"@id":"https:\/\/revistaidees.cat\/es\/autors\/marina-llansana\/#breadcrumb"},"inLanguage":"es","potentialAction":[{"@type":"ReadAction","target":["https:\/\/revistaidees.cat\/es\/autors\/marina-llansana\/"]}]},{"@type":"ImageObject","inLanguage":"es","@id":"https:\/\/revistaidees.cat\/es\/autors\/marina-llansana\/#primaryimage","url":"https:\/\/i0.wp.com\/revistaidees.cat\/wp-content\/uploads\/2020\/08\/Marina-Llansana-def.jpg?fit=400%2C298&ssl=1","contentUrl":"https:\/\/i0.wp.com\/revistaidees.cat\/wp-content\/uploads\/2020\/08\/Marina-Llansana-def.jpg?fit=400%2C298&ssl=1","width":400,"height":298,"caption":"Marina Llansana"},{"@type":"BreadcrumbList","@id":"https:\/\/revistaidees.cat\/es\/autors\/marina-llansana\/#breadcrumb","itemListElement":[{"@type":"ListItem","position":1,"name":"Inici","item":"https:\/\/revistaidees.cat\/es\/"},{"@type":"ListItem","position":2,"name":"Autors","item":"https:\/\/revistaidees.cat\/autors\/"},{"@type":"ListItem","position":3,"name":"Marina Llansana"}]},{"@type":"WebSite","@id":"https:\/\/revistaidees.cat\/#website","url":"https:\/\/revistaidees.cat\/","name":"IDEES","description":"Revista de temas contemporáneos","potentialAction":[{"@type":"SearchAction","target":{"@type":"EntryPoint","urlTemplate":"https:\/\/revistaidees.cat\/?s={search_term_string}"},"query-input":{"@type":"PropertyValueSpecification","valueRequired":true,"valueName":"search_term_string"}}],"inLanguage":"es"}]}</script>
<!-- / Yoast SEO plugin. -->

Marina Llansana i Rosich es periodista, filóloga y política catalana. Es licenciada en Periodismo por la Universidad Pompeu Fabra y en Filología Catalana por la Universidad Autónoma de Barcelona. Actualmente trabaja a Lidera Comunicació, una agencia de comunicación cofundada por ella misma al servicio de empresas, instituciones y asociaciones. Forma parte de la junta directiva de Òmnium Cultural; desde el año 2015 en cualidad de vicepresidenta. Vinculada a Esquerra Republicana de Catalunya, fue la portavoz nacional durante el período 2004-2008. También fue diputada al Parlamento de Catalunya entre 2003 y 2010 y secretaria cuarta del Parlament del 2003 al 2004.…

Revista de temas contemporáneos
