{"id":20364,"date":"2020-09-16T12:05:09","date_gmt":"2020-09-16T12:05:09","guid":{"rendered":"https:\/\/revistaidees.cat\/?post_type=autors&#038;p=20364"},"modified":"2022-10-19T17:53:23","modified_gmt":"2022-10-19T15:53:23","slug":"josep-ma-castella-andreu","status":"publish","type":"autors","link":"https:\/\/revistaidees.cat\/es\/autors\/josep-ma-castella-andreu\/","title":{"rendered":"Josep M\u00aa Castell\u00e0 Andreu"},"content":{"rendered":"\n<p>Josep M\u00aa Castell\u00e0 Andreu \u00e9s catedr\u00e0tic de Dret Constitucional a la Facultat de Dret de la Universitat de Barcelona. \u00c9s membre de la Comissi\u00f3 de Ven\u00e8ncia del Consell d&#8217;Europa i president de la subcomissi\u00f3 per a Estats regionals i federals. Doctor en Dret per la UB, va obtenir el premi extraordinari de doctorat i menci\u00f3 Doctor Europeu. Dirigeix el grup d&#8217;investigaci\u00f3 Grup d&#8217;Estudis sobre Demor\u00e0cia i Constitucionalisme, GEDECO (2014 i 2017). Actualment, tamb\u00e9 participa al projecte europeu <em>Democratic Efficacy and the varieties of Populism in Europe<\/em> (DEMOS) i \u00e9s investigador principal del projecte &#8216;Instruments contramajoritaris en l&#8217;Estat constitucional&#8217;. Durant el per\u00edode 2012-2016, va ser director de la Revista Catalana de Dret P\u00fablic. Ha dut a terme estades de recerca en diversos centres d&#8217;arreu del m\u00f3n, com la Universitat d&#8217;Oxford, Boston College, Universitat de Montreal, Universitat de Lovaina i Universitat de Pisa. \u00c9s autor de nombroses publicacions sobre la q\u00fcesti\u00f3 de la secessi\u00f3, entre les quals destaquen \u201cTribunal Constitucional y proceso secesionista catal\u00e1n\u201d (2016), \u201cSobre el encaje constitucional del pretendido refer\u00e9ndum de secesi\u00f3n en Catalu\u00f1a\u201d (2017) i \u201cThe reception in Spain of the Reference of the Supreme Court of Canada on the secession of Quebec\u201d (2018). \u00c9s editor del llibre <em>Derecho Constitucional b\u00e1sico<\/em> (Huygens, 5\u00aa ed. 2019) y coeditor del <em>Libro Blanco sobre la calidad democr\u00e1tica en Espa\u00f1a<\/em> (Marcial Pons, 2018).<\/p>\n","protected":false},"featured_media":59046,"template":"","category_autors":[],"class_list":["post-20364","autors","type-autors","status-publish","has-post-thumbnail","hentry"],"acf":[],"yoast_head":"<!-- This site is optimized with the Yoast SEO plugin v27.5 - https:\/\/yoast.com\/product\/yoast-seo-wordpress\/ -->\n<title>Josep M\u00aa Castell\u00e0 Andreu &#8211; IDEES<\/title>\n<meta name=\"robots\" content=\"index, follow, max-snippet:-1, max-image-preview:large, max-video-preview:-1\" \/>\n<link rel=\"canonical\" href=\"https:\/\/revistaidees.cat\/es\/autors\/josep-ma-castella-andreu\/\" \/>\n<meta property=\"og:locale\" content=\"es_ES\" \/>\n<meta property=\"og:type\" content=\"article\" \/>\n<meta property=\"og:title\" content=\"Josep M\u00aa Castell\u00e0 Andreu &#8211; IDEES\" \/>\n<meta property=\"og:description\" content=\"Josep M\u00aa Castell\u00e0 Andreu \u00e9s catedr\u00e0tic de Dret Constitucional a la Facultat de Dret de la Universitat de Barcelona. \u00c9s membre de la Comissi\u00f3 de Ven\u00e8ncia del Consell d&#8217;Europa i president de la subcomissi\u00f3 per a Estats regionals i federals. Doctor en Dret per la UB, va obtenir el premi extraordinari de doctorat i menci\u00f3 Doctor Europeu. Dirigeix el grup d&#8217;investigaci\u00f3 Grup d&#8217;Estudis sobre Demor\u00e0cia i Constitucionalisme, GEDECO (2014 i 2017). Actualment, tamb\u00e9 participa al projecte europeu Democratic Efficacy and the varieties of Populism in Europe (DEMOS) i \u00e9s investigador principal del projecte &#8216;Instruments contramajoritaris en l&#8217;Estat constitucional&#8217;. Durant el\u2026\" \/>\n<meta property=\"og:url\" content=\"https:\/\/revistaidees.cat\/es\/autors\/josep-ma-castella-andreu\/\" \/>\n<meta property=\"og:site_name\" content=\"IDEES\" \/>\n<meta property=\"article:modified_time\" content=\"2022-10-19T15:53:23+00:00\" \/>\n<meta property=\"og:image\" content=\"https:\/\/i0.wp.com\/revistaidees.cat\/wp-content\/uploads\/2020\/09\/Josep-Maria-Castella-1.jpg?fit=960%2C661&ssl=1\" \/>\n\t<meta property=\"og:image:width\" content=\"960\" \/>\n\t<meta property=\"og:image:height\" content=\"661\" \/>\n\t<meta property=\"og:image:type\" content=\"image\/jpeg\" \/>\n<meta name=\"twitter:card\" content=\"summary_large_image\" \/>\n<meta name=\"twitter:label1\" content=\"Tiempo de lectura\" \/>\n\t<meta name=\"twitter:data1\" content=\"1 minuto\" \/>\n<script type=\"application\/ld+json\" class=\"yoast-schema-graph\">{\"@context\":\"https:\\\/\\\/schema.org\",\"@graph\":[{\"@type\":\"WebPage\",\"@id\":\"https:\\\/\\\/revistaidees.cat\\\/es\\\/autors\\\/josep-ma-castella-andreu\\\/\",\"url\":\"https:\\\/\\\/revistaidees.cat\\\/es\\\/autors\\\/josep-ma-castella-andreu\\\/\",\"name\":\"Josep M\u00aa Castell\u00e0 Andreu &#8211; IDEES\",\"isPartOf\":{\"@id\":\"https:\\\/\\\/revistaidees.cat\\\/#website\"},\"primaryImageOfPage\":{\"@id\":\"https:\\\/\\\/revistaidees.cat\\\/es\\\/autors\\\/josep-ma-castella-andreu\\\/#primaryimage\"},\"image\":{\"@id\":\"https:\\\/\\\/revistaidees.cat\\\/es\\\/autors\\\/josep-ma-castella-andreu\\\/#primaryimage\"},\"thumbnailUrl\":\"https:\\\/\\\/i0.wp.com\\\/revistaidees.cat\\\/wp-content\\\/uploads\\\/2020\\\/09\\\/Josep-Maria-Castella-1.jpg?fit=960%2C661&ssl=1\",\"datePublished\":\"2020-09-16T12:05:09+00:00\",\"dateModified\":\"2022-10-19T15:53:23+00:00\",\"breadcrumb\":{\"@id\":\"https:\\\/\\\/revistaidees.cat\\\/es\\\/autors\\\/josep-ma-castella-andreu\\\/#breadcrumb\"},\"inLanguage\":\"es\",\"potentialAction\":[{\"@type\":\"ReadAction\",\"target\":[\"https:\\\/\\\/revistaidees.cat\\\/es\\\/autors\\\/josep-ma-castella-andreu\\\/\"]}]},{\"@type\":\"ImageObject\",\"inLanguage\":\"es\",\"@id\":\"https:\\\/\\\/revistaidees.cat\\\/es\\\/autors\\\/josep-ma-castella-andreu\\\/#primaryimage\",\"url\":\"https:\\\/\\\/i0.wp.com\\\/revistaidees.cat\\\/wp-content\\\/uploads\\\/2020\\\/09\\\/Josep-Maria-Castella-1.jpg?fit=960%2C661&ssl=1\",\"contentUrl\":\"https:\\\/\\\/i0.wp.com\\\/revistaidees.cat\\\/wp-content\\\/uploads\\\/2020\\\/09\\\/Josep-Maria-Castella-1.jpg?fit=960%2C661&ssl=1\",\"width\":960,\"height\":661,\"caption\":\"Josep Maria Castell\u00e0\"},{\"@type\":\"BreadcrumbList\",\"@id\":\"https:\\\/\\\/revistaidees.cat\\\/es\\\/autors\\\/josep-ma-castella-andreu\\\/#breadcrumb\",\"itemListElement\":[{\"@type\":\"ListItem\",\"position\":1,\"name\":\"Inici\",\"item\":\"https:\\\/\\\/revistaidees.cat\\\/es\\\/\"},{\"@type\":\"ListItem\",\"position\":2,\"name\":\"Autors\",\"item\":\"https:\\\/\\\/revistaidees.cat\\\/autors\\\/\"},{\"@type\":\"ListItem\",\"position\":3,\"name\":\"Josep M\u00aa Castell\u00e0 Andreu\"}]},{\"@type\":\"WebSite\",\"@id\":\"https:\\\/\\\/revistaidees.cat\\\/#website\",\"url\":\"https:\\\/\\\/revistaidees.cat\\\/\",\"name\":\"IDEES\",\"description\":\"Revista de temas contempor\u00e1neos\",\"potentialAction\":[{\"@type\":\"SearchAction\",\"target\":{\"@type\":\"EntryPoint\",\"urlTemplate\":\"https:\\\/\\\/revistaidees.cat\\\/?s={search_term_string}\"},\"query-input\":{\"@type\":\"PropertyValueSpecification\",\"valueRequired\":true,\"valueName\":\"search_term_string\"}}],\"inLanguage\":\"es\"}]}<\/script>\n<!-- \/ Yoast SEO plugin. -->","yoast_head_json":{"title":"Josep M\u00aa Castell\u00e0 Andreu &#8211; IDEES","robots":{"index":"index","follow":"follow","max-snippet":"max-snippet:-1","max-image-preview":"max-image-preview:large","max-video-preview":"max-video-preview:-1"},"canonical":"https:\/\/revistaidees.cat\/es\/autors\/josep-ma-castella-andreu\/","og_locale":"es_ES","og_type":"article","og_title":"Josep M\u00aa Castell\u00e0 Andreu &#8211; IDEES","og_description":"Josep M\u00aa Castell\u00e0 Andreu \u00e9s catedr\u00e0tic de Dret Constitucional a la Facultat de Dret de la Universitat de Barcelona. \u00c9s membre de la Comissi\u00f3 de Ven\u00e8ncia del Consell d&#8217;Europa i president de la subcomissi\u00f3 per a Estats regionals i federals. Doctor en Dret per la UB, va obtenir el premi extraordinari de doctorat i menci\u00f3 Doctor Europeu. Dirigeix el grup d&#8217;investigaci\u00f3 Grup d&#8217;Estudis sobre Demor\u00e0cia i Constitucionalisme, GEDECO (2014 i 2017). Actualment, tamb\u00e9 participa al projecte europeu Democratic Efficacy and the varieties of Populism in Europe (DEMOS) i \u00e9s investigador principal del projecte &#8216;Instruments contramajoritaris en l&#8217;Estat constitucional&#8217;. Durant el\u2026","og_url":"https:\/\/revistaidees.cat\/es\/autors\/josep-ma-castella-andreu\/","og_site_name":"IDEES","article_modified_time":"2022-10-19T15:53:23+00:00","og_image":[{"width":960,"height":661,"url":"https:\/\/i0.wp.com\/revistaidees.cat\/wp-content\/uploads\/2020\/09\/Josep-Maria-Castella-1.jpg?fit=960%2C661&ssl=1","type":"image\/jpeg"}],"twitter_card":"summary_large_image","twitter_misc":{"Tiempo de lectura":"1 minuto"},"schema":{"@context":"https:\/\/schema.org","@graph":[{"@type":"WebPage","@id":"https:\/\/revistaidees.cat\/es\/autors\/josep-ma-castella-andreu\/","url":"https:\/\/revistaidees.cat\/es\/autors\/josep-ma-castella-andreu\/","name":"Josep M\u00aa Castell\u00e0 Andreu &#8211; IDEES","isPartOf":{"@id":"https:\/\/revistaidees.cat\/#website"},"primaryImageOfPage":{"@id":"https:\/\/revistaidees.cat\/es\/autors\/josep-ma-castella-andreu\/#primaryimage"},"image":{"@id":"https:\/\/revistaidees.cat\/es\/autors\/josep-ma-castella-andreu\/#primaryimage"},"thumbnailUrl":"https:\/\/i0.wp.com\/revistaidees.cat\/wp-content\/uploads\/2020\/09\/Josep-Maria-Castella-1.jpg?fit=960%2C661&ssl=1","datePublished":"2020-09-16T12:05:09+00:00","dateModified":"2022-10-19T15:53:23+00:00","breadcrumb":{"@id":"https:\/\/revistaidees.cat\/es\/autors\/josep-ma-castella-andreu\/#breadcrumb"},"inLanguage":"es","potentialAction":[{"@type":"ReadAction","target":["https:\/\/revistaidees.cat\/es\/autors\/josep-ma-castella-andreu\/"]}]},{"@type":"ImageObject","inLanguage":"es","@id":"https:\/\/revistaidees.cat\/es\/autors\/josep-ma-castella-andreu\/#primaryimage","url":"https:\/\/i0.wp.com\/revistaidees.cat\/wp-content\/uploads\/2020\/09\/Josep-Maria-Castella-1.jpg?fit=960%2C661&ssl=1","contentUrl":"https:\/\/i0.wp.com\/revistaidees.cat\/wp-content\/uploads\/2020\/09\/Josep-Maria-Castella-1.jpg?fit=960%2C661&ssl=1","width":960,"height":661,"caption":"Josep Maria Castell\u00e0"},{"@type":"BreadcrumbList","@id":"https:\/\/revistaidees.cat\/es\/autors\/josep-ma-castella-andreu\/#breadcrumb","itemListElement":[{"@type":"ListItem","position":1,"name":"Inici","item":"https:\/\/revistaidees.cat\/es\/"},{"@type":"ListItem","position":2,"name":"Autors","item":"https:\/\/revistaidees.cat\/autors\/"},{"@type":"ListItem","position":3,"name":"Josep M\u00aa Castell\u00e0 Andreu"}]},{"@type":"WebSite","@id":"https:\/\/revistaidees.cat\/#website","url":"https:\/\/revistaidees.cat\/","name":"IDEES","description":"Revista de temas contempor\u00e1neos","potentialAction":[{"@type":"SearchAction","target":{"@type":"EntryPoint","urlTemplate":"https:\/\/revistaidees.cat\/?s={search_term_string}"},"query-input":{"@type":"PropertyValueSpecification","valueRequired":true,"valueName":"search_term_string"}}],"inLanguage":"es"}]}},"jetpack_sharing_enabled":true,"_links":{"self":[{"href":"https:\/\/revistaidees.cat\/es\/wp-json\/wp\/v2\/autors\/20364","targetHints":{"allow":["GET"]}}],"collection":[{"href":"https:\/\/revistaidees.cat\/es\/wp-json\/wp\/v2\/autors"}],"about":[{"href":"https:\/\/revistaidees.cat\/es\/wp-json\/wp\/v2\/types\/autors"}],"version-history":[{"count":2,"href":"https:\/\/revistaidees.cat\/es\/wp-json\/wp\/v2\/autors\/20364\/revisions"}],"predecessor-version":[{"id":59047,"href":"https:\/\/revistaidees.cat\/es\/wp-json\/wp\/v2\/autors\/20364\/revisions\/59047"}],"wp:featuredmedia":[{"embeddable":true,"href":"https:\/\/revistaidees.cat\/es\/wp-json\/wp\/v2\/media\/59046"}],"wp:attachment":[{"href":"https:\/\/revistaidees.cat\/es\/wp-json\/wp\/v2\/media?parent=20364"}],"wp:term":[{"taxonomy":"category_autors","embeddable":true,"href":"https:\/\/revistaidees.cat\/es\/wp-json\/wp\/v2\/category_autors?post=20364"}],"curies":[{"name":"wp","href":"https:\/\/api.w.org\/{rel}","templated":true}]}}

Josep Mª Castellà Andreu

<p>Josep Mª Castellà Andreu és catedràtic de Dret Constitucional a la Facultat de Dret de la Universitat de Barcelona. És membre de la Comissió de Venència del Consell d&#8217;Europa i president de la subcomissió per a Estats regionals i federals. Doctor en Dret per la UB, va obtenir el premi extraordinari de doctorat i menció Doctor Europeu. Dirigeix el grup d&#8217;investigació Grup d&#8217;Estudis sobre Demoràcia i Constitucionalisme, GEDECO (2014 i 2017). Actualment, també participa al projecte europeu <em>Democratic Efficacy and the varieties of Populism in Europe</em> (DEMOS) i és investigador principal del projecte &#8216;Instruments contramajoritaris en l&#8217;Estat constitucional&#8217;. Durant el període 2012-2016, va ser director de la Revista Catalana de Dret Públic. Ha dut a terme estades de recerca en diversos centres d&#8217;arreu del món, com la Universitat d&#8217;Oxford, Boston College, Universitat de Montreal, Universitat de Lovaina i Universitat de Pisa. És autor de nombroses publicacions sobre la qüestió de la secessió, entre les quals destaquen “Tribunal Constitucional y proceso secesionista catalán” (2016), “Sobre el encaje constitucional del pretendido referéndum de secesión en Cataluña” (2017) i “The reception in Spain of the Reference of the Supreme Court of Canada on the secession of Quebec” (2018). És editor del llibre <em>Derecho Constitucional básico</em> (Huygens, 5ª ed. 2019) y coeditor del <em>Libro Blanco sobre la calidad democrática en España</em> (Marcial Pons, 2018).</p>

<!-- This site is optimized with the Yoast SEO plugin v27.5 - https://yoast.com/product/yoast-seo-wordpress/ -->
<title>Josep Mª Castellà Andreu &#8211; IDEES</title>
<meta name="robots" content="index, follow, max-snippet:-1, max-image-preview:large, max-video-preview:-1" />
<link rel="canonical" href="https://revistaidees.cat/es/autors/josep-ma-castella-andreu/" />
<meta property="og:locale" content="es_ES" />
<meta property="og:type" content="article" />
<meta property="og:title" content="Josep Mª Castellà Andreu &#8211; IDEES" />
<meta property="og:description" content="Josep Mª Castellà Andreu és catedràtic de Dret Constitucional a la Facultat de Dret de la Universitat de Barcelona. És membre de la Comissió de Venència del Consell d&#8217;Europa i president de la subcomissió per a Estats regionals i federals. Doctor en Dret per la UB, va obtenir el premi extraordinari de doctorat i menció Doctor Europeu. Dirigeix el grup d&#8217;investigació Grup d&#8217;Estudis sobre Demoràcia i Constitucionalisme, GEDECO (2014 i 2017). Actualment, també participa al projecte europeu Democratic Efficacy and the varieties of Populism in Europe (DEMOS) i és investigador principal del projecte &#8216;Instruments contramajoritaris en l&#8217;Estat constitucional&#8217;. Durant el…" />
<meta property="og:url" content="https://revistaidees.cat/es/autors/josep-ma-castella-andreu/" />
<meta property="og:site_name" content="IDEES" />
<meta property="article:modified_time" content="2022-10-19T15:53:23+00:00" />
<meta property="og:image" content="https://i0.wp.com/revistaidees.cat/wp-content/uploads/2020/09/Josep-Maria-Castella-1.jpg?fit=960%2C661&ssl=1" />
	<meta property="og:image:width" content="960" />
	<meta property="og:image:height" content="661" />
	<meta property="og:image:type" content="image/jpeg" />
<meta name="twitter:card" content="summary_large_image" />
<meta name="twitter:label1" content="Tiempo de lectura" />
	<meta name="twitter:data1" content="1 minuto" />
<script type="application/ld+json" class="yoast-schema-graph">{"@context":"https:\/\/schema.org","@graph":[{"@type":"WebPage","@id":"https:\/\/revistaidees.cat\/es\/autors\/josep-ma-castella-andreu\/","url":"https:\/\/revistaidees.cat\/es\/autors\/josep-ma-castella-andreu\/","name":"Josep Mª Castellà Andreu &#8211; IDEES","isPartOf":{"@id":"https:\/\/revistaidees.cat\/#website"},"primaryImageOfPage":{"@id":"https:\/\/revistaidees.cat\/es\/autors\/josep-ma-castella-andreu\/#primaryimage"},"image":{"@id":"https:\/\/revistaidees.cat\/es\/autors\/josep-ma-castella-andreu\/#primaryimage"},"thumbnailUrl":"https:\/\/i0.wp.com\/revistaidees.cat\/wp-content\/uploads\/2020\/09\/Josep-Maria-Castella-1.jpg?fit=960%2C661&ssl=1","datePublished":"2020-09-16T12:05:09+00:00","dateModified":"2022-10-19T15:53:23+00:00","breadcrumb":{"@id":"https:\/\/revistaidees.cat\/es\/autors\/josep-ma-castella-andreu\/#breadcrumb"},"inLanguage":"es","potentialAction":[{"@type":"ReadAction","target":["https:\/\/revistaidees.cat\/es\/autors\/josep-ma-castella-andreu\/"]}]},{"@type":"ImageObject","inLanguage":"es","@id":"https:\/\/revistaidees.cat\/es\/autors\/josep-ma-castella-andreu\/#primaryimage","url":"https:\/\/i0.wp.com\/revistaidees.cat\/wp-content\/uploads\/2020\/09\/Josep-Maria-Castella-1.jpg?fit=960%2C661&ssl=1","contentUrl":"https:\/\/i0.wp.com\/revistaidees.cat\/wp-content\/uploads\/2020\/09\/Josep-Maria-Castella-1.jpg?fit=960%2C661&ssl=1","width":960,"height":661,"caption":"Josep Maria Castellà"},{"@type":"BreadcrumbList","@id":"https:\/\/revistaidees.cat\/es\/autors\/josep-ma-castella-andreu\/#breadcrumb","itemListElement":[{"@type":"ListItem","position":1,"name":"Inici","item":"https:\/\/revistaidees.cat\/es\/"},{"@type":"ListItem","position":2,"name":"Autors","item":"https:\/\/revistaidees.cat\/autors\/"},{"@type":"ListItem","position":3,"name":"Josep Mª Castellà Andreu"}]},{"@type":"WebSite","@id":"https:\/\/revistaidees.cat\/#website","url":"https:\/\/revistaidees.cat\/","name":"IDEES","description":"Revista de temas contemporáneos","potentialAction":[{"@type":"SearchAction","target":{"@type":"EntryPoint","urlTemplate":"https:\/\/revistaidees.cat\/?s={search_term_string}"},"query-input":{"@type":"PropertyValueSpecification","valueRequired":true,"valueName":"search_term_string"}}],"inLanguage":"es"}]}</script>
<!-- / Yoast SEO plugin. -->

Josep Mª Castellà Andreu &#8211; IDEES

Josep Mª Castellà Andreu és catedràtic de Dret Constitucional a la Facultat de Dret de la Universitat de Barcelona. És membre de la Comissió de Venència del Consell d&#8217;Europa i president de la subcomissió per a Estats regionals i federals. Doctor en Dret per la UB, va obtenir el premi extraordinari de doctorat i menció Doctor Europeu. Dirigeix el grup d&#8217;investigació Grup d&#8217;Estudis sobre Demoràcia i Constitucionalisme, GEDECO (2014 i 2017). Actualment, també participa al projecte europeu Democratic Efficacy and the varieties of Populism in Europe (DEMOS) i és investigador principal del projecte &#8216;Instruments contramajoritaris en l&#8217;Estat constitucional&#8217;. Durant el…

Josep Maria Castellà

Revista de temas contemporáneos
