{"id":21867,"date":"2020-09-29T19:52:25","date_gmt":"2020-09-29T19:52:25","guid":{"rendered":"https:\/\/revistaidees.cat\/?post_type=autors&#038;p=21867"},"modified":"2022-10-20T15:23:01","modified_gmt":"2022-10-20T13:23:01","slug":"merce-barcelo","status":"publish","type":"autors","link":"https:\/\/revistaidees.cat\/es\/autors\/merce-barcelo\/","title":{"rendered":"Merc\u00e8 Barcel\u00f3"},"content":{"rendered":"\n<p>Merc\u00e8 Barcel\u00f3 Serramalera \u00e9s Catedr\u00e0tica de Dret Constitucional a la Universitat Aut\u00f2noma de Barcelona i coordinadora del Col\u00b7lectiu Praga, una iniciativa impulsada per una quarantena de catedr\u00e0tics i professors de dret per contribuir amb arguments jur\u00eddics al debat sobre l&#8217;exercici del dret a decidir a Catalunya. \u00c9s una de les juristes m\u00e9s destacades dins de la discussi\u00f3 sobre les diferents interpretacions de la Constituci\u00f3 espanyola. Va ser lletrada del Tribunal Constitucional i integrant de la Comissi\u00f3 Assessora de la Reforma de l&#8217;Autogovern de la Generalitat de Catalunya durant la reforma de l&#8217;Estatut catal\u00e0 de 2006. Tamb\u00e9 va formar part del Consejo Asesor para la modernizaci\u00f3n del Estado de las Autonom\u00edas durant la reforma de l&#8217;Estatut andal\u00fas de 2007. Escriu habitualment a mitjans com <em>Naci\u00f3 Digital<\/em> i participa activament en taules rodones i congressos sobre el conflicte Catalunya-Espanya. \u00c9s una de les cinc autores del llibre <em>El derecho a decidir: Teor\u00eda y pr\u00e1ctica de un nuevo derecho<\/em> (2015) i tamb\u00e9 \u00e9s co-autora de l&#8217;obra <em>Manual de derecho constitucional<\/em> (2012).<\/p>\n","protected":false},"featured_media":59092,"template":"","category_autors":[],"class_list":["post-21867","autors","type-autors","status-publish","has-post-thumbnail","hentry"],"acf":[],"yoast_head":"<!-- This site is optimized with the Yoast SEO plugin v27.4 - https:\/\/yoast.com\/product\/yoast-seo-wordpress\/ -->\n<title>Merc\u00e8 Barcel\u00f3 &#8211; IDEES<\/title>\n<meta name=\"robots\" content=\"index, follow, max-snippet:-1, max-image-preview:large, max-video-preview:-1\" \/>\n<link rel=\"canonical\" href=\"https:\/\/revistaidees.cat\/es\/autors\/merce-barcelo\/\" \/>\n<meta property=\"og:locale\" content=\"es_ES\" \/>\n<meta property=\"og:type\" content=\"article\" \/>\n<meta property=\"og:title\" content=\"Merc\u00e8 Barcel\u00f3 &#8211; IDEES\" \/>\n<meta property=\"og:description\" content=\"Merc\u00e8 Barcel\u00f3 Serramalera \u00e9s Catedr\u00e0tica de Dret Constitucional a la Universitat Aut\u00f2noma de Barcelona i coordinadora del Col\u00b7lectiu Praga, una iniciativa impulsada per una quarantena de catedr\u00e0tics i professors de dret per contribuir amb arguments jur\u00eddics al debat sobre l&#8217;exercici del dret a decidir a Catalunya. \u00c9s una de les juristes m\u00e9s destacades dins de la discussi\u00f3 sobre les diferents interpretacions de la Constituci\u00f3 espanyola. Va ser lletrada del Tribunal Constitucional i integrant de la Comissi\u00f3 Assessora de la Reforma de l&#8217;Autogovern de la Generalitat de Catalunya durant la reforma de l&#8217;Estatut catal\u00e0 de 2006. Tamb\u00e9 va formar part del\u2026\" \/>\n<meta property=\"og:url\" content=\"https:\/\/revistaidees.cat\/es\/autors\/merce-barcelo\/\" \/>\n<meta property=\"og:site_name\" content=\"IDEES\" \/>\n<meta property=\"article:modified_time\" content=\"2022-10-20T13:23:01+00:00\" \/>\n<meta property=\"og:image\" content=\"https:\/\/i0.wp.com\/revistaidees.cat\/wp-content\/uploads\/2020\/09\/Merce-Barcelo-def-1.jpg?fit=772%2C506&ssl=1\" \/>\n\t<meta property=\"og:image:width\" content=\"772\" \/>\n\t<meta property=\"og:image:height\" content=\"506\" \/>\n\t<meta property=\"og:image:type\" content=\"image\/jpeg\" \/>\n<meta name=\"twitter:card\" content=\"summary_large_image\" \/>\n<meta name=\"twitter:label1\" content=\"Tiempo de lectura\" \/>\n\t<meta name=\"twitter:data1\" content=\"1 minuto\" \/>\n<script type=\"application\/ld+json\" class=\"yoast-schema-graph\">{\"@context\":\"https:\\\/\\\/schema.org\",\"@graph\":[{\"@type\":\"WebPage\",\"@id\":\"https:\\\/\\\/revistaidees.cat\\\/es\\\/autors\\\/merce-barcelo\\\/\",\"url\":\"https:\\\/\\\/revistaidees.cat\\\/es\\\/autors\\\/merce-barcelo\\\/\",\"name\":\"Merc\u00e8 Barcel\u00f3 &#8211; IDEES\",\"isPartOf\":{\"@id\":\"https:\\\/\\\/revistaidees.cat\\\/#website\"},\"primaryImageOfPage\":{\"@id\":\"https:\\\/\\\/revistaidees.cat\\\/es\\\/autors\\\/merce-barcelo\\\/#primaryimage\"},\"image\":{\"@id\":\"https:\\\/\\\/revistaidees.cat\\\/es\\\/autors\\\/merce-barcelo\\\/#primaryimage\"},\"thumbnailUrl\":\"https:\\\/\\\/i0.wp.com\\\/revistaidees.cat\\\/wp-content\\\/uploads\\\/2020\\\/09\\\/Merce-Barcelo-def-1.jpg?fit=772%2C506&ssl=1\",\"datePublished\":\"2020-09-29T19:52:25+00:00\",\"dateModified\":\"2022-10-20T13:23:01+00:00\",\"breadcrumb\":{\"@id\":\"https:\\\/\\\/revistaidees.cat\\\/es\\\/autors\\\/merce-barcelo\\\/#breadcrumb\"},\"inLanguage\":\"es\",\"potentialAction\":[{\"@type\":\"ReadAction\",\"target\":[\"https:\\\/\\\/revistaidees.cat\\\/es\\\/autors\\\/merce-barcelo\\\/\"]}]},{\"@type\":\"ImageObject\",\"inLanguage\":\"es\",\"@id\":\"https:\\\/\\\/revistaidees.cat\\\/es\\\/autors\\\/merce-barcelo\\\/#primaryimage\",\"url\":\"https:\\\/\\\/i0.wp.com\\\/revistaidees.cat\\\/wp-content\\\/uploads\\\/2020\\\/09\\\/Merce-Barcelo-def-1.jpg?fit=772%2C506&ssl=1\",\"contentUrl\":\"https:\\\/\\\/i0.wp.com\\\/revistaidees.cat\\\/wp-content\\\/uploads\\\/2020\\\/09\\\/Merce-Barcelo-def-1.jpg?fit=772%2C506&ssl=1\",\"width\":772,\"height\":506,\"caption\":\"Merc\u00e8 Barcel\u00f3\"},{\"@type\":\"BreadcrumbList\",\"@id\":\"https:\\\/\\\/revistaidees.cat\\\/es\\\/autors\\\/merce-barcelo\\\/#breadcrumb\",\"itemListElement\":[{\"@type\":\"ListItem\",\"position\":1,\"name\":\"Inici\",\"item\":\"https:\\\/\\\/revistaidees.cat\\\/es\\\/\"},{\"@type\":\"ListItem\",\"position\":2,\"name\":\"Autors\",\"item\":\"https:\\\/\\\/revistaidees.cat\\\/autors\\\/\"},{\"@type\":\"ListItem\",\"position\":3,\"name\":\"Merc\u00e8 Barcel\u00f3\"}]},{\"@type\":\"WebSite\",\"@id\":\"https:\\\/\\\/revistaidees.cat\\\/#website\",\"url\":\"https:\\\/\\\/revistaidees.cat\\\/\",\"name\":\"IDEES\",\"description\":\"Revista de temas contempor\u00e1neos\",\"potentialAction\":[{\"@type\":\"SearchAction\",\"target\":{\"@type\":\"EntryPoint\",\"urlTemplate\":\"https:\\\/\\\/revistaidees.cat\\\/?s={search_term_string}\"},\"query-input\":{\"@type\":\"PropertyValueSpecification\",\"valueRequired\":true,\"valueName\":\"search_term_string\"}}],\"inLanguage\":\"es\"}]}<\/script>\n<!-- \/ Yoast SEO plugin. -->","yoast_head_json":{"title":"Merc\u00e8 Barcel\u00f3 &#8211; IDEES","robots":{"index":"index","follow":"follow","max-snippet":"max-snippet:-1","max-image-preview":"max-image-preview:large","max-video-preview":"max-video-preview:-1"},"canonical":"https:\/\/revistaidees.cat\/es\/autors\/merce-barcelo\/","og_locale":"es_ES","og_type":"article","og_title":"Merc\u00e8 Barcel\u00f3 &#8211; IDEES","og_description":"Merc\u00e8 Barcel\u00f3 Serramalera \u00e9s Catedr\u00e0tica de Dret Constitucional a la Universitat Aut\u00f2noma de Barcelona i coordinadora del Col\u00b7lectiu Praga, una iniciativa impulsada per una quarantena de catedr\u00e0tics i professors de dret per contribuir amb arguments jur\u00eddics al debat sobre l&#8217;exercici del dret a decidir a Catalunya. \u00c9s una de les juristes m\u00e9s destacades dins de la discussi\u00f3 sobre les diferents interpretacions de la Constituci\u00f3 espanyola. Va ser lletrada del Tribunal Constitucional i integrant de la Comissi\u00f3 Assessora de la Reforma de l&#8217;Autogovern de la Generalitat de Catalunya durant la reforma de l&#8217;Estatut catal\u00e0 de 2006. Tamb\u00e9 va formar part del\u2026","og_url":"https:\/\/revistaidees.cat\/es\/autors\/merce-barcelo\/","og_site_name":"IDEES","article_modified_time":"2022-10-20T13:23:01+00:00","og_image":[{"width":772,"height":506,"url":"https:\/\/i0.wp.com\/revistaidees.cat\/wp-content\/uploads\/2020\/09\/Merce-Barcelo-def-1.jpg?fit=772%2C506&ssl=1","type":"image\/jpeg"}],"twitter_card":"summary_large_image","twitter_misc":{"Tiempo de lectura":"1 minuto"},"schema":{"@context":"https:\/\/schema.org","@graph":[{"@type":"WebPage","@id":"https:\/\/revistaidees.cat\/es\/autors\/merce-barcelo\/","url":"https:\/\/revistaidees.cat\/es\/autors\/merce-barcelo\/","name":"Merc\u00e8 Barcel\u00f3 &#8211; IDEES","isPartOf":{"@id":"https:\/\/revistaidees.cat\/#website"},"primaryImageOfPage":{"@id":"https:\/\/revistaidees.cat\/es\/autors\/merce-barcelo\/#primaryimage"},"image":{"@id":"https:\/\/revistaidees.cat\/es\/autors\/merce-barcelo\/#primaryimage"},"thumbnailUrl":"https:\/\/i0.wp.com\/revistaidees.cat\/wp-content\/uploads\/2020\/09\/Merce-Barcelo-def-1.jpg?fit=772%2C506&ssl=1","datePublished":"2020-09-29T19:52:25+00:00","dateModified":"2022-10-20T13:23:01+00:00","breadcrumb":{"@id":"https:\/\/revistaidees.cat\/es\/autors\/merce-barcelo\/#breadcrumb"},"inLanguage":"es","potentialAction":[{"@type":"ReadAction","target":["https:\/\/revistaidees.cat\/es\/autors\/merce-barcelo\/"]}]},{"@type":"ImageObject","inLanguage":"es","@id":"https:\/\/revistaidees.cat\/es\/autors\/merce-barcelo\/#primaryimage","url":"https:\/\/i0.wp.com\/revistaidees.cat\/wp-content\/uploads\/2020\/09\/Merce-Barcelo-def-1.jpg?fit=772%2C506&ssl=1","contentUrl":"https:\/\/i0.wp.com\/revistaidees.cat\/wp-content\/uploads\/2020\/09\/Merce-Barcelo-def-1.jpg?fit=772%2C506&ssl=1","width":772,"height":506,"caption":"Merc\u00e8 Barcel\u00f3"},{"@type":"BreadcrumbList","@id":"https:\/\/revistaidees.cat\/es\/autors\/merce-barcelo\/#breadcrumb","itemListElement":[{"@type":"ListItem","position":1,"name":"Inici","item":"https:\/\/revistaidees.cat\/es\/"},{"@type":"ListItem","position":2,"name":"Autors","item":"https:\/\/revistaidees.cat\/autors\/"},{"@type":"ListItem","position":3,"name":"Merc\u00e8 Barcel\u00f3"}]},{"@type":"WebSite","@id":"https:\/\/revistaidees.cat\/#website","url":"https:\/\/revistaidees.cat\/","name":"IDEES","description":"Revista de temas contempor\u00e1neos","potentialAction":[{"@type":"SearchAction","target":{"@type":"EntryPoint","urlTemplate":"https:\/\/revistaidees.cat\/?s={search_term_string}"},"query-input":{"@type":"PropertyValueSpecification","valueRequired":true,"valueName":"search_term_string"}}],"inLanguage":"es"}]}},"jetpack_sharing_enabled":true,"_links":{"self":[{"href":"https:\/\/revistaidees.cat\/es\/wp-json\/wp\/v2\/autors\/21867","targetHints":{"allow":["GET"]}}],"collection":[{"href":"https:\/\/revistaidees.cat\/es\/wp-json\/wp\/v2\/autors"}],"about":[{"href":"https:\/\/revistaidees.cat\/es\/wp-json\/wp\/v2\/types\/autors"}],"version-history":[{"count":2,"href":"https:\/\/revistaidees.cat\/es\/wp-json\/wp\/v2\/autors\/21867\/revisions"}],"predecessor-version":[{"id":59093,"href":"https:\/\/revistaidees.cat\/es\/wp-json\/wp\/v2\/autors\/21867\/revisions\/59093"}],"wp:featuredmedia":[{"embeddable":true,"href":"https:\/\/revistaidees.cat\/es\/wp-json\/wp\/v2\/media\/59092"}],"wp:attachment":[{"href":"https:\/\/revistaidees.cat\/es\/wp-json\/wp\/v2\/media?parent=21867"}],"wp:term":[{"taxonomy":"category_autors","embeddable":true,"href":"https:\/\/revistaidees.cat\/es\/wp-json\/wp\/v2\/category_autors?post=21867"}],"curies":[{"name":"wp","href":"https:\/\/api.w.org\/{rel}","templated":true}]}}

Mercè Barceló

<p>Mercè Barceló Serramalera és Catedràtica de Dret Constitucional a la Universitat Autònoma de Barcelona i coordinadora del Col·lectiu Praga, una iniciativa impulsada per una quarantena de catedràtics i professors de dret per contribuir amb arguments jurídics al debat sobre l&#8217;exercici del dret a decidir a Catalunya. És una de les juristes més destacades dins de la discussió sobre les diferents interpretacions de la Constitució espanyola. Va ser lletrada del Tribunal Constitucional i integrant de la Comissió Assessora de la Reforma de l&#8217;Autogovern de la Generalitat de Catalunya durant la reforma de l&#8217;Estatut català de 2006. També va formar part del Consejo Asesor para la modernización del Estado de las Autonomías durant la reforma de l&#8217;Estatut andalús de 2007. Escriu habitualment a mitjans com <em>Nació Digital</em> i participa activament en taules rodones i congressos sobre el conflicte Catalunya-Espanya. És una de les cinc autores del llibre <em>El derecho a decidir: Teoría y práctica de un nuevo derecho</em> (2015) i també és co-autora de l&#8217;obra <em>Manual de derecho constitucional</em> (2012).</p>

<!-- This site is optimized with the Yoast SEO plugin v27.4 - https://yoast.com/product/yoast-seo-wordpress/ -->
<title>Mercè Barceló &#8211; IDEES</title>
<meta name="robots" content="index, follow, max-snippet:-1, max-image-preview:large, max-video-preview:-1" />
<link rel="canonical" href="https://revistaidees.cat/es/autors/merce-barcelo/" />
<meta property="og:locale" content="es_ES" />
<meta property="og:type" content="article" />
<meta property="og:title" content="Mercè Barceló &#8211; IDEES" />
<meta property="og:description" content="Mercè Barceló Serramalera és Catedràtica de Dret Constitucional a la Universitat Autònoma de Barcelona i coordinadora del Col·lectiu Praga, una iniciativa impulsada per una quarantena de catedràtics i professors de dret per contribuir amb arguments jurídics al debat sobre l&#8217;exercici del dret a decidir a Catalunya. És una de les juristes més destacades dins de la discussió sobre les diferents interpretacions de la Constitució espanyola. Va ser lletrada del Tribunal Constitucional i integrant de la Comissió Assessora de la Reforma de l&#8217;Autogovern de la Generalitat de Catalunya durant la reforma de l&#8217;Estatut català de 2006. També va formar part del…" />
<meta property="og:url" content="https://revistaidees.cat/es/autors/merce-barcelo/" />
<meta property="og:site_name" content="IDEES" />
<meta property="article:modified_time" content="2022-10-20T13:23:01+00:00" />
<meta property="og:image" content="https://i0.wp.com/revistaidees.cat/wp-content/uploads/2020/09/Merce-Barcelo-def-1.jpg?fit=772%2C506&ssl=1" />
	<meta property="og:image:width" content="772" />
	<meta property="og:image:height" content="506" />
	<meta property="og:image:type" content="image/jpeg" />
<meta name="twitter:card" content="summary_large_image" />
<meta name="twitter:label1" content="Tiempo de lectura" />
	<meta name="twitter:data1" content="1 minuto" />
<script type="application/ld+json" class="yoast-schema-graph">{"@context":"https:\/\/schema.org","@graph":[{"@type":"WebPage","@id":"https:\/\/revistaidees.cat\/es\/autors\/merce-barcelo\/","url":"https:\/\/revistaidees.cat\/es\/autors\/merce-barcelo\/","name":"Mercè Barceló &#8211; IDEES","isPartOf":{"@id":"https:\/\/revistaidees.cat\/#website"},"primaryImageOfPage":{"@id":"https:\/\/revistaidees.cat\/es\/autors\/merce-barcelo\/#primaryimage"},"image":{"@id":"https:\/\/revistaidees.cat\/es\/autors\/merce-barcelo\/#primaryimage"},"thumbnailUrl":"https:\/\/i0.wp.com\/revistaidees.cat\/wp-content\/uploads\/2020\/09\/Merce-Barcelo-def-1.jpg?fit=772%2C506&ssl=1","datePublished":"2020-09-29T19:52:25+00:00","dateModified":"2022-10-20T13:23:01+00:00","breadcrumb":{"@id":"https:\/\/revistaidees.cat\/es\/autors\/merce-barcelo\/#breadcrumb"},"inLanguage":"es","potentialAction":[{"@type":"ReadAction","target":["https:\/\/revistaidees.cat\/es\/autors\/merce-barcelo\/"]}]},{"@type":"ImageObject","inLanguage":"es","@id":"https:\/\/revistaidees.cat\/es\/autors\/merce-barcelo\/#primaryimage","url":"https:\/\/i0.wp.com\/revistaidees.cat\/wp-content\/uploads\/2020\/09\/Merce-Barcelo-def-1.jpg?fit=772%2C506&ssl=1","contentUrl":"https:\/\/i0.wp.com\/revistaidees.cat\/wp-content\/uploads\/2020\/09\/Merce-Barcelo-def-1.jpg?fit=772%2C506&ssl=1","width":772,"height":506,"caption":"Mercè Barceló"},{"@type":"BreadcrumbList","@id":"https:\/\/revistaidees.cat\/es\/autors\/merce-barcelo\/#breadcrumb","itemListElement":[{"@type":"ListItem","position":1,"name":"Inici","item":"https:\/\/revistaidees.cat\/es\/"},{"@type":"ListItem","position":2,"name":"Autors","item":"https:\/\/revistaidees.cat\/autors\/"},{"@type":"ListItem","position":3,"name":"Mercè Barceló"}]},{"@type":"WebSite","@id":"https:\/\/revistaidees.cat\/#website","url":"https:\/\/revistaidees.cat\/","name":"IDEES","description":"Revista de temas contemporáneos","potentialAction":[{"@type":"SearchAction","target":{"@type":"EntryPoint","urlTemplate":"https:\/\/revistaidees.cat\/?s={search_term_string}"},"query-input":{"@type":"PropertyValueSpecification","valueRequired":true,"valueName":"search_term_string"}}],"inLanguage":"es"}]}</script>
<!-- / Yoast SEO plugin. -->

Mercè Barceló &#8211; IDEES

Mercè Barceló Serramalera és Catedràtica de Dret Constitucional a la Universitat Autònoma de Barcelona i coordinadora del Col·lectiu Praga, una iniciativa impulsada per una quarantena de catedràtics i professors de dret per contribuir amb arguments jurídics al debat sobre l&#8217;exercici del dret a decidir a Catalunya. És una de les juristes més destacades dins de la discussió sobre les diferents interpretacions de la Constitució espanyola. Va ser lletrada del Tribunal Constitucional i integrant de la Comissió Assessora de la Reforma de l&#8217;Autogovern de la Generalitat de Catalunya durant la reforma de l&#8217;Estatut català de 2006. També va formar part del…

Revista de temas contemporáneos
