{"id":21893,"date":"2020-09-29T22:17:59","date_gmt":"2020-09-29T22:17:59","guid":{"rendered":"https:\/\/revistaidees.cat\/?post_type=autors&#038;p=21893"},"modified":"2020-09-29T22:18:00","modified_gmt":"2020-09-29T22:18:00","slug":"xavier-arbos","status":"publish","type":"autors","link":"https:\/\/revistaidees.cat\/es\/autors\/xavier-arbos\/","title":{"rendered":"Xavier Arb\u00f3s"},"content":{"rendered":"\n<p>Xavier Arb\u00f3s es Catedr\u00e1tico de Derecho Constitucional en la Universidad de Barcelona. Es licenciado y doctor en Derecho por la misma universidad, y diplomado en estudios avanzados por el Instituto de Estudios Pol\u00edticos de Par\u00eds. Tambi\u00e9n fue decano de la Facultad de Derecho de la Universidad de Girona. Sus l\u00edneas de investigaci\u00f3n son el federalismo, la historia y justicia constitucionales y las relaciones intergubernamentales. Fue investigador con la beca &#8216;Jean Monnet&#8217; en el Instituto Universitario Europeo de Florencia, y entre los a\u00f1os 1997 y 2000 fue presidente del International Council for Canadien Studies (ICCS). Escribe habitualmente en medios como La Vanguardia, El Pa\u00eds y El Peri\u00f3dico, y es autor de varios libros, entre los cuales <em>Las relaciones intergubernamentales en el Estado auton\u00f3mico. La posici\u00f3n de los actores<\/em> (2009) y <em>Acuerdos prejudiciales y conflictos intergubernamentales sobre normas con rango de ley<\/em> (2014). Su tesis doctoral, publicada en 1986, analiz\u00f3 la idea de naci\u00f3n en el primer constitucionalismo espanyol.<\/p>\n","protected":false},"featured_media":59080,"template":"","category_autors":[],"class_list":["post-21893","autors","type-autors","status-publish","has-post-thumbnail","hentry"],"acf":[],"yoast_head":"<!-- This site is optimized with the Yoast SEO plugin v27.4 - https:\/\/yoast.com\/product\/yoast-seo-wordpress\/ -->\n<title>Xavier Arb\u00f3s &#8211; IDEES<\/title>\n<meta name=\"robots\" content=\"index, follow, max-snippet:-1, max-image-preview:large, max-video-preview:-1\" \/>\n<link rel=\"canonical\" href=\"https:\/\/revistaidees.cat\/es\/autors\/xavier-arbos\/\" \/>\n<meta property=\"og:locale\" content=\"es_ES\" \/>\n<meta property=\"og:type\" content=\"article\" \/>\n<meta property=\"og:title\" content=\"Xavier Arb\u00f3s &#8211; IDEES\" \/>\n<meta property=\"og:description\" content=\"Xavier Arb\u00f3s es Catedr\u00e1tico de Derecho Constitucional en la Universidad de Barcelona. Es licenciado y doctor en Derecho por la misma universidad, y diplomado en estudios avanzados por el Instituto de Estudios Pol\u00edticos de Par\u00eds. Tambi\u00e9n fue decano de la Facultad de Derecho de la Universidad de Girona. Sus l\u00edneas de investigaci\u00f3n son el federalismo, la historia y justicia constitucionales y las relaciones intergubernamentales. Fue investigador con la beca &#8216;Jean Monnet&#8217; en el Instituto Universitario Europeo de Florencia, y entre los a\u00f1os 1997 y 2000 fue presidente del International Council for Canadien Studies (ICCS). Escribe habitualmente en medios como La\u2026\" \/>\n<meta property=\"og:url\" content=\"https:\/\/revistaidees.cat\/es\/autors\/xavier-arbos\/\" \/>\n<meta property=\"og:site_name\" content=\"IDEES\" \/>\n<meta property=\"article:modified_time\" content=\"2020-09-29T22:18:00+00:00\" \/>\n<meta property=\"og:image\" content=\"https:\/\/i0.wp.com\/revistaidees.cat\/wp-content\/uploads\/2020\/09\/Xavier-Arbos-def-1.jpg?fit=1300%2C855&ssl=1\" \/>\n\t<meta property=\"og:image:width\" content=\"1300\" \/>\n\t<meta property=\"og:image:height\" content=\"855\" \/>\n\t<meta property=\"og:image:type\" content=\"image\/jpeg\" \/>\n<meta name=\"twitter:card\" content=\"summary_large_image\" \/>\n<meta name=\"twitter:label1\" content=\"Tiempo de lectura\" \/>\n\t<meta name=\"twitter:data1\" content=\"1 minuto\" \/>\n<script type=\"application\/ld+json\" class=\"yoast-schema-graph\">{\"@context\":\"https:\\\/\\\/schema.org\",\"@graph\":[{\"@type\":\"WebPage\",\"@id\":\"https:\\\/\\\/revistaidees.cat\\\/es\\\/autors\\\/xavier-arbos\\\/\",\"url\":\"https:\\\/\\\/revistaidees.cat\\\/es\\\/autors\\\/xavier-arbos\\\/\",\"name\":\"Xavier Arb\u00f3s &#8211; IDEES\",\"isPartOf\":{\"@id\":\"https:\\\/\\\/revistaidees.cat\\\/#website\"},\"primaryImageOfPage\":{\"@id\":\"https:\\\/\\\/revistaidees.cat\\\/es\\\/autors\\\/xavier-arbos\\\/#primaryimage\"},\"image\":{\"@id\":\"https:\\\/\\\/revistaidees.cat\\\/es\\\/autors\\\/xavier-arbos\\\/#primaryimage\"},\"thumbnailUrl\":\"https:\\\/\\\/i0.wp.com\\\/revistaidees.cat\\\/wp-content\\\/uploads\\\/2020\\\/09\\\/Xavier-Arbos-def-1.jpg?fit=1300%2C855&ssl=1\",\"datePublished\":\"2020-09-29T22:17:59+00:00\",\"dateModified\":\"2020-09-29T22:18:00+00:00\",\"breadcrumb\":{\"@id\":\"https:\\\/\\\/revistaidees.cat\\\/es\\\/autors\\\/xavier-arbos\\\/#breadcrumb\"},\"inLanguage\":\"es\",\"potentialAction\":[{\"@type\":\"ReadAction\",\"target\":[\"https:\\\/\\\/revistaidees.cat\\\/es\\\/autors\\\/xavier-arbos\\\/\"]}]},{\"@type\":\"ImageObject\",\"inLanguage\":\"es\",\"@id\":\"https:\\\/\\\/revistaidees.cat\\\/es\\\/autors\\\/xavier-arbos\\\/#primaryimage\",\"url\":\"https:\\\/\\\/i0.wp.com\\\/revistaidees.cat\\\/wp-content\\\/uploads\\\/2020\\\/09\\\/Xavier-Arbos-def-1.jpg?fit=1300%2C855&ssl=1\",\"contentUrl\":\"https:\\\/\\\/i0.wp.com\\\/revistaidees.cat\\\/wp-content\\\/uploads\\\/2020\\\/09\\\/Xavier-Arbos-def-1.jpg?fit=1300%2C855&ssl=1\",\"width\":1300,\"height\":855,\"caption\":\"Xavier Arb\u00f3s\"},{\"@type\":\"BreadcrumbList\",\"@id\":\"https:\\\/\\\/revistaidees.cat\\\/es\\\/autors\\\/xavier-arbos\\\/#breadcrumb\",\"itemListElement\":[{\"@type\":\"ListItem\",\"position\":1,\"name\":\"Inici\",\"item\":\"https:\\\/\\\/revistaidees.cat\\\/es\\\/\"},{\"@type\":\"ListItem\",\"position\":2,\"name\":\"Autors\",\"item\":\"https:\\\/\\\/revistaidees.cat\\\/autors\\\/\"},{\"@type\":\"ListItem\",\"position\":3,\"name\":\"Xavier Arb\u00f3s\"}]},{\"@type\":\"WebSite\",\"@id\":\"https:\\\/\\\/revistaidees.cat\\\/#website\",\"url\":\"https:\\\/\\\/revistaidees.cat\\\/\",\"name\":\"IDEES\",\"description\":\"Revista de temas contempor\u00e1neos\",\"potentialAction\":[{\"@type\":\"SearchAction\",\"target\":{\"@type\":\"EntryPoint\",\"urlTemplate\":\"https:\\\/\\\/revistaidees.cat\\\/?s={search_term_string}\"},\"query-input\":{\"@type\":\"PropertyValueSpecification\",\"valueRequired\":true,\"valueName\":\"search_term_string\"}}],\"inLanguage\":\"es\"}]}<\/script>\n<!-- \/ Yoast SEO plugin. -->","yoast_head_json":{"title":"Xavier Arb\u00f3s &#8211; IDEES","robots":{"index":"index","follow":"follow","max-snippet":"max-snippet:-1","max-image-preview":"max-image-preview:large","max-video-preview":"max-video-preview:-1"},"canonical":"https:\/\/revistaidees.cat\/es\/autors\/xavier-arbos\/","og_locale":"es_ES","og_type":"article","og_title":"Xavier Arb\u00f3s &#8211; IDEES","og_description":"Xavier Arb\u00f3s es Catedr\u00e1tico de Derecho Constitucional en la Universidad de Barcelona. Es licenciado y doctor en Derecho por la misma universidad, y diplomado en estudios avanzados por el Instituto de Estudios Pol\u00edticos de Par\u00eds. Tambi\u00e9n fue decano de la Facultad de Derecho de la Universidad de Girona. Sus l\u00edneas de investigaci\u00f3n son el federalismo, la historia y justicia constitucionales y las relaciones intergubernamentales. Fue investigador con la beca &#8216;Jean Monnet&#8217; en el Instituto Universitario Europeo de Florencia, y entre los a\u00f1os 1997 y 2000 fue presidente del International Council for Canadien Studies (ICCS). Escribe habitualmente en medios como La\u2026","og_url":"https:\/\/revistaidees.cat\/es\/autors\/xavier-arbos\/","og_site_name":"IDEES","article_modified_time":"2020-09-29T22:18:00+00:00","og_image":[{"width":1300,"height":855,"url":"https:\/\/i0.wp.com\/revistaidees.cat\/wp-content\/uploads\/2020\/09\/Xavier-Arbos-def-1.jpg?fit=1300%2C855&ssl=1","type":"image\/jpeg"}],"twitter_card":"summary_large_image","twitter_misc":{"Tiempo de lectura":"1 minuto"},"schema":{"@context":"https:\/\/schema.org","@graph":[{"@type":"WebPage","@id":"https:\/\/revistaidees.cat\/es\/autors\/xavier-arbos\/","url":"https:\/\/revistaidees.cat\/es\/autors\/xavier-arbos\/","name":"Xavier Arb\u00f3s &#8211; IDEES","isPartOf":{"@id":"https:\/\/revistaidees.cat\/#website"},"primaryImageOfPage":{"@id":"https:\/\/revistaidees.cat\/es\/autors\/xavier-arbos\/#primaryimage"},"image":{"@id":"https:\/\/revistaidees.cat\/es\/autors\/xavier-arbos\/#primaryimage"},"thumbnailUrl":"https:\/\/i0.wp.com\/revistaidees.cat\/wp-content\/uploads\/2020\/09\/Xavier-Arbos-def-1.jpg?fit=1300%2C855&ssl=1","datePublished":"2020-09-29T22:17:59+00:00","dateModified":"2020-09-29T22:18:00+00:00","breadcrumb":{"@id":"https:\/\/revistaidees.cat\/es\/autors\/xavier-arbos\/#breadcrumb"},"inLanguage":"es","potentialAction":[{"@type":"ReadAction","target":["https:\/\/revistaidees.cat\/es\/autors\/xavier-arbos\/"]}]},{"@type":"ImageObject","inLanguage":"es","@id":"https:\/\/revistaidees.cat\/es\/autors\/xavier-arbos\/#primaryimage","url":"https:\/\/i0.wp.com\/revistaidees.cat\/wp-content\/uploads\/2020\/09\/Xavier-Arbos-def-1.jpg?fit=1300%2C855&ssl=1","contentUrl":"https:\/\/i0.wp.com\/revistaidees.cat\/wp-content\/uploads\/2020\/09\/Xavier-Arbos-def-1.jpg?fit=1300%2C855&ssl=1","width":1300,"height":855,"caption":"Xavier Arb\u00f3s"},{"@type":"BreadcrumbList","@id":"https:\/\/revistaidees.cat\/es\/autors\/xavier-arbos\/#breadcrumb","itemListElement":[{"@type":"ListItem","position":1,"name":"Inici","item":"https:\/\/revistaidees.cat\/es\/"},{"@type":"ListItem","position":2,"name":"Autors","item":"https:\/\/revistaidees.cat\/autors\/"},{"@type":"ListItem","position":3,"name":"Xavier Arb\u00f3s"}]},{"@type":"WebSite","@id":"https:\/\/revistaidees.cat\/#website","url":"https:\/\/revistaidees.cat\/","name":"IDEES","description":"Revista de temas contempor\u00e1neos","potentialAction":[{"@type":"SearchAction","target":{"@type":"EntryPoint","urlTemplate":"https:\/\/revistaidees.cat\/?s={search_term_string}"},"query-input":{"@type":"PropertyValueSpecification","valueRequired":true,"valueName":"search_term_string"}}],"inLanguage":"es"}]}},"jetpack_sharing_enabled":true,"_links":{"self":[{"href":"https:\/\/revistaidees.cat\/es\/wp-json\/wp\/v2\/autors\/21893","targetHints":{"allow":["GET"]}}],"collection":[{"href":"https:\/\/revistaidees.cat\/es\/wp-json\/wp\/v2\/autors"}],"about":[{"href":"https:\/\/revistaidees.cat\/es\/wp-json\/wp\/v2\/types\/autors"}],"version-history":[{"count":1,"href":"https:\/\/revistaidees.cat\/es\/wp-json\/wp\/v2\/autors\/21893\/revisions"}],"predecessor-version":[{"id":21894,"href":"https:\/\/revistaidees.cat\/es\/wp-json\/wp\/v2\/autors\/21893\/revisions\/21894"}],"wp:featuredmedia":[{"embeddable":true,"href":"https:\/\/revistaidees.cat\/es\/wp-json\/wp\/v2\/media\/59080"}],"wp:attachment":[{"href":"https:\/\/revistaidees.cat\/es\/wp-json\/wp\/v2\/media?parent=21893"}],"wp:term":[{"taxonomy":"category_autors","embeddable":true,"href":"https:\/\/revistaidees.cat\/es\/wp-json\/wp\/v2\/category_autors?post=21893"}],"curies":[{"name":"wp","href":"https:\/\/api.w.org\/{rel}","templated":true}]}}

Xavier Arbós

<p>Xavier Arbós es Catedrático de Derecho Constitucional en la Universidad de Barcelona. Es licenciado y doctor en Derecho por la misma universidad, y diplomado en estudios avanzados por el Instituto de Estudios Políticos de París. También fue decano de la Facultad de Derecho de la Universidad de Girona. Sus líneas de investigación son el federalismo, la historia y justicia constitucionales y las relaciones intergubernamentales. Fue investigador con la beca &#8216;Jean Monnet&#8217; en el Instituto Universitario Europeo de Florencia, y entre los años 1997 y 2000 fue presidente del International Council for Canadien Studies (ICCS). Escribe habitualmente en medios como La Vanguardia, El País y El Periódico, y es autor de varios libros, entre los cuales <em>Las relaciones intergubernamentales en el Estado autonómico. La posición de los actores</em> (2009) y <em>Acuerdos prejudiciales y conflictos intergubernamentales sobre normas con rango de ley</em> (2014). Su tesis doctoral, publicada en 1986, analizó la idea de nación en el primer constitucionalismo espanyol.</p>

<!-- This site is optimized with the Yoast SEO plugin v27.4 - https://yoast.com/product/yoast-seo-wordpress/ -->
<title>Xavier Arbós &#8211; IDEES</title>
<meta name="robots" content="index, follow, max-snippet:-1, max-image-preview:large, max-video-preview:-1" />
<link rel="canonical" href="https://revistaidees.cat/es/autors/xavier-arbos/" />
<meta property="og:locale" content="es_ES" />
<meta property="og:type" content="article" />
<meta property="og:title" content="Xavier Arbós &#8211; IDEES" />
<meta property="og:description" content="Xavier Arbós es Catedrático de Derecho Constitucional en la Universidad de Barcelona. Es licenciado y doctor en Derecho por la misma universidad, y diplomado en estudios avanzados por el Instituto de Estudios Políticos de París. También fue decano de la Facultad de Derecho de la Universidad de Girona. Sus líneas de investigación son el federalismo, la historia y justicia constitucionales y las relaciones intergubernamentales. Fue investigador con la beca &#8216;Jean Monnet&#8217; en el Instituto Universitario Europeo de Florencia, y entre los años 1997 y 2000 fue presidente del International Council for Canadien Studies (ICCS). Escribe habitualmente en medios como La…" />
<meta property="og:url" content="https://revistaidees.cat/es/autors/xavier-arbos/" />
<meta property="og:site_name" content="IDEES" />
<meta property="article:modified_time" content="2020-09-29T22:18:00+00:00" />
<meta property="og:image" content="https://i0.wp.com/revistaidees.cat/wp-content/uploads/2020/09/Xavier-Arbos-def-1.jpg?fit=1300%2C855&ssl=1" />
	<meta property="og:image:width" content="1300" />
	<meta property="og:image:height" content="855" />
	<meta property="og:image:type" content="image/jpeg" />
<meta name="twitter:card" content="summary_large_image" />
<meta name="twitter:label1" content="Tiempo de lectura" />
	<meta name="twitter:data1" content="1 minuto" />
<script type="application/ld+json" class="yoast-schema-graph">{"@context":"https:\/\/schema.org","@graph":[{"@type":"WebPage","@id":"https:\/\/revistaidees.cat\/es\/autors\/xavier-arbos\/","url":"https:\/\/revistaidees.cat\/es\/autors\/xavier-arbos\/","name":"Xavier Arbós &#8211; IDEES","isPartOf":{"@id":"https:\/\/revistaidees.cat\/#website"},"primaryImageOfPage":{"@id":"https:\/\/revistaidees.cat\/es\/autors\/xavier-arbos\/#primaryimage"},"image":{"@id":"https:\/\/revistaidees.cat\/es\/autors\/xavier-arbos\/#primaryimage"},"thumbnailUrl":"https:\/\/i0.wp.com\/revistaidees.cat\/wp-content\/uploads\/2020\/09\/Xavier-Arbos-def-1.jpg?fit=1300%2C855&ssl=1","datePublished":"2020-09-29T22:17:59+00:00","dateModified":"2020-09-29T22:18:00+00:00","breadcrumb":{"@id":"https:\/\/revistaidees.cat\/es\/autors\/xavier-arbos\/#breadcrumb"},"inLanguage":"es","potentialAction":[{"@type":"ReadAction","target":["https:\/\/revistaidees.cat\/es\/autors\/xavier-arbos\/"]}]},{"@type":"ImageObject","inLanguage":"es","@id":"https:\/\/revistaidees.cat\/es\/autors\/xavier-arbos\/#primaryimage","url":"https:\/\/i0.wp.com\/revistaidees.cat\/wp-content\/uploads\/2020\/09\/Xavier-Arbos-def-1.jpg?fit=1300%2C855&ssl=1","contentUrl":"https:\/\/i0.wp.com\/revistaidees.cat\/wp-content\/uploads\/2020\/09\/Xavier-Arbos-def-1.jpg?fit=1300%2C855&ssl=1","width":1300,"height":855,"caption":"Xavier Arbós"},{"@type":"BreadcrumbList","@id":"https:\/\/revistaidees.cat\/es\/autors\/xavier-arbos\/#breadcrumb","itemListElement":[{"@type":"ListItem","position":1,"name":"Inici","item":"https:\/\/revistaidees.cat\/es\/"},{"@type":"ListItem","position":2,"name":"Autors","item":"https:\/\/revistaidees.cat\/autors\/"},{"@type":"ListItem","position":3,"name":"Xavier Arbós"}]},{"@type":"WebSite","@id":"https:\/\/revistaidees.cat\/#website","url":"https:\/\/revistaidees.cat\/","name":"IDEES","description":"Revista de temas contemporáneos","potentialAction":[{"@type":"SearchAction","target":{"@type":"EntryPoint","urlTemplate":"https:\/\/revistaidees.cat\/?s={search_term_string}"},"query-input":{"@type":"PropertyValueSpecification","valueRequired":true,"valueName":"search_term_string"}}],"inLanguage":"es"}]}</script>
<!-- / Yoast SEO plugin. -->

Xavier Arbós &#8211; IDEES

Xavier Arbós es Catedrático de Derecho Constitucional en la Universidad de Barcelona. Es licenciado y doctor en Derecho por la misma universidad, y diplomado en estudios avanzados por el Instituto de Estudios Políticos de París. También fue decano de la Facultad de Derecho de la Universidad de Girona. Sus líneas de investigación son el federalismo, la historia y justicia constitucionales y las relaciones intergubernamentales. Fue investigador con la beca &#8216;Jean Monnet&#8217; en el Instituto Universitario Europeo de Florencia, y entre los años 1997 y 2000 fue presidente del International Council for Canadien Studies (ICCS). Escribe habitualmente en medios como La…

Revista de temas contemporáneos
