{"id":23084,"date":"2020-10-06T22:19:40","date_gmt":"2020-10-06T22:19:40","guid":{"rendered":"https:\/\/revistaidees.cat\/?post_type=autors&#038;p=23084"},"modified":"2020-10-07T09:06:34","modified_gmt":"2020-10-07T09:06:34","slug":"carole-henaff","status":"publish","type":"autors","link":"https:\/\/revistaidees.cat\/es\/autors\/carole-henaff\/","title":{"rendered":"Carole H\u00e9naff"},"content":{"rendered":"\n<p>Carole H\u00e9naff es ilustradora y dise\u00f1adora. Tras estudiar literatura teatral en Censier, se traslad\u00f3 a Barcelona para estudiar Artes Gr\u00e1ficas. Se incorpor\u00f3 al estudio de Peret, donde trabaj\u00f3 como dise\u00f1adora gr\u00e1fica en campa\u00f1as publicitarias, cortinillas para canales de televisi\u00f3n, identidad corporativa y ediciones. Desde 2003 trabaja como <em>freelance<\/em>. Su obra incluye prensa, edici\u00f3n infantil, carteles, portadas de libros para clientes en Espa\u00f1a, Francia, Inglaterra y Estados Unidos. Su estilo es una mezcla entre diferentes influencias, tratando de llegar a ese punto de encuentro entre la forma y el concepto. Su trabajo fue reconocido por Communication Arts en 2019 y por American Illustration en 2020.<\/p>\n","protected":false},"featured_media":23101,"template":"","category_autors":[],"class_list":["post-23084","autors","type-autors","status-publish","has-post-thumbnail","hentry"],"acf":[],"yoast_head":"<!-- This site is optimized with the Yoast SEO plugin v27.4 - https:\/\/yoast.com\/product\/yoast-seo-wordpress\/ -->\n<title>Carole H\u00e9naff &#8211; IDEES<\/title>\n<meta name=\"robots\" content=\"index, follow, max-snippet:-1, max-image-preview:large, max-video-preview:-1\" \/>\n<link rel=\"canonical\" href=\"https:\/\/revistaidees.cat\/es\/autors\/carole-henaff\/\" \/>\n<meta property=\"og:locale\" content=\"es_ES\" \/>\n<meta property=\"og:type\" content=\"article\" \/>\n<meta property=\"og:title\" content=\"Carole H\u00e9naff &#8211; IDEES\" \/>\n<meta property=\"og:description\" content=\"Carole H\u00e9naff es ilustradora y dise\u00f1adora. Tras estudiar literatura teatral en Censier, se traslad\u00f3 a Barcelona para estudiar Artes Gr\u00e1ficas. Se incorpor\u00f3 al estudio de Peret, donde trabaj\u00f3 como dise\u00f1adora gr\u00e1fica en campa\u00f1as publicitarias, cortinillas para canales de televisi\u00f3n, identidad corporativa y ediciones. Desde 2003 trabaja como freelance. Su obra incluye prensa, edici\u00f3n infantil, carteles, portadas de libros para clientes en Espa\u00f1a, Francia, Inglaterra y Estados Unidos. Su estilo es una mezcla entre diferentes influencias, tratando de llegar a ese punto de encuentro entre la forma y el concepto. Su trabajo fue reconocido por Communication Arts en 2019 y por\u2026\" \/>\n<meta property=\"og:url\" content=\"https:\/\/revistaidees.cat\/es\/autors\/carole-henaff\/\" \/>\n<meta property=\"og:site_name\" content=\"IDEES\" \/>\n<meta property=\"article:modified_time\" content=\"2020-10-07T09:06:34+00:00\" \/>\n<meta property=\"og:image\" content=\"https:\/\/i0.wp.com\/revistaidees.cat\/wp-content\/uploads\/2020\/10\/Carole-def.jpg?fit=749%2C516&ssl=1\" \/>\n\t<meta property=\"og:image:width\" content=\"749\" \/>\n\t<meta property=\"og:image:height\" content=\"516\" \/>\n\t<meta property=\"og:image:type\" content=\"image\/jpeg\" \/>\n<meta name=\"twitter:card\" content=\"summary_large_image\" \/>\n<meta name=\"twitter:label1\" content=\"Tiempo de lectura\" \/>\n\t<meta name=\"twitter:data1\" content=\"1 minuto\" \/>\n<script type=\"application\/ld+json\" class=\"yoast-schema-graph\">{\"@context\":\"https:\\\/\\\/schema.org\",\"@graph\":[{\"@type\":\"WebPage\",\"@id\":\"https:\\\/\\\/revistaidees.cat\\\/es\\\/autors\\\/carole-henaff\\\/\",\"url\":\"https:\\\/\\\/revistaidees.cat\\\/es\\\/autors\\\/carole-henaff\\\/\",\"name\":\"Carole H\u00e9naff &#8211; IDEES\",\"isPartOf\":{\"@id\":\"https:\\\/\\\/revistaidees.cat\\\/#website\"},\"primaryImageOfPage\":{\"@id\":\"https:\\\/\\\/revistaidees.cat\\\/es\\\/autors\\\/carole-henaff\\\/#primaryimage\"},\"image\":{\"@id\":\"https:\\\/\\\/revistaidees.cat\\\/es\\\/autors\\\/carole-henaff\\\/#primaryimage\"},\"thumbnailUrl\":\"https:\\\/\\\/i0.wp.com\\\/revistaidees.cat\\\/wp-content\\\/uploads\\\/2020\\\/10\\\/Carole-def.jpg?fit=749%2C516&ssl=1\",\"datePublished\":\"2020-10-06T22:19:40+00:00\",\"dateModified\":\"2020-10-07T09:06:34+00:00\",\"breadcrumb\":{\"@id\":\"https:\\\/\\\/revistaidees.cat\\\/es\\\/autors\\\/carole-henaff\\\/#breadcrumb\"},\"inLanguage\":\"es\",\"potentialAction\":[{\"@type\":\"ReadAction\",\"target\":[\"https:\\\/\\\/revistaidees.cat\\\/es\\\/autors\\\/carole-henaff\\\/\"]}]},{\"@type\":\"ImageObject\",\"inLanguage\":\"es\",\"@id\":\"https:\\\/\\\/revistaidees.cat\\\/es\\\/autors\\\/carole-henaff\\\/#primaryimage\",\"url\":\"https:\\\/\\\/i0.wp.com\\\/revistaidees.cat\\\/wp-content\\\/uploads\\\/2020\\\/10\\\/Carole-def.jpg?fit=749%2C516&ssl=1\",\"contentUrl\":\"https:\\\/\\\/i0.wp.com\\\/revistaidees.cat\\\/wp-content\\\/uploads\\\/2020\\\/10\\\/Carole-def.jpg?fit=749%2C516&ssl=1\",\"width\":749,\"height\":516,\"caption\":\"Carole H\u00e9naff\"},{\"@type\":\"BreadcrumbList\",\"@id\":\"https:\\\/\\\/revistaidees.cat\\\/es\\\/autors\\\/carole-henaff\\\/#breadcrumb\",\"itemListElement\":[{\"@type\":\"ListItem\",\"position\":1,\"name\":\"Inici\",\"item\":\"https:\\\/\\\/revistaidees.cat\\\/es\\\/\"},{\"@type\":\"ListItem\",\"position\":2,\"name\":\"Autors\",\"item\":\"https:\\\/\\\/revistaidees.cat\\\/autors\\\/\"},{\"@type\":\"ListItem\",\"position\":3,\"name\":\"Carole H\u00e9naff\"}]},{\"@type\":\"WebSite\",\"@id\":\"https:\\\/\\\/revistaidees.cat\\\/#website\",\"url\":\"https:\\\/\\\/revistaidees.cat\\\/\",\"name\":\"IDEES\",\"description\":\"Revista de temas contempor\u00e1neos\",\"potentialAction\":[{\"@type\":\"SearchAction\",\"target\":{\"@type\":\"EntryPoint\",\"urlTemplate\":\"https:\\\/\\\/revistaidees.cat\\\/?s={search_term_string}\"},\"query-input\":{\"@type\":\"PropertyValueSpecification\",\"valueRequired\":true,\"valueName\":\"search_term_string\"}}],\"inLanguage\":\"es\"}]}<\/script>\n<!-- \/ Yoast SEO plugin. -->","yoast_head_json":{"title":"Carole H\u00e9naff &#8211; IDEES","robots":{"index":"index","follow":"follow","max-snippet":"max-snippet:-1","max-image-preview":"max-image-preview:large","max-video-preview":"max-video-preview:-1"},"canonical":"https:\/\/revistaidees.cat\/es\/autors\/carole-henaff\/","og_locale":"es_ES","og_type":"article","og_title":"Carole H\u00e9naff &#8211; IDEES","og_description":"Carole H\u00e9naff es ilustradora y dise\u00f1adora. Tras estudiar literatura teatral en Censier, se traslad\u00f3 a Barcelona para estudiar Artes Gr\u00e1ficas. Se incorpor\u00f3 al estudio de Peret, donde trabaj\u00f3 como dise\u00f1adora gr\u00e1fica en campa\u00f1as publicitarias, cortinillas para canales de televisi\u00f3n, identidad corporativa y ediciones. Desde 2003 trabaja como freelance. Su obra incluye prensa, edici\u00f3n infantil, carteles, portadas de libros para clientes en Espa\u00f1a, Francia, Inglaterra y Estados Unidos. Su estilo es una mezcla entre diferentes influencias, tratando de llegar a ese punto de encuentro entre la forma y el concepto. Su trabajo fue reconocido por Communication Arts en 2019 y por\u2026","og_url":"https:\/\/revistaidees.cat\/es\/autors\/carole-henaff\/","og_site_name":"IDEES","article_modified_time":"2020-10-07T09:06:34+00:00","og_image":[{"width":749,"height":516,"url":"https:\/\/i0.wp.com\/revistaidees.cat\/wp-content\/uploads\/2020\/10\/Carole-def.jpg?fit=749%2C516&ssl=1","type":"image\/jpeg"}],"twitter_card":"summary_large_image","twitter_misc":{"Tiempo de lectura":"1 minuto"},"schema":{"@context":"https:\/\/schema.org","@graph":[{"@type":"WebPage","@id":"https:\/\/revistaidees.cat\/es\/autors\/carole-henaff\/","url":"https:\/\/revistaidees.cat\/es\/autors\/carole-henaff\/","name":"Carole H\u00e9naff &#8211; IDEES","isPartOf":{"@id":"https:\/\/revistaidees.cat\/#website"},"primaryImageOfPage":{"@id":"https:\/\/revistaidees.cat\/es\/autors\/carole-henaff\/#primaryimage"},"image":{"@id":"https:\/\/revistaidees.cat\/es\/autors\/carole-henaff\/#primaryimage"},"thumbnailUrl":"https:\/\/i0.wp.com\/revistaidees.cat\/wp-content\/uploads\/2020\/10\/Carole-def.jpg?fit=749%2C516&ssl=1","datePublished":"2020-10-06T22:19:40+00:00","dateModified":"2020-10-07T09:06:34+00:00","breadcrumb":{"@id":"https:\/\/revistaidees.cat\/es\/autors\/carole-henaff\/#breadcrumb"},"inLanguage":"es","potentialAction":[{"@type":"ReadAction","target":["https:\/\/revistaidees.cat\/es\/autors\/carole-henaff\/"]}]},{"@type":"ImageObject","inLanguage":"es","@id":"https:\/\/revistaidees.cat\/es\/autors\/carole-henaff\/#primaryimage","url":"https:\/\/i0.wp.com\/revistaidees.cat\/wp-content\/uploads\/2020\/10\/Carole-def.jpg?fit=749%2C516&ssl=1","contentUrl":"https:\/\/i0.wp.com\/revistaidees.cat\/wp-content\/uploads\/2020\/10\/Carole-def.jpg?fit=749%2C516&ssl=1","width":749,"height":516,"caption":"Carole H\u00e9naff"},{"@type":"BreadcrumbList","@id":"https:\/\/revistaidees.cat\/es\/autors\/carole-henaff\/#breadcrumb","itemListElement":[{"@type":"ListItem","position":1,"name":"Inici","item":"https:\/\/revistaidees.cat\/es\/"},{"@type":"ListItem","position":2,"name":"Autors","item":"https:\/\/revistaidees.cat\/autors\/"},{"@type":"ListItem","position":3,"name":"Carole H\u00e9naff"}]},{"@type":"WebSite","@id":"https:\/\/revistaidees.cat\/#website","url":"https:\/\/revistaidees.cat\/","name":"IDEES","description":"Revista de temas contempor\u00e1neos","potentialAction":[{"@type":"SearchAction","target":{"@type":"EntryPoint","urlTemplate":"https:\/\/revistaidees.cat\/?s={search_term_string}"},"query-input":{"@type":"PropertyValueSpecification","valueRequired":true,"valueName":"search_term_string"}}],"inLanguage":"es"}]}},"jetpack_sharing_enabled":true,"_links":{"self":[{"href":"https:\/\/revistaidees.cat\/es\/wp-json\/wp\/v2\/autors\/23084","targetHints":{"allow":["GET"]}}],"collection":[{"href":"https:\/\/revistaidees.cat\/es\/wp-json\/wp\/v2\/autors"}],"about":[{"href":"https:\/\/revistaidees.cat\/es\/wp-json\/wp\/v2\/types\/autors"}],"version-history":[{"count":5,"href":"https:\/\/revistaidees.cat\/es\/wp-json\/wp\/v2\/autors\/23084\/revisions"}],"predecessor-version":[{"id":23108,"href":"https:\/\/revistaidees.cat\/es\/wp-json\/wp\/v2\/autors\/23084\/revisions\/23108"}],"wp:featuredmedia":[{"embeddable":true,"href":"https:\/\/revistaidees.cat\/es\/wp-json\/wp\/v2\/media\/23101"}],"wp:attachment":[{"href":"https:\/\/revistaidees.cat\/es\/wp-json\/wp\/v2\/media?parent=23084"}],"wp:term":[{"taxonomy":"category_autors","embeddable":true,"href":"https:\/\/revistaidees.cat\/es\/wp-json\/wp\/v2\/category_autors?post=23084"}],"curies":[{"name":"wp","href":"https:\/\/api.w.org\/{rel}","templated":true}]}}

Carole Hénaff

<p>Carole Hénaff es ilustradora y diseñadora. Tras estudiar literatura teatral en Censier, se trasladó a Barcelona para estudiar Artes Gráficas. Se incorporó al estudio de Peret, donde trabajó como diseñadora gráfica en campañas publicitarias, cortinillas para canales de televisión, identidad corporativa y ediciones. Desde 2003 trabaja como <em>freelance</em>. Su obra incluye prensa, edición infantil, carteles, portadas de libros para clientes en España, Francia, Inglaterra y Estados Unidos. Su estilo es una mezcla entre diferentes influencias, tratando de llegar a ese punto de encuentro entre la forma y el concepto. Su trabajo fue reconocido por Communication Arts en 2019 y por American Illustration en 2020.</p>

<!-- This site is optimized with the Yoast SEO plugin v27.4 - https://yoast.com/product/yoast-seo-wordpress/ -->
<title>Carole Hénaff &#8211; IDEES</title>
<meta name="robots" content="index, follow, max-snippet:-1, max-image-preview:large, max-video-preview:-1" />
<link rel="canonical" href="https://revistaidees.cat/es/autors/carole-henaff/" />
<meta property="og:locale" content="es_ES" />
<meta property="og:type" content="article" />
<meta property="og:title" content="Carole Hénaff &#8211; IDEES" />
<meta property="og:description" content="Carole Hénaff es ilustradora y diseñadora. Tras estudiar literatura teatral en Censier, se trasladó a Barcelona para estudiar Artes Gráficas. Se incorporó al estudio de Peret, donde trabajó como diseñadora gráfica en campañas publicitarias, cortinillas para canales de televisión, identidad corporativa y ediciones. Desde 2003 trabaja como freelance. Su obra incluye prensa, edición infantil, carteles, portadas de libros para clientes en España, Francia, Inglaterra y Estados Unidos. Su estilo es una mezcla entre diferentes influencias, tratando de llegar a ese punto de encuentro entre la forma y el concepto. Su trabajo fue reconocido por Communication Arts en 2019 y por…" />
<meta property="og:url" content="https://revistaidees.cat/es/autors/carole-henaff/" />
<meta property="og:site_name" content="IDEES" />
<meta property="article:modified_time" content="2020-10-07T09:06:34+00:00" />
<meta property="og:image" content="https://i0.wp.com/revistaidees.cat/wp-content/uploads/2020/10/Carole-def.jpg?fit=749%2C516&ssl=1" />
	<meta property="og:image:width" content="749" />
	<meta property="og:image:height" content="516" />
	<meta property="og:image:type" content="image/jpeg" />
<meta name="twitter:card" content="summary_large_image" />
<meta name="twitter:label1" content="Tiempo de lectura" />
	<meta name="twitter:data1" content="1 minuto" />
<script type="application/ld+json" class="yoast-schema-graph">{"@context":"https:\/\/schema.org","@graph":[{"@type":"WebPage","@id":"https:\/\/revistaidees.cat\/es\/autors\/carole-henaff\/","url":"https:\/\/revistaidees.cat\/es\/autors\/carole-henaff\/","name":"Carole Hénaff &#8211; IDEES","isPartOf":{"@id":"https:\/\/revistaidees.cat\/#website"},"primaryImageOfPage":{"@id":"https:\/\/revistaidees.cat\/es\/autors\/carole-henaff\/#primaryimage"},"image":{"@id":"https:\/\/revistaidees.cat\/es\/autors\/carole-henaff\/#primaryimage"},"thumbnailUrl":"https:\/\/i0.wp.com\/revistaidees.cat\/wp-content\/uploads\/2020\/10\/Carole-def.jpg?fit=749%2C516&ssl=1","datePublished":"2020-10-06T22:19:40+00:00","dateModified":"2020-10-07T09:06:34+00:00","breadcrumb":{"@id":"https:\/\/revistaidees.cat\/es\/autors\/carole-henaff\/#breadcrumb"},"inLanguage":"es","potentialAction":[{"@type":"ReadAction","target":["https:\/\/revistaidees.cat\/es\/autors\/carole-henaff\/"]}]},{"@type":"ImageObject","inLanguage":"es","@id":"https:\/\/revistaidees.cat\/es\/autors\/carole-henaff\/#primaryimage","url":"https:\/\/i0.wp.com\/revistaidees.cat\/wp-content\/uploads\/2020\/10\/Carole-def.jpg?fit=749%2C516&ssl=1","contentUrl":"https:\/\/i0.wp.com\/revistaidees.cat\/wp-content\/uploads\/2020\/10\/Carole-def.jpg?fit=749%2C516&ssl=1","width":749,"height":516,"caption":"Carole Hénaff"},{"@type":"BreadcrumbList","@id":"https:\/\/revistaidees.cat\/es\/autors\/carole-henaff\/#breadcrumb","itemListElement":[{"@type":"ListItem","position":1,"name":"Inici","item":"https:\/\/revistaidees.cat\/es\/"},{"@type":"ListItem","position":2,"name":"Autors","item":"https:\/\/revistaidees.cat\/autors\/"},{"@type":"ListItem","position":3,"name":"Carole Hénaff"}]},{"@type":"WebSite","@id":"https:\/\/revistaidees.cat\/#website","url":"https:\/\/revistaidees.cat\/","name":"IDEES","description":"Revista de temas contemporáneos","potentialAction":[{"@type":"SearchAction","target":{"@type":"EntryPoint","urlTemplate":"https:\/\/revistaidees.cat\/?s={search_term_string}"},"query-input":{"@type":"PropertyValueSpecification","valueRequired":true,"valueName":"search_term_string"}}],"inLanguage":"es"}]}</script>
<!-- / Yoast SEO plugin. -->

Carole Hénaff &#8211; IDEES

Carole Hénaff es ilustradora y diseñadora. Tras estudiar literatura teatral en Censier, se trasladó a Barcelona para estudiar Artes Gráficas. Se incorporó al estudio de Peret, donde trabajó como diseñadora gráfica en campañas publicitarias, cortinillas para canales de televisión, identidad corporativa y ediciones. Desde 2003 trabaja como freelance. Su obra incluye prensa, edición infantil, carteles, portadas de libros para clientes en España, Francia, Inglaterra y Estados Unidos. Su estilo es una mezcla entre diferentes influencias, tratando de llegar a ese punto de encuentro entre la forma y el concepto. Su trabajo fue reconocido por Communication Arts en 2019 y por…

Revista de temas contemporáneos
