{"id":24363,"date":"2020-10-27T10:12:30","date_gmt":"2020-10-27T10:12:30","guid":{"rendered":"https:\/\/revistaidees.cat\/?post_type=autors&#038;p=24363"},"modified":"2020-11-09T13:17:42","modified_gmt":"2020-11-09T13:17:42","slug":"grammenos-mastrojeni","status":"publish","type":"autors","link":"https:\/\/revistaidees.cat\/es\/autors\/grammenos-mastrojeni\/","title":{"rendered":"Grammenos Mastrojeni"},"content":{"rendered":"\n<p>Grammenos Mastrojeni es Secretario General Adjunto Superior de la Secretar\u00eda de la Uni\u00f3n por el Mediterr\u00e1neo desde septiembre de 2019. Es un diplom\u00e1tico, profesor y escritor italiano que durante los \u00faltimos 25 a\u00f1os se ha centrado en los impactos sociales, geoestrat\u00e9gicos y econ\u00f3micos de la degradaci\u00f3n ambiental, as\u00ed como en temas relacionados con la protecci\u00f3n del medio ambiente, la cohesi\u00f3n humana, la paz y la seguridad. Ha impartido assignaturas sobre sostenibilidad y resoluci\u00f3n de conflictos en varias universidades en Italia y en el extranjero, y en 2009 imparti\u00f3 clases sobre medio ambiente, recursos y geoestrategia en la Universidad de Ottawa, en Canad\u00e1. Anteriormente, hasta agosto de 2019, fue Coordinador de Medio Ambiente y Jefe de la Science-Policy Interface de la Cooperaci\u00f3n Italiana para el Desarrollo, liderando las delegaciones italianas sobre tierras, aguas y oc\u00e9anos y participando en las negociaciones sobre el clima y la biodiversidad. Tambi\u00e9n es presidente de la Alianza por las Monta\u00f1as de las Naciones Unidas y Copresidente de la Alianza Mundial de las Islas, es Presidente de la mayor asociaci\u00f3n italiana de educaci\u00f3n para el desarrollo sostenible \u00abIsola della Sostenibilit\u00e0\u00bb y miembro de los Consejos Cient\u00edficos de numerosos cursos universitarios y entidades.  As\u00ed mismo, es autor de numerosos art\u00edculos e informes oficiales sobre el medio ambiente y ha publicado 8 libros. <\/p>\n","protected":false},"featured_media":26062,"template":"","category_autors":[],"class_list":["post-24363","autors","type-autors","status-publish","has-post-thumbnail","hentry"],"acf":[],"yoast_head":"<!-- This site is optimized with the Yoast SEO plugin v27.4 - https:\/\/yoast.com\/product\/yoast-seo-wordpress\/ -->\n<title>Grammenos Mastrojeni &#8211; IDEES<\/title>\n<meta name=\"robots\" content=\"index, follow, max-snippet:-1, max-image-preview:large, max-video-preview:-1\" \/>\n<link rel=\"canonical\" href=\"https:\/\/revistaidees.cat\/es\/autors\/grammenos-mastrojeni\/\" \/>\n<meta property=\"og:locale\" content=\"es_ES\" \/>\n<meta property=\"og:type\" content=\"article\" \/>\n<meta property=\"og:title\" content=\"Grammenos Mastrojeni &#8211; IDEES\" \/>\n<meta property=\"og:description\" content=\"Grammenos Mastrojeni es Secretario General Adjunto Superior de la Secretar\u00eda de la Uni\u00f3n por el Mediterr\u00e1neo desde septiembre de 2019. Es un diplom\u00e1tico, profesor y escritor italiano que durante los \u00faltimos 25 a\u00f1os se ha centrado en los impactos sociales, geoestrat\u00e9gicos y econ\u00f3micos de la degradaci\u00f3n ambiental, as\u00ed como en temas relacionados con la protecci\u00f3n del medio ambiente, la cohesi\u00f3n humana, la paz y la seguridad. Ha impartido assignaturas sobre sostenibilidad y resoluci\u00f3n de conflictos en varias universidades en Italia y en el extranjero, y en 2009 imparti\u00f3 clases sobre medio ambiente, recursos y geoestrategia en la Universidad de Ottawa,\u2026\" \/>\n<meta property=\"og:url\" content=\"https:\/\/revistaidees.cat\/es\/autors\/grammenos-mastrojeni\/\" \/>\n<meta property=\"og:site_name\" content=\"IDEES\" \/>\n<meta property=\"article:modified_time\" content=\"2020-11-09T13:17:42+00:00\" \/>\n<meta property=\"og:image\" content=\"https:\/\/i0.wp.com\/revistaidees.cat\/wp-content\/uploads\/2020\/11\/Grammenos-Mastrojeni-def.jpg?fit=1208%2C877&ssl=1\" \/>\n\t<meta property=\"og:image:width\" content=\"1208\" \/>\n\t<meta property=\"og:image:height\" content=\"877\" \/>\n\t<meta property=\"og:image:type\" content=\"image\/jpeg\" \/>\n<meta name=\"twitter:card\" content=\"summary_large_image\" \/>\n<meta name=\"twitter:label1\" content=\"Tiempo de lectura\" \/>\n\t<meta name=\"twitter:data1\" content=\"1 minuto\" \/>\n<script type=\"application\/ld+json\" class=\"yoast-schema-graph\">{\"@context\":\"https:\\\/\\\/schema.org\",\"@graph\":[{\"@type\":\"WebPage\",\"@id\":\"https:\\\/\\\/revistaidees.cat\\\/es\\\/autors\\\/grammenos-mastrojeni\\\/\",\"url\":\"https:\\\/\\\/revistaidees.cat\\\/es\\\/autors\\\/grammenos-mastrojeni\\\/\",\"name\":\"Grammenos Mastrojeni &#8211; IDEES\",\"isPartOf\":{\"@id\":\"https:\\\/\\\/revistaidees.cat\\\/#website\"},\"primaryImageOfPage\":{\"@id\":\"https:\\\/\\\/revistaidees.cat\\\/es\\\/autors\\\/grammenos-mastrojeni\\\/#primaryimage\"},\"image\":{\"@id\":\"https:\\\/\\\/revistaidees.cat\\\/es\\\/autors\\\/grammenos-mastrojeni\\\/#primaryimage\"},\"thumbnailUrl\":\"https:\\\/\\\/i0.wp.com\\\/revistaidees.cat\\\/wp-content\\\/uploads\\\/2020\\\/11\\\/Grammenos-Mastrojeni-def.jpg?fit=1208%2C877&ssl=1\",\"datePublished\":\"2020-10-27T10:12:30+00:00\",\"dateModified\":\"2020-11-09T13:17:42+00:00\",\"breadcrumb\":{\"@id\":\"https:\\\/\\\/revistaidees.cat\\\/es\\\/autors\\\/grammenos-mastrojeni\\\/#breadcrumb\"},\"inLanguage\":\"es\",\"potentialAction\":[{\"@type\":\"ReadAction\",\"target\":[\"https:\\\/\\\/revistaidees.cat\\\/es\\\/autors\\\/grammenos-mastrojeni\\\/\"]}]},{\"@type\":\"ImageObject\",\"inLanguage\":\"es\",\"@id\":\"https:\\\/\\\/revistaidees.cat\\\/es\\\/autors\\\/grammenos-mastrojeni\\\/#primaryimage\",\"url\":\"https:\\\/\\\/i0.wp.com\\\/revistaidees.cat\\\/wp-content\\\/uploads\\\/2020\\\/11\\\/Grammenos-Mastrojeni-def.jpg?fit=1208%2C877&ssl=1\",\"contentUrl\":\"https:\\\/\\\/i0.wp.com\\\/revistaidees.cat\\\/wp-content\\\/uploads\\\/2020\\\/11\\\/Grammenos-Mastrojeni-def.jpg?fit=1208%2C877&ssl=1\",\"width\":1208,\"height\":877,\"caption\":\"Grammenos Mastrojeni\"},{\"@type\":\"BreadcrumbList\",\"@id\":\"https:\\\/\\\/revistaidees.cat\\\/es\\\/autors\\\/grammenos-mastrojeni\\\/#breadcrumb\",\"itemListElement\":[{\"@type\":\"ListItem\",\"position\":1,\"name\":\"Inici\",\"item\":\"https:\\\/\\\/revistaidees.cat\\\/es\\\/\"},{\"@type\":\"ListItem\",\"position\":2,\"name\":\"Autors\",\"item\":\"https:\\\/\\\/revistaidees.cat\\\/autors\\\/\"},{\"@type\":\"ListItem\",\"position\":3,\"name\":\"Grammenos Mastrojeni\"}]},{\"@type\":\"WebSite\",\"@id\":\"https:\\\/\\\/revistaidees.cat\\\/#website\",\"url\":\"https:\\\/\\\/revistaidees.cat\\\/\",\"name\":\"IDEES\",\"description\":\"Revista de temas contempor\u00e1neos\",\"potentialAction\":[{\"@type\":\"SearchAction\",\"target\":{\"@type\":\"EntryPoint\",\"urlTemplate\":\"https:\\\/\\\/revistaidees.cat\\\/?s={search_term_string}\"},\"query-input\":{\"@type\":\"PropertyValueSpecification\",\"valueRequired\":true,\"valueName\":\"search_term_string\"}}],\"inLanguage\":\"es\"}]}<\/script>\n<!-- \/ Yoast SEO plugin. -->","yoast_head_json":{"title":"Grammenos Mastrojeni &#8211; IDEES","robots":{"index":"index","follow":"follow","max-snippet":"max-snippet:-1","max-image-preview":"max-image-preview:large","max-video-preview":"max-video-preview:-1"},"canonical":"https:\/\/revistaidees.cat\/es\/autors\/grammenos-mastrojeni\/","og_locale":"es_ES","og_type":"article","og_title":"Grammenos Mastrojeni &#8211; IDEES","og_description":"Grammenos Mastrojeni es Secretario General Adjunto Superior de la Secretar\u00eda de la Uni\u00f3n por el Mediterr\u00e1neo desde septiembre de 2019. Es un diplom\u00e1tico, profesor y escritor italiano que durante los \u00faltimos 25 a\u00f1os se ha centrado en los impactos sociales, geoestrat\u00e9gicos y econ\u00f3micos de la degradaci\u00f3n ambiental, as\u00ed como en temas relacionados con la protecci\u00f3n del medio ambiente, la cohesi\u00f3n humana, la paz y la seguridad. Ha impartido assignaturas sobre sostenibilidad y resoluci\u00f3n de conflictos en varias universidades en Italia y en el extranjero, y en 2009 imparti\u00f3 clases sobre medio ambiente, recursos y geoestrategia en la Universidad de Ottawa,\u2026","og_url":"https:\/\/revistaidees.cat\/es\/autors\/grammenos-mastrojeni\/","og_site_name":"IDEES","article_modified_time":"2020-11-09T13:17:42+00:00","og_image":[{"width":1208,"height":877,"url":"https:\/\/i0.wp.com\/revistaidees.cat\/wp-content\/uploads\/2020\/11\/Grammenos-Mastrojeni-def.jpg?fit=1208%2C877&ssl=1","type":"image\/jpeg"}],"twitter_card":"summary_large_image","twitter_misc":{"Tiempo de lectura":"1 minuto"},"schema":{"@context":"https:\/\/schema.org","@graph":[{"@type":"WebPage","@id":"https:\/\/revistaidees.cat\/es\/autors\/grammenos-mastrojeni\/","url":"https:\/\/revistaidees.cat\/es\/autors\/grammenos-mastrojeni\/","name":"Grammenos Mastrojeni &#8211; IDEES","isPartOf":{"@id":"https:\/\/revistaidees.cat\/#website"},"primaryImageOfPage":{"@id":"https:\/\/revistaidees.cat\/es\/autors\/grammenos-mastrojeni\/#primaryimage"},"image":{"@id":"https:\/\/revistaidees.cat\/es\/autors\/grammenos-mastrojeni\/#primaryimage"},"thumbnailUrl":"https:\/\/i0.wp.com\/revistaidees.cat\/wp-content\/uploads\/2020\/11\/Grammenos-Mastrojeni-def.jpg?fit=1208%2C877&ssl=1","datePublished":"2020-10-27T10:12:30+00:00","dateModified":"2020-11-09T13:17:42+00:00","breadcrumb":{"@id":"https:\/\/revistaidees.cat\/es\/autors\/grammenos-mastrojeni\/#breadcrumb"},"inLanguage":"es","potentialAction":[{"@type":"ReadAction","target":["https:\/\/revistaidees.cat\/es\/autors\/grammenos-mastrojeni\/"]}]},{"@type":"ImageObject","inLanguage":"es","@id":"https:\/\/revistaidees.cat\/es\/autors\/grammenos-mastrojeni\/#primaryimage","url":"https:\/\/i0.wp.com\/revistaidees.cat\/wp-content\/uploads\/2020\/11\/Grammenos-Mastrojeni-def.jpg?fit=1208%2C877&ssl=1","contentUrl":"https:\/\/i0.wp.com\/revistaidees.cat\/wp-content\/uploads\/2020\/11\/Grammenos-Mastrojeni-def.jpg?fit=1208%2C877&ssl=1","width":1208,"height":877,"caption":"Grammenos Mastrojeni"},{"@type":"BreadcrumbList","@id":"https:\/\/revistaidees.cat\/es\/autors\/grammenos-mastrojeni\/#breadcrumb","itemListElement":[{"@type":"ListItem","position":1,"name":"Inici","item":"https:\/\/revistaidees.cat\/es\/"},{"@type":"ListItem","position":2,"name":"Autors","item":"https:\/\/revistaidees.cat\/autors\/"},{"@type":"ListItem","position":3,"name":"Grammenos Mastrojeni"}]},{"@type":"WebSite","@id":"https:\/\/revistaidees.cat\/#website","url":"https:\/\/revistaidees.cat\/","name":"IDEES","description":"Revista de temas contempor\u00e1neos","potentialAction":[{"@type":"SearchAction","target":{"@type":"EntryPoint","urlTemplate":"https:\/\/revistaidees.cat\/?s={search_term_string}"},"query-input":{"@type":"PropertyValueSpecification","valueRequired":true,"valueName":"search_term_string"}}],"inLanguage":"es"}]}},"jetpack_sharing_enabled":true,"_links":{"self":[{"href":"https:\/\/revistaidees.cat\/es\/wp-json\/wp\/v2\/autors\/24363","targetHints":{"allow":["GET"]}}],"collection":[{"href":"https:\/\/revistaidees.cat\/es\/wp-json\/wp\/v2\/autors"}],"about":[{"href":"https:\/\/revistaidees.cat\/es\/wp-json\/wp\/v2\/types\/autors"}],"version-history":[{"count":2,"href":"https:\/\/revistaidees.cat\/es\/wp-json\/wp\/v2\/autors\/24363\/revisions"}],"predecessor-version":[{"id":24365,"href":"https:\/\/revistaidees.cat\/es\/wp-json\/wp\/v2\/autors\/24363\/revisions\/24365"}],"wp:featuredmedia":[{"embeddable":true,"href":"https:\/\/revistaidees.cat\/es\/wp-json\/wp\/v2\/media\/26062"}],"wp:attachment":[{"href":"https:\/\/revistaidees.cat\/es\/wp-json\/wp\/v2\/media?parent=24363"}],"wp:term":[{"taxonomy":"category_autors","embeddable":true,"href":"https:\/\/revistaidees.cat\/es\/wp-json\/wp\/v2\/category_autors?post=24363"}],"curies":[{"name":"wp","href":"https:\/\/api.w.org\/{rel}","templated":true}]}}

<p>Grammenos Mastrojeni es Secretario General Adjunto Superior de la Secretaría de la Unión por el Mediterráneo desde septiembre de 2019. Es un diplomático, profesor y escritor italiano que durante los últimos 25 años se ha centrado en los impactos sociales, geoestratégicos y económicos de la degradación ambiental, así como en temas relacionados con la protección del medio ambiente, la cohesión humana, la paz y la seguridad. Ha impartido assignaturas sobre sostenibilidad y resolución de conflictos en varias universidades en Italia y en el extranjero, y en 2009 impartió clases sobre medio ambiente, recursos y geoestrategia en la Universidad de Ottawa, en Canadá. Anteriormente, hasta agosto de 2019, fue Coordinador de Medio Ambiente y Jefe de la Science-Policy Interface de la Cooperación Italiana para el Desarrollo, liderando las delegaciones italianas sobre tierras, aguas y océanos y participando en las negociaciones sobre el clima y la biodiversidad. También es presidente de la Alianza por las Montañas de las Naciones Unidas y Copresidente de la Alianza Mundial de las Islas, es Presidente de la mayor asociación italiana de educación para el desarrollo sostenible «Isola della Sostenibilità» y miembro de los Consejos Científicos de numerosos cursos universitarios y entidades.  Así mismo, es autor de numerosos artículos e informes oficiales sobre el medio ambiente y ha publicado 8 libros. </p>

<!-- This site is optimized with the Yoast SEO plugin v27.4 - https://yoast.com/product/yoast-seo-wordpress/ -->
<title>Grammenos Mastrojeni &#8211; IDEES</title>
<meta name="robots" content="index, follow, max-snippet:-1, max-image-preview:large, max-video-preview:-1" />
<link rel="canonical" href="https://revistaidees.cat/es/autors/grammenos-mastrojeni/" />
<meta property="og:locale" content="es_ES" />
<meta property="og:type" content="article" />
<meta property="og:title" content="Grammenos Mastrojeni &#8211; IDEES" />
<meta property="og:description" content="Grammenos Mastrojeni es Secretario General Adjunto Superior de la Secretaría de la Unión por el Mediterráneo desde septiembre de 2019. Es un diplomático, profesor y escritor italiano que durante los últimos 25 años se ha centrado en los impactos sociales, geoestratégicos y económicos de la degradación ambiental, así como en temas relacionados con la protección del medio ambiente, la cohesión humana, la paz y la seguridad. Ha impartido assignaturas sobre sostenibilidad y resolución de conflictos en varias universidades en Italia y en el extranjero, y en 2009 impartió clases sobre medio ambiente, recursos y geoestrategia en la Universidad de Ottawa,…" />
<meta property="og:url" content="https://revistaidees.cat/es/autors/grammenos-mastrojeni/" />
<meta property="og:site_name" content="IDEES" />
<meta property="article:modified_time" content="2020-11-09T13:17:42+00:00" />
<meta property="og:image" content="https://i0.wp.com/revistaidees.cat/wp-content/uploads/2020/11/Grammenos-Mastrojeni-def.jpg?fit=1208%2C877&ssl=1" />
	<meta property="og:image:width" content="1208" />
	<meta property="og:image:height" content="877" />
	<meta property="og:image:type" content="image/jpeg" />
<meta name="twitter:card" content="summary_large_image" />
<meta name="twitter:label1" content="Tiempo de lectura" />
	<meta name="twitter:data1" content="1 minuto" />
<script type="application/ld+json" class="yoast-schema-graph">{"@context":"https:\/\/schema.org","@graph":[{"@type":"WebPage","@id":"https:\/\/revistaidees.cat\/es\/autors\/grammenos-mastrojeni\/","url":"https:\/\/revistaidees.cat\/es\/autors\/grammenos-mastrojeni\/","name":"Grammenos Mastrojeni &#8211; IDEES","isPartOf":{"@id":"https:\/\/revistaidees.cat\/#website"},"primaryImageOfPage":{"@id":"https:\/\/revistaidees.cat\/es\/autors\/grammenos-mastrojeni\/#primaryimage"},"image":{"@id":"https:\/\/revistaidees.cat\/es\/autors\/grammenos-mastrojeni\/#primaryimage"},"thumbnailUrl":"https:\/\/i0.wp.com\/revistaidees.cat\/wp-content\/uploads\/2020\/11\/Grammenos-Mastrojeni-def.jpg?fit=1208%2C877&ssl=1","datePublished":"2020-10-27T10:12:30+00:00","dateModified":"2020-11-09T13:17:42+00:00","breadcrumb":{"@id":"https:\/\/revistaidees.cat\/es\/autors\/grammenos-mastrojeni\/#breadcrumb"},"inLanguage":"es","potentialAction":[{"@type":"ReadAction","target":["https:\/\/revistaidees.cat\/es\/autors\/grammenos-mastrojeni\/"]}]},{"@type":"ImageObject","inLanguage":"es","@id":"https:\/\/revistaidees.cat\/es\/autors\/grammenos-mastrojeni\/#primaryimage","url":"https:\/\/i0.wp.com\/revistaidees.cat\/wp-content\/uploads\/2020\/11\/Grammenos-Mastrojeni-def.jpg?fit=1208%2C877&ssl=1","contentUrl":"https:\/\/i0.wp.com\/revistaidees.cat\/wp-content\/uploads\/2020\/11\/Grammenos-Mastrojeni-def.jpg?fit=1208%2C877&ssl=1","width":1208,"height":877,"caption":"Grammenos Mastrojeni"},{"@type":"BreadcrumbList","@id":"https:\/\/revistaidees.cat\/es\/autors\/grammenos-mastrojeni\/#breadcrumb","itemListElement":[{"@type":"ListItem","position":1,"name":"Inici","item":"https:\/\/revistaidees.cat\/es\/"},{"@type":"ListItem","position":2,"name":"Autors","item":"https:\/\/revistaidees.cat\/autors\/"},{"@type":"ListItem","position":3,"name":"Grammenos Mastrojeni"}]},{"@type":"WebSite","@id":"https:\/\/revistaidees.cat\/#website","url":"https:\/\/revistaidees.cat\/","name":"IDEES","description":"Revista de temas contemporáneos","potentialAction":[{"@type":"SearchAction","target":{"@type":"EntryPoint","urlTemplate":"https:\/\/revistaidees.cat\/?s={search_term_string}"},"query-input":{"@type":"PropertyValueSpecification","valueRequired":true,"valueName":"search_term_string"}}],"inLanguage":"es"}]}</script>
<!-- / Yoast SEO plugin. -->

Grammenos Mastrojeni es Secretario General Adjunto Superior de la Secretaría de la Unión por el Mediterráneo desde septiembre de 2019. Es un diplomático, profesor y escritor italiano que durante los últimos 25 años se ha centrado en los impactos sociales, geoestratégicos y económicos de la degradación ambiental, así como en temas relacionados con la protección del medio ambiente, la cohesión humana, la paz y la seguridad. Ha impartido assignaturas sobre sostenibilidad y resolución de conflictos en varias universidades en Italia y en el extranjero, y en 2009 impartió clases sobre medio ambiente, recursos y geoestrategia en la Universidad de Ottawa,…

Revista de temas contemporáneos
