{"id":24373,"date":"2020-10-27T10:17:34","date_gmt":"2020-10-27T10:17:34","guid":{"rendered":"https:\/\/revistaidees.cat\/?post_type=autors&#038;p=24373"},"modified":"2022-10-19T17:57:10","modified_gmt":"2022-10-19T15:57:10","slug":"joel-guiot","status":"publish","type":"autors","link":"https:\/\/revistaidees.cat\/es\/autors\/joel-guiot\/","title":{"rendered":"Jo\u00ebl Guiot"},"content":{"rendered":"\n<p>Jo\u00ebl Guiot \u00e9s director de recerca del CNRS al Centre Europeu de Recerca i Formaci\u00f3 en Geoci\u00e8ncies Ambientals (CEREGE, Universitat de Aix-Marseille, Fran\u00e7a). La seva principal recerca se centra en l&#8217;impacte dels canvis clim\u00e0tics passats, presents i futurs en els ecosistemes mediterranis, en particular en el bosc mediterrani, utilitzant s\u00e8ries dendrocronol\u00f2giques i models de creixement d&#8217;arbres. El 2008 va cofundar la xarxa ECCOREV (Ecosistemes Continentals i Riscos Ambientals) per promoure la interdisciplinarietat en les ci\u00e8ncies ambientals, en particular amb les ci\u00e8ncies socials, i el 2012 va crear el Laboratori d&#8217;Excel\u00b7l\u00e8ncia OT-Med per estudiar els riscos relacionats amb el canvi clim\u00e0tic i els perills naturals a la conca del Mediterrani. El 2015 va posar en marxa, amb W. Cramer, el Grup d&#8217;experts del Mediterrani sobre el medi ambient i els canvis clim\u00e0tics (MedECC), per transferir els coneixements cient\u00edfics sobre el canvi clim\u00e0tic als agents de la societat de les dues ribes del Mediterrani. \u00c9s un dels principals autors de l&#8217;informe especial de l&#8217;IPCC sobre l&#8217;impacte de l&#8217;escalfament global d\u20191,5 \u00b0C. Va rebre la medalla de plata del CNRS el 2005. <\/p>\n","protected":false},"featured_media":59061,"template":"","category_autors":[],"class_list":["post-24373","autors","type-autors","status-publish","has-post-thumbnail","hentry"],"acf":[],"yoast_head":"<!-- This site is optimized with the Yoast SEO plugin v27.4 - https:\/\/yoast.com\/product\/yoast-seo-wordpress\/ -->\n<title>Jo\u00ebl Guiot &#8211; IDEES<\/title>\n<meta name=\"robots\" content=\"index, follow, max-snippet:-1, max-image-preview:large, max-video-preview:-1\" \/>\n<link rel=\"canonical\" href=\"https:\/\/revistaidees.cat\/es\/autors\/joel-guiot\/\" \/>\n<meta property=\"og:locale\" content=\"es_ES\" \/>\n<meta property=\"og:type\" content=\"article\" \/>\n<meta property=\"og:title\" content=\"Jo\u00ebl Guiot &#8211; IDEES\" \/>\n<meta property=\"og:description\" content=\"Jo\u00ebl Guiot \u00e9s director de recerca del CNRS al Centre Europeu de Recerca i Formaci\u00f3 en Geoci\u00e8ncies Ambientals (CEREGE, Universitat de Aix-Marseille, Fran\u00e7a). La seva principal recerca se centra en l&#8217;impacte dels canvis clim\u00e0tics passats, presents i futurs en els ecosistemes mediterranis, en particular en el bosc mediterrani, utilitzant s\u00e8ries dendrocronol\u00f2giques i models de creixement d&#8217;arbres. El 2008 va cofundar la xarxa ECCOREV (Ecosistemes Continentals i Riscos Ambientals) per promoure la interdisciplinarietat en les ci\u00e8ncies ambientals, en particular amb les ci\u00e8ncies socials, i el 2012 va crear el Laboratori d&#8217;Excel\u00b7l\u00e8ncia OT-Med per estudiar els riscos relacionats amb el canvi clim\u00e0tic\u2026\" \/>\n<meta property=\"og:url\" content=\"https:\/\/revistaidees.cat\/es\/autors\/joel-guiot\/\" \/>\n<meta property=\"og:site_name\" content=\"IDEES\" \/>\n<meta property=\"article:modified_time\" content=\"2022-10-19T15:57:10+00:00\" \/>\n<meta property=\"og:image\" content=\"https:\/\/i0.wp.com\/revistaidees.cat\/wp-content\/uploads\/2020\/10\/Joe\u0308l-Guiot-def-1.png?fit=470%2C334&ssl=1\" \/>\n\t<meta property=\"og:image:width\" content=\"470\" \/>\n\t<meta property=\"og:image:height\" content=\"334\" \/>\n\t<meta property=\"og:image:type\" content=\"image\/png\" \/>\n<meta name=\"twitter:card\" content=\"summary_large_image\" \/>\n<meta name=\"twitter:label1\" content=\"Tiempo de lectura\" \/>\n\t<meta name=\"twitter:data1\" content=\"1 minuto\" \/>\n<script type=\"application\/ld+json\" class=\"yoast-schema-graph\">{\"@context\":\"https:\\\/\\\/schema.org\",\"@graph\":[{\"@type\":\"WebPage\",\"@id\":\"https:\\\/\\\/revistaidees.cat\\\/es\\\/autors\\\/joel-guiot\\\/\",\"url\":\"https:\\\/\\\/revistaidees.cat\\\/es\\\/autors\\\/joel-guiot\\\/\",\"name\":\"Jo\u00ebl Guiot &#8211; IDEES\",\"isPartOf\":{\"@id\":\"https:\\\/\\\/revistaidees.cat\\\/#website\"},\"primaryImageOfPage\":{\"@id\":\"https:\\\/\\\/revistaidees.cat\\\/es\\\/autors\\\/joel-guiot\\\/#primaryimage\"},\"image\":{\"@id\":\"https:\\\/\\\/revistaidees.cat\\\/es\\\/autors\\\/joel-guiot\\\/#primaryimage\"},\"thumbnailUrl\":\"https:\\\/\\\/i0.wp.com\\\/revistaidees.cat\\\/wp-content\\\/uploads\\\/2020\\\/10\\\/Joe%CC%88l-Guiot-def-1.png?fit=470%2C334&ssl=1\",\"datePublished\":\"2020-10-27T10:17:34+00:00\",\"dateModified\":\"2022-10-19T15:57:10+00:00\",\"breadcrumb\":{\"@id\":\"https:\\\/\\\/revistaidees.cat\\\/es\\\/autors\\\/joel-guiot\\\/#breadcrumb\"},\"inLanguage\":\"es\",\"potentialAction\":[{\"@type\":\"ReadAction\",\"target\":[\"https:\\\/\\\/revistaidees.cat\\\/es\\\/autors\\\/joel-guiot\\\/\"]}]},{\"@type\":\"ImageObject\",\"inLanguage\":\"es\",\"@id\":\"https:\\\/\\\/revistaidees.cat\\\/es\\\/autors\\\/joel-guiot\\\/#primaryimage\",\"url\":\"https:\\\/\\\/i0.wp.com\\\/revistaidees.cat\\\/wp-content\\\/uploads\\\/2020\\\/10\\\/Joe%CC%88l-Guiot-def-1.png?fit=470%2C334&ssl=1\",\"contentUrl\":\"https:\\\/\\\/i0.wp.com\\\/revistaidees.cat\\\/wp-content\\\/uploads\\\/2020\\\/10\\\/Joe%CC%88l-Guiot-def-1.png?fit=470%2C334&ssl=1\",\"width\":470,\"height\":334,\"caption\":\"Jo\u00ebl Guiot\"},{\"@type\":\"BreadcrumbList\",\"@id\":\"https:\\\/\\\/revistaidees.cat\\\/es\\\/autors\\\/joel-guiot\\\/#breadcrumb\",\"itemListElement\":[{\"@type\":\"ListItem\",\"position\":1,\"name\":\"Inici\",\"item\":\"https:\\\/\\\/revistaidees.cat\\\/es\\\/\"},{\"@type\":\"ListItem\",\"position\":2,\"name\":\"Autors\",\"item\":\"https:\\\/\\\/revistaidees.cat\\\/autors\\\/\"},{\"@type\":\"ListItem\",\"position\":3,\"name\":\"Jo\u00ebl Guiot\"}]},{\"@type\":\"WebSite\",\"@id\":\"https:\\\/\\\/revistaidees.cat\\\/#website\",\"url\":\"https:\\\/\\\/revistaidees.cat\\\/\",\"name\":\"IDEES\",\"description\":\"Revista de temas contempor\u00e1neos\",\"potentialAction\":[{\"@type\":\"SearchAction\",\"target\":{\"@type\":\"EntryPoint\",\"urlTemplate\":\"https:\\\/\\\/revistaidees.cat\\\/?s={search_term_string}\"},\"query-input\":{\"@type\":\"PropertyValueSpecification\",\"valueRequired\":true,\"valueName\":\"search_term_string\"}}],\"inLanguage\":\"es\"}]}<\/script>\n<!-- \/ Yoast SEO plugin. -->","yoast_head_json":{"title":"Jo\u00ebl Guiot &#8211; IDEES","robots":{"index":"index","follow":"follow","max-snippet":"max-snippet:-1","max-image-preview":"max-image-preview:large","max-video-preview":"max-video-preview:-1"},"canonical":"https:\/\/revistaidees.cat\/es\/autors\/joel-guiot\/","og_locale":"es_ES","og_type":"article","og_title":"Jo\u00ebl Guiot &#8211; IDEES","og_description":"Jo\u00ebl Guiot \u00e9s director de recerca del CNRS al Centre Europeu de Recerca i Formaci\u00f3 en Geoci\u00e8ncies Ambientals (CEREGE, Universitat de Aix-Marseille, Fran\u00e7a). La seva principal recerca se centra en l&#8217;impacte dels canvis clim\u00e0tics passats, presents i futurs en els ecosistemes mediterranis, en particular en el bosc mediterrani, utilitzant s\u00e8ries dendrocronol\u00f2giques i models de creixement d&#8217;arbres. El 2008 va cofundar la xarxa ECCOREV (Ecosistemes Continentals i Riscos Ambientals) per promoure la interdisciplinarietat en les ci\u00e8ncies ambientals, en particular amb les ci\u00e8ncies socials, i el 2012 va crear el Laboratori d&#8217;Excel\u00b7l\u00e8ncia OT-Med per estudiar els riscos relacionats amb el canvi clim\u00e0tic\u2026","og_url":"https:\/\/revistaidees.cat\/es\/autors\/joel-guiot\/","og_site_name":"IDEES","article_modified_time":"2022-10-19T15:57:10+00:00","og_image":[{"width":470,"height":334,"url":"https:\/\/i0.wp.com\/revistaidees.cat\/wp-content\/uploads\/2020\/10\/Joe\u0308l-Guiot-def-1.png?fit=470%2C334&ssl=1","type":"image\/png"}],"twitter_card":"summary_large_image","twitter_misc":{"Tiempo de lectura":"1 minuto"},"schema":{"@context":"https:\/\/schema.org","@graph":[{"@type":"WebPage","@id":"https:\/\/revistaidees.cat\/es\/autors\/joel-guiot\/","url":"https:\/\/revistaidees.cat\/es\/autors\/joel-guiot\/","name":"Jo\u00ebl Guiot &#8211; IDEES","isPartOf":{"@id":"https:\/\/revistaidees.cat\/#website"},"primaryImageOfPage":{"@id":"https:\/\/revistaidees.cat\/es\/autors\/joel-guiot\/#primaryimage"},"image":{"@id":"https:\/\/revistaidees.cat\/es\/autors\/joel-guiot\/#primaryimage"},"thumbnailUrl":"https:\/\/i0.wp.com\/revistaidees.cat\/wp-content\/uploads\/2020\/10\/Joe%CC%88l-Guiot-def-1.png?fit=470%2C334&ssl=1","datePublished":"2020-10-27T10:17:34+00:00","dateModified":"2022-10-19T15:57:10+00:00","breadcrumb":{"@id":"https:\/\/revistaidees.cat\/es\/autors\/joel-guiot\/#breadcrumb"},"inLanguage":"es","potentialAction":[{"@type":"ReadAction","target":["https:\/\/revistaidees.cat\/es\/autors\/joel-guiot\/"]}]},{"@type":"ImageObject","inLanguage":"es","@id":"https:\/\/revistaidees.cat\/es\/autors\/joel-guiot\/#primaryimage","url":"https:\/\/i0.wp.com\/revistaidees.cat\/wp-content\/uploads\/2020\/10\/Joe%CC%88l-Guiot-def-1.png?fit=470%2C334&ssl=1","contentUrl":"https:\/\/i0.wp.com\/revistaidees.cat\/wp-content\/uploads\/2020\/10\/Joe%CC%88l-Guiot-def-1.png?fit=470%2C334&ssl=1","width":470,"height":334,"caption":"Jo\u00ebl Guiot"},{"@type":"BreadcrumbList","@id":"https:\/\/revistaidees.cat\/es\/autors\/joel-guiot\/#breadcrumb","itemListElement":[{"@type":"ListItem","position":1,"name":"Inici","item":"https:\/\/revistaidees.cat\/es\/"},{"@type":"ListItem","position":2,"name":"Autors","item":"https:\/\/revistaidees.cat\/autors\/"},{"@type":"ListItem","position":3,"name":"Jo\u00ebl Guiot"}]},{"@type":"WebSite","@id":"https:\/\/revistaidees.cat\/#website","url":"https:\/\/revistaidees.cat\/","name":"IDEES","description":"Revista de temas contempor\u00e1neos","potentialAction":[{"@type":"SearchAction","target":{"@type":"EntryPoint","urlTemplate":"https:\/\/revistaidees.cat\/?s={search_term_string}"},"query-input":{"@type":"PropertyValueSpecification","valueRequired":true,"valueName":"search_term_string"}}],"inLanguage":"es"}]}},"jetpack_sharing_enabled":true,"_links":{"self":[{"href":"https:\/\/revistaidees.cat\/es\/wp-json\/wp\/v2\/autors\/24373","targetHints":{"allow":["GET"]}}],"collection":[{"href":"https:\/\/revistaidees.cat\/es\/wp-json\/wp\/v2\/autors"}],"about":[{"href":"https:\/\/revistaidees.cat\/es\/wp-json\/wp\/v2\/types\/autors"}],"version-history":[{"count":2,"href":"https:\/\/revistaidees.cat\/es\/wp-json\/wp\/v2\/autors\/24373\/revisions"}],"predecessor-version":[{"id":59063,"href":"https:\/\/revistaidees.cat\/es\/wp-json\/wp\/v2\/autors\/24373\/revisions\/59063"}],"wp:featuredmedia":[{"embeddable":true,"href":"https:\/\/revistaidees.cat\/es\/wp-json\/wp\/v2\/media\/59061"}],"wp:attachment":[{"href":"https:\/\/revistaidees.cat\/es\/wp-json\/wp\/v2\/media?parent=24373"}],"wp:term":[{"taxonomy":"category_autors","embeddable":true,"href":"https:\/\/revistaidees.cat\/es\/wp-json\/wp\/v2\/category_autors?post=24373"}],"curies":[{"name":"wp","href":"https:\/\/api.w.org\/{rel}","templated":true}]}}

Joël Guiot

<p>Joël Guiot és director de recerca del CNRS al Centre Europeu de Recerca i Formació en Geociències Ambientals (CEREGE, Universitat de Aix-Marseille, França). La seva principal recerca se centra en l&#8217;impacte dels canvis climàtics passats, presents i futurs en els ecosistemes mediterranis, en particular en el bosc mediterrani, utilitzant sèries dendrocronològiques i models de creixement d&#8217;arbres. El 2008 va cofundar la xarxa ECCOREV (Ecosistemes Continentals i Riscos Ambientals) per promoure la interdisciplinarietat en les ciències ambientals, en particular amb les ciències socials, i el 2012 va crear el Laboratori d&#8217;Excel·lència OT-Med per estudiar els riscos relacionats amb el canvi climàtic i els perills naturals a la conca del Mediterrani. El 2015 va posar en marxa, amb W. Cramer, el Grup d&#8217;experts del Mediterrani sobre el medi ambient i els canvis climàtics (MedECC), per transferir els coneixements científics sobre el canvi climàtic als agents de la societat de les dues ribes del Mediterrani. És un dels principals autors de l&#8217;informe especial de l&#8217;IPCC sobre l&#8217;impacte de l&#8217;escalfament global d’1,5 °C. Va rebre la medalla de plata del CNRS el 2005. </p>

<!-- This site is optimized with the Yoast SEO plugin v27.4 - https://yoast.com/product/yoast-seo-wordpress/ -->
<title>Joël Guiot &#8211; IDEES</title>
<meta name="robots" content="index, follow, max-snippet:-1, max-image-preview:large, max-video-preview:-1" />
<link rel="canonical" href="https://revistaidees.cat/es/autors/joel-guiot/" />
<meta property="og:locale" content="es_ES" />
<meta property="og:type" content="article" />
<meta property="og:title" content="Joël Guiot &#8211; IDEES" />
<meta property="og:description" content="Joël Guiot és director de recerca del CNRS al Centre Europeu de Recerca i Formació en Geociències Ambientals (CEREGE, Universitat de Aix-Marseille, França). La seva principal recerca se centra en l&#8217;impacte dels canvis climàtics passats, presents i futurs en els ecosistemes mediterranis, en particular en el bosc mediterrani, utilitzant sèries dendrocronològiques i models de creixement d&#8217;arbres. El 2008 va cofundar la xarxa ECCOREV (Ecosistemes Continentals i Riscos Ambientals) per promoure la interdisciplinarietat en les ciències ambientals, en particular amb les ciències socials, i el 2012 va crear el Laboratori d&#8217;Excel·lència OT-Med per estudiar els riscos relacionats amb el canvi climàtic…" />
<meta property="og:url" content="https://revistaidees.cat/es/autors/joel-guiot/" />
<meta property="og:site_name" content="IDEES" />
<meta property="article:modified_time" content="2022-10-19T15:57:10+00:00" />
<meta property="og:image" content="https://i0.wp.com/revistaidees.cat/wp-content/uploads/2020/10/Joël-Guiot-def-1.png?fit=470%2C334&ssl=1" />
	<meta property="og:image:width" content="470" />
	<meta property="og:image:height" content="334" />
	<meta property="og:image:type" content="image/png" />
<meta name="twitter:card" content="summary_large_image" />
<meta name="twitter:label1" content="Tiempo de lectura" />
	<meta name="twitter:data1" content="1 minuto" />
<script type="application/ld+json" class="yoast-schema-graph">{"@context":"https:\/\/schema.org","@graph":[{"@type":"WebPage","@id":"https:\/\/revistaidees.cat\/es\/autors\/joel-guiot\/","url":"https:\/\/revistaidees.cat\/es\/autors\/joel-guiot\/","name":"Joël Guiot &#8211; IDEES","isPartOf":{"@id":"https:\/\/revistaidees.cat\/#website"},"primaryImageOfPage":{"@id":"https:\/\/revistaidees.cat\/es\/autors\/joel-guiot\/#primaryimage"},"image":{"@id":"https:\/\/revistaidees.cat\/es\/autors\/joel-guiot\/#primaryimage"},"thumbnailUrl":"https:\/\/i0.wp.com\/revistaidees.cat\/wp-content\/uploads\/2020\/10\/Joe%CC%88l-Guiot-def-1.png?fit=470%2C334&ssl=1","datePublished":"2020-10-27T10:17:34+00:00","dateModified":"2022-10-19T15:57:10+00:00","breadcrumb":{"@id":"https:\/\/revistaidees.cat\/es\/autors\/joel-guiot\/#breadcrumb"},"inLanguage":"es","potentialAction":[{"@type":"ReadAction","target":["https:\/\/revistaidees.cat\/es\/autors\/joel-guiot\/"]}]},{"@type":"ImageObject","inLanguage":"es","@id":"https:\/\/revistaidees.cat\/es\/autors\/joel-guiot\/#primaryimage","url":"https:\/\/i0.wp.com\/revistaidees.cat\/wp-content\/uploads\/2020\/10\/Joe%CC%88l-Guiot-def-1.png?fit=470%2C334&ssl=1","contentUrl":"https:\/\/i0.wp.com\/revistaidees.cat\/wp-content\/uploads\/2020\/10\/Joe%CC%88l-Guiot-def-1.png?fit=470%2C334&ssl=1","width":470,"height":334,"caption":"Joël Guiot"},{"@type":"BreadcrumbList","@id":"https:\/\/revistaidees.cat\/es\/autors\/joel-guiot\/#breadcrumb","itemListElement":[{"@type":"ListItem","position":1,"name":"Inici","item":"https:\/\/revistaidees.cat\/es\/"},{"@type":"ListItem","position":2,"name":"Autors","item":"https:\/\/revistaidees.cat\/autors\/"},{"@type":"ListItem","position":3,"name":"Joël Guiot"}]},{"@type":"WebSite","@id":"https:\/\/revistaidees.cat\/#website","url":"https:\/\/revistaidees.cat\/","name":"IDEES","description":"Revista de temas contemporáneos","potentialAction":[{"@type":"SearchAction","target":{"@type":"EntryPoint","urlTemplate":"https:\/\/revistaidees.cat\/?s={search_term_string}"},"query-input":{"@type":"PropertyValueSpecification","valueRequired":true,"valueName":"search_term_string"}}],"inLanguage":"es"}]}</script>
<!-- / Yoast SEO plugin. -->

Joël Guiot &#8211; IDEES

Joël Guiot és director de recerca del CNRS al Centre Europeu de Recerca i Formació en Geociències Ambientals (CEREGE, Universitat de Aix-Marseille, França). La seva principal recerca se centra en l&#8217;impacte dels canvis climàtics passats, presents i futurs en els ecosistemes mediterranis, en particular en el bosc mediterrani, utilitzant sèries dendrocronològiques i models de creixement d&#8217;arbres. El 2008 va cofundar la xarxa ECCOREV (Ecosistemes Continentals i Riscos Ambientals) per promoure la interdisciplinarietat en les ciències ambientals, en particular amb les ciències socials, i el 2012 va crear el Laboratori d&#8217;Excel·lència OT-Med per estudiar els riscos relacionats amb el canvi climàtic…

Revista de temas contemporáneos
