{"id":25455,"date":"2020-11-02T19:17:50","date_gmt":"2020-11-02T19:17:50","guid":{"rendered":"https:\/\/revistaidees.cat\/?post_type=autors&#038;p=25455"},"modified":"2020-11-02T19:47:21","modified_gmt":"2020-11-02T19:47:21","slug":"joan-ridao","status":"publish","type":"autors","link":"https:\/\/revistaidees.cat\/es\/autors\/joan-ridao\/","title":{"rendered":"Joan Ridao"},"content":{"rendered":"\n<p>Joan Ridao Mart\u00edn es jurista y polit\u00f3logo. Es Doctor en Ciencias Pol\u00edticas y de la Administraci\u00f3n y Licenciado en Derecho por la Universidad Aut\u00f3noma de Barcelona. Desde hace una d\u00e9cada, es profesor titular y agregado de Derecho Constitucional en la Universidad de Barcelona. Desde el a\u00f1o 2017, ocupa el cargo de Letrado Mayor del Parlamento de Catalunya. Ha sido miembro del Consejo de Garant\u00edas Estatutarias, de la Comisi\u00f3n Bilateral Generalitat-Estado y de la Comisi\u00f3n Mixta de Transferencias Estado-Generalitat. Es autor o coautor de m\u00e1s de cincuenta libros y de decenas de art\u00edculos en revistas de impacto. Durante el periodo 2008-2011, fue el secretario general de Esquerra Republicana de Catalunya y diputado en las Cortes Generales.<\/p>\n","protected":false},"featured_media":24954,"template":"","category_autors":[],"class_list":["post-25455","autors","type-autors","status-publish","has-post-thumbnail","hentry"],"acf":[],"yoast_head":"<!-- This site is optimized with the Yoast SEO plugin v27.4 - https:\/\/yoast.com\/product\/yoast-seo-wordpress\/ -->\n<title>Joan Ridao &#8211; IDEES<\/title>\n<meta name=\"robots\" content=\"index, follow, max-snippet:-1, max-image-preview:large, max-video-preview:-1\" \/>\n<link rel=\"canonical\" href=\"https:\/\/revistaidees.cat\/es\/autors\/joan-ridao\/\" \/>\n<meta property=\"og:locale\" content=\"es_ES\" \/>\n<meta property=\"og:type\" content=\"article\" \/>\n<meta property=\"og:title\" content=\"Joan Ridao &#8211; IDEES\" \/>\n<meta property=\"og:description\" content=\"Joan Ridao Mart\u00edn es jurista y polit\u00f3logo. Es Doctor en Ciencias Pol\u00edticas y de la Administraci\u00f3n y Licenciado en Derecho por la Universidad Aut\u00f3noma de Barcelona. Desde hace una d\u00e9cada, es profesor titular y agregado de Derecho Constitucional en la Universidad de Barcelona. Desde el a\u00f1o 2017, ocupa el cargo de Letrado Mayor del Parlamento de Catalunya. Ha sido miembro del Consejo de Garant\u00edas Estatutarias, de la Comisi\u00f3n Bilateral Generalitat-Estado y de la Comisi\u00f3n Mixta de Transferencias Estado-Generalitat. Es autor o coautor de m\u00e1s de cincuenta libros y de decenas de art\u00edculos en revistas de impacto. Durante el periodo 2008-2011,\u2026\" \/>\n<meta property=\"og:url\" content=\"https:\/\/revistaidees.cat\/es\/autors\/joan-ridao\/\" \/>\n<meta property=\"og:site_name\" content=\"IDEES\" \/>\n<meta property=\"article:modified_time\" content=\"2020-11-02T19:47:21+00:00\" \/>\n<meta property=\"og:image\" content=\"https:\/\/i0.wp.com\/revistaidees.cat\/wp-content\/uploads\/2020\/10\/Joan_Ridao-def.jpg?fit=462%2C327&ssl=1\" \/>\n\t<meta property=\"og:image:width\" content=\"462\" \/>\n\t<meta property=\"og:image:height\" content=\"327\" \/>\n\t<meta property=\"og:image:type\" content=\"image\/jpeg\" \/>\n<meta name=\"twitter:card\" content=\"summary_large_image\" \/>\n<meta name=\"twitter:label1\" content=\"Tiempo de lectura\" \/>\n\t<meta name=\"twitter:data1\" content=\"1 minuto\" \/>\n<script type=\"application\/ld+json\" class=\"yoast-schema-graph\">{\"@context\":\"https:\\\/\\\/schema.org\",\"@graph\":[{\"@type\":\"WebPage\",\"@id\":\"https:\\\/\\\/revistaidees.cat\\\/es\\\/autors\\\/joan-ridao\\\/\",\"url\":\"https:\\\/\\\/revistaidees.cat\\\/es\\\/autors\\\/joan-ridao\\\/\",\"name\":\"Joan Ridao &#8211; IDEES\",\"isPartOf\":{\"@id\":\"https:\\\/\\\/revistaidees.cat\\\/#website\"},\"primaryImageOfPage\":{\"@id\":\"https:\\\/\\\/revistaidees.cat\\\/es\\\/autors\\\/joan-ridao\\\/#primaryimage\"},\"image\":{\"@id\":\"https:\\\/\\\/revistaidees.cat\\\/es\\\/autors\\\/joan-ridao\\\/#primaryimage\"},\"thumbnailUrl\":\"https:\\\/\\\/i0.wp.com\\\/revistaidees.cat\\\/wp-content\\\/uploads\\\/2020\\\/10\\\/Joan_Ridao-def.jpg?fit=462%2C327&ssl=1\",\"datePublished\":\"2020-11-02T19:17:50+00:00\",\"dateModified\":\"2020-11-02T19:47:21+00:00\",\"breadcrumb\":{\"@id\":\"https:\\\/\\\/revistaidees.cat\\\/es\\\/autors\\\/joan-ridao\\\/#breadcrumb\"},\"inLanguage\":\"es\",\"potentialAction\":[{\"@type\":\"ReadAction\",\"target\":[\"https:\\\/\\\/revistaidees.cat\\\/es\\\/autors\\\/joan-ridao\\\/\"]}]},{\"@type\":\"ImageObject\",\"inLanguage\":\"es\",\"@id\":\"https:\\\/\\\/revistaidees.cat\\\/es\\\/autors\\\/joan-ridao\\\/#primaryimage\",\"url\":\"https:\\\/\\\/i0.wp.com\\\/revistaidees.cat\\\/wp-content\\\/uploads\\\/2020\\\/10\\\/Joan_Ridao-def.jpg?fit=462%2C327&ssl=1\",\"contentUrl\":\"https:\\\/\\\/i0.wp.com\\\/revistaidees.cat\\\/wp-content\\\/uploads\\\/2020\\\/10\\\/Joan_Ridao-def.jpg?fit=462%2C327&ssl=1\",\"width\":462,\"height\":327,\"caption\":\"Joan_Ridao\"},{\"@type\":\"BreadcrumbList\",\"@id\":\"https:\\\/\\\/revistaidees.cat\\\/es\\\/autors\\\/joan-ridao\\\/#breadcrumb\",\"itemListElement\":[{\"@type\":\"ListItem\",\"position\":1,\"name\":\"Inici\",\"item\":\"https:\\\/\\\/revistaidees.cat\\\/es\\\/\"},{\"@type\":\"ListItem\",\"position\":2,\"name\":\"Autors\",\"item\":\"https:\\\/\\\/revistaidees.cat\\\/autors\\\/\"},{\"@type\":\"ListItem\",\"position\":3,\"name\":\"Joan Ridao\"}]},{\"@type\":\"WebSite\",\"@id\":\"https:\\\/\\\/revistaidees.cat\\\/#website\",\"url\":\"https:\\\/\\\/revistaidees.cat\\\/\",\"name\":\"IDEES\",\"description\":\"Revista de temas contempor\u00e1neos\",\"potentialAction\":[{\"@type\":\"SearchAction\",\"target\":{\"@type\":\"EntryPoint\",\"urlTemplate\":\"https:\\\/\\\/revistaidees.cat\\\/?s={search_term_string}\"},\"query-input\":{\"@type\":\"PropertyValueSpecification\",\"valueRequired\":true,\"valueName\":\"search_term_string\"}}],\"inLanguage\":\"es\"}]}<\/script>\n<!-- \/ Yoast SEO plugin. -->","yoast_head_json":{"title":"Joan Ridao &#8211; IDEES","robots":{"index":"index","follow":"follow","max-snippet":"max-snippet:-1","max-image-preview":"max-image-preview:large","max-video-preview":"max-video-preview:-1"},"canonical":"https:\/\/revistaidees.cat\/es\/autors\/joan-ridao\/","og_locale":"es_ES","og_type":"article","og_title":"Joan Ridao &#8211; IDEES","og_description":"Joan Ridao Mart\u00edn es jurista y polit\u00f3logo. Es Doctor en Ciencias Pol\u00edticas y de la Administraci\u00f3n y Licenciado en Derecho por la Universidad Aut\u00f3noma de Barcelona. Desde hace una d\u00e9cada, es profesor titular y agregado de Derecho Constitucional en la Universidad de Barcelona. Desde el a\u00f1o 2017, ocupa el cargo de Letrado Mayor del Parlamento de Catalunya. Ha sido miembro del Consejo de Garant\u00edas Estatutarias, de la Comisi\u00f3n Bilateral Generalitat-Estado y de la Comisi\u00f3n Mixta de Transferencias Estado-Generalitat. Es autor o coautor de m\u00e1s de cincuenta libros y de decenas de art\u00edculos en revistas de impacto. Durante el periodo 2008-2011,\u2026","og_url":"https:\/\/revistaidees.cat\/es\/autors\/joan-ridao\/","og_site_name":"IDEES","article_modified_time":"2020-11-02T19:47:21+00:00","og_image":[{"width":462,"height":327,"url":"https:\/\/i0.wp.com\/revistaidees.cat\/wp-content\/uploads\/2020\/10\/Joan_Ridao-def.jpg?fit=462%2C327&ssl=1","type":"image\/jpeg"}],"twitter_card":"summary_large_image","twitter_misc":{"Tiempo de lectura":"1 minuto"},"schema":{"@context":"https:\/\/schema.org","@graph":[{"@type":"WebPage","@id":"https:\/\/revistaidees.cat\/es\/autors\/joan-ridao\/","url":"https:\/\/revistaidees.cat\/es\/autors\/joan-ridao\/","name":"Joan Ridao &#8211; IDEES","isPartOf":{"@id":"https:\/\/revistaidees.cat\/#website"},"primaryImageOfPage":{"@id":"https:\/\/revistaidees.cat\/es\/autors\/joan-ridao\/#primaryimage"},"image":{"@id":"https:\/\/revistaidees.cat\/es\/autors\/joan-ridao\/#primaryimage"},"thumbnailUrl":"https:\/\/i0.wp.com\/revistaidees.cat\/wp-content\/uploads\/2020\/10\/Joan_Ridao-def.jpg?fit=462%2C327&ssl=1","datePublished":"2020-11-02T19:17:50+00:00","dateModified":"2020-11-02T19:47:21+00:00","breadcrumb":{"@id":"https:\/\/revistaidees.cat\/es\/autors\/joan-ridao\/#breadcrumb"},"inLanguage":"es","potentialAction":[{"@type":"ReadAction","target":["https:\/\/revistaidees.cat\/es\/autors\/joan-ridao\/"]}]},{"@type":"ImageObject","inLanguage":"es","@id":"https:\/\/revistaidees.cat\/es\/autors\/joan-ridao\/#primaryimage","url":"https:\/\/i0.wp.com\/revistaidees.cat\/wp-content\/uploads\/2020\/10\/Joan_Ridao-def.jpg?fit=462%2C327&ssl=1","contentUrl":"https:\/\/i0.wp.com\/revistaidees.cat\/wp-content\/uploads\/2020\/10\/Joan_Ridao-def.jpg?fit=462%2C327&ssl=1","width":462,"height":327,"caption":"Joan_Ridao"},{"@type":"BreadcrumbList","@id":"https:\/\/revistaidees.cat\/es\/autors\/joan-ridao\/#breadcrumb","itemListElement":[{"@type":"ListItem","position":1,"name":"Inici","item":"https:\/\/revistaidees.cat\/es\/"},{"@type":"ListItem","position":2,"name":"Autors","item":"https:\/\/revistaidees.cat\/autors\/"},{"@type":"ListItem","position":3,"name":"Joan Ridao"}]},{"@type":"WebSite","@id":"https:\/\/revistaidees.cat\/#website","url":"https:\/\/revistaidees.cat\/","name":"IDEES","description":"Revista de temas contempor\u00e1neos","potentialAction":[{"@type":"SearchAction","target":{"@type":"EntryPoint","urlTemplate":"https:\/\/revistaidees.cat\/?s={search_term_string}"},"query-input":{"@type":"PropertyValueSpecification","valueRequired":true,"valueName":"search_term_string"}}],"inLanguage":"es"}]}},"jetpack_sharing_enabled":true,"_links":{"self":[{"href":"https:\/\/revistaidees.cat\/es\/wp-json\/wp\/v2\/autors\/25455","targetHints":{"allow":["GET"]}}],"collection":[{"href":"https:\/\/revistaidees.cat\/es\/wp-json\/wp\/v2\/autors"}],"about":[{"href":"https:\/\/revistaidees.cat\/es\/wp-json\/wp\/v2\/types\/autors"}],"version-history":[{"count":5,"href":"https:\/\/revistaidees.cat\/es\/wp-json\/wp\/v2\/autors\/25455\/revisions"}],"predecessor-version":[{"id":25462,"href":"https:\/\/revistaidees.cat\/es\/wp-json\/wp\/v2\/autors\/25455\/revisions\/25462"}],"wp:featuredmedia":[{"embeddable":true,"href":"https:\/\/revistaidees.cat\/es\/wp-json\/wp\/v2\/media\/24954"}],"wp:attachment":[{"href":"https:\/\/revistaidees.cat\/es\/wp-json\/wp\/v2\/media?parent=25455"}],"wp:term":[{"taxonomy":"category_autors","embeddable":true,"href":"https:\/\/revistaidees.cat\/es\/wp-json\/wp\/v2\/category_autors?post=25455"}],"curies":[{"name":"wp","href":"https:\/\/api.w.org\/{rel}","templated":true}]}}

<p>Joan Ridao Martín es jurista y politólogo. Es Doctor en Ciencias Políticas y de la Administración y Licenciado en Derecho por la Universidad Autónoma de Barcelona. Desde hace una década, es profesor titular y agregado de Derecho Constitucional en la Universidad de Barcelona. Desde el año 2017, ocupa el cargo de Letrado Mayor del Parlamento de Catalunya. Ha sido miembro del Consejo de Garantías Estatutarias, de la Comisión Bilateral Generalitat-Estado y de la Comisión Mixta de Transferencias Estado-Generalitat. Es autor o coautor de más de cincuenta libros y de decenas de artículos en revistas de impacto. Durante el periodo 2008-2011, fue el secretario general de Esquerra Republicana de Catalunya y diputado en las Cortes Generales.</p>

<!-- This site is optimized with the Yoast SEO plugin v27.4 - https://yoast.com/product/yoast-seo-wordpress/ -->
<title>Joan Ridao &#8211; IDEES</title>
<meta name="robots" content="index, follow, max-snippet:-1, max-image-preview:large, max-video-preview:-1" />
<link rel="canonical" href="https://revistaidees.cat/es/autors/joan-ridao/" />
<meta property="og:locale" content="es_ES" />
<meta property="og:type" content="article" />
<meta property="og:title" content="Joan Ridao &#8211; IDEES" />
<meta property="og:description" content="Joan Ridao Martín es jurista y politólogo. Es Doctor en Ciencias Políticas y de la Administración y Licenciado en Derecho por la Universidad Autónoma de Barcelona. Desde hace una década, es profesor titular y agregado de Derecho Constitucional en la Universidad de Barcelona. Desde el año 2017, ocupa el cargo de Letrado Mayor del Parlamento de Catalunya. Ha sido miembro del Consejo de Garantías Estatutarias, de la Comisión Bilateral Generalitat-Estado y de la Comisión Mixta de Transferencias Estado-Generalitat. Es autor o coautor de más de cincuenta libros y de decenas de artículos en revistas de impacto. Durante el periodo 2008-2011,…" />
<meta property="og:url" content="https://revistaidees.cat/es/autors/joan-ridao/" />
<meta property="og:site_name" content="IDEES" />
<meta property="article:modified_time" content="2020-11-02T19:47:21+00:00" />
<meta property="og:image" content="https://i0.wp.com/revistaidees.cat/wp-content/uploads/2020/10/Joan_Ridao-def.jpg?fit=462%2C327&ssl=1" />
	<meta property="og:image:width" content="462" />
	<meta property="og:image:height" content="327" />
	<meta property="og:image:type" content="image/jpeg" />
<meta name="twitter:card" content="summary_large_image" />
<meta name="twitter:label1" content="Tiempo de lectura" />
	<meta name="twitter:data1" content="1 minuto" />
<script type="application/ld+json" class="yoast-schema-graph">{"@context":"https:\/\/schema.org","@graph":[{"@type":"WebPage","@id":"https:\/\/revistaidees.cat\/es\/autors\/joan-ridao\/","url":"https:\/\/revistaidees.cat\/es\/autors\/joan-ridao\/","name":"Joan Ridao &#8211; IDEES","isPartOf":{"@id":"https:\/\/revistaidees.cat\/#website"},"primaryImageOfPage":{"@id":"https:\/\/revistaidees.cat\/es\/autors\/joan-ridao\/#primaryimage"},"image":{"@id":"https:\/\/revistaidees.cat\/es\/autors\/joan-ridao\/#primaryimage"},"thumbnailUrl":"https:\/\/i0.wp.com\/revistaidees.cat\/wp-content\/uploads\/2020\/10\/Joan_Ridao-def.jpg?fit=462%2C327&ssl=1","datePublished":"2020-11-02T19:17:50+00:00","dateModified":"2020-11-02T19:47:21+00:00","breadcrumb":{"@id":"https:\/\/revistaidees.cat\/es\/autors\/joan-ridao\/#breadcrumb"},"inLanguage":"es","potentialAction":[{"@type":"ReadAction","target":["https:\/\/revistaidees.cat\/es\/autors\/joan-ridao\/"]}]},{"@type":"ImageObject","inLanguage":"es","@id":"https:\/\/revistaidees.cat\/es\/autors\/joan-ridao\/#primaryimage","url":"https:\/\/i0.wp.com\/revistaidees.cat\/wp-content\/uploads\/2020\/10\/Joan_Ridao-def.jpg?fit=462%2C327&ssl=1","contentUrl":"https:\/\/i0.wp.com\/revistaidees.cat\/wp-content\/uploads\/2020\/10\/Joan_Ridao-def.jpg?fit=462%2C327&ssl=1","width":462,"height":327,"caption":"Joan_Ridao"},{"@type":"BreadcrumbList","@id":"https:\/\/revistaidees.cat\/es\/autors\/joan-ridao\/#breadcrumb","itemListElement":[{"@type":"ListItem","position":1,"name":"Inici","item":"https:\/\/revistaidees.cat\/es\/"},{"@type":"ListItem","position":2,"name":"Autors","item":"https:\/\/revistaidees.cat\/autors\/"},{"@type":"ListItem","position":3,"name":"Joan Ridao"}]},{"@type":"WebSite","@id":"https:\/\/revistaidees.cat\/#website","url":"https:\/\/revistaidees.cat\/","name":"IDEES","description":"Revista de temas contemporáneos","potentialAction":[{"@type":"SearchAction","target":{"@type":"EntryPoint","urlTemplate":"https:\/\/revistaidees.cat\/?s={search_term_string}"},"query-input":{"@type":"PropertyValueSpecification","valueRequired":true,"valueName":"search_term_string"}}],"inLanguage":"es"}]}</script>
<!-- / Yoast SEO plugin. -->

Joan Ridao Martín es jurista y politólogo. Es Doctor en Ciencias Políticas y de la Administración y Licenciado en Derecho por la Universidad Autónoma de Barcelona. Desde hace una década, es profesor titular y agregado de Derecho Constitucional en la Universidad de Barcelona. Desde el año 2017, ocupa el cargo de Letrado Mayor del Parlamento de Catalunya. Ha sido miembro del Consejo de Garantías Estatutarias, de la Comisión Bilateral Generalitat-Estado y de la Comisión Mixta de Transferencias Estado-Generalitat. Es autor o coautor de más de cincuenta libros y de decenas de artículos en revistas de impacto. Durante el periodo 2008-2011,…

Revista de temas contemporáneos
