{"id":25472,"date":"2020-11-02T19:32:13","date_gmt":"2020-11-02T19:32:13","guid":{"rendered":"https:\/\/revistaidees.cat\/?post_type=autors&#038;p=25472"},"modified":"2023-01-31T14:20:38","modified_gmt":"2023-01-31T12:20:38","slug":"josep-maria-valles","status":"publish","type":"autors","link":"https:\/\/revistaidees.cat\/es\/autors\/josep-maria-valles\/","title":{"rendered":"Josep Maria Vall\u00e8s"},"content":{"rendered":"\n<p>Josep Maria Vall\u00e8s \u00e9s catedr\u00e0tic em\u00e8rit de Ci\u00e8ncies Pol\u00edtiques de la Universitat Aut\u00f2noma de Barcelona. \u00c9s llicenciat en Dret per la Universitat de Barcelona i va realitzar estudis de Ci\u00e8ncia Pol\u00edtica a l&#8217;Institut d&#8217;Estudis Avan\u00e7ats de Par\u00eds i de direcci\u00f3 d&#8217;empreses a l&#8217;Escola Superior d&#8217;Administraci\u00f3 i Direcci\u00f3 d&#8217;Empreses. \u00c9s un dels impulsors de la Facultat de Ci\u00e8ncies Pol\u00edtiques i Sociologia de la UAB: l&#8217;any 1989 en va ser el primer deg\u00e0, i a partir del 1990 va ser rector de la Universitat Aut\u00f2noma de Barcelona durant un lustre. L&#8217;any 1999, com a president de l&#8217;associaci\u00f3 Ciutadans pel Canvi (CpC) &#8211;que donava suport a la candidatura de Pasqual Maragall&#8211; va ser escollit diputat al Parlament de Catalunya en la coalici\u00f3 electoral PSC-CpC. Quatre anys m\u00e9s tard, va formar part del Govern de Catalunya com a Conseller de Just\u00edcia (2003-2006), sota la presid\u00e8ncia de Maragall. Membre del Col\u00b7legi d&#8217;Advocats de Barcelona, tamb\u00e9 \u00e9s col\u00b7laborador habitual d&#8217;opini\u00f3 a El Pa\u00eds i autor de diversos llibres, d&#8217;entre els quals destaquen <em>Ciencia pol\u00edtica: una introducci\u00f3n<\/em> (2000) o el recent <em>\u00bfPara qu\u00e9 servimos los polit\u00f3logos?<\/em> (2020).<\/p>\n","protected":false},"featured_media":61574,"template":"","category_autors":[],"class_list":["post-25472","autors","type-autors","status-publish","has-post-thumbnail","hentry"],"acf":[],"yoast_head":"<!-- This site is optimized with the Yoast SEO plugin v27.4 - https:\/\/yoast.com\/product\/yoast-seo-wordpress\/ -->\n<title>Josep Maria Vall\u00e8s &#8211; IDEES<\/title>\n<meta name=\"robots\" content=\"index, follow, max-snippet:-1, max-image-preview:large, max-video-preview:-1\" \/>\n<link rel=\"canonical\" href=\"https:\/\/revistaidees.cat\/es\/autors\/josep-maria-valles\/\" \/>\n<meta property=\"og:locale\" content=\"es_ES\" \/>\n<meta property=\"og:type\" content=\"article\" \/>\n<meta property=\"og:title\" content=\"Josep Maria Vall\u00e8s &#8211; IDEES\" \/>\n<meta property=\"og:description\" content=\"Josep Maria Vall\u00e8s \u00e9s catedr\u00e0tic em\u00e8rit de Ci\u00e8ncies Pol\u00edtiques de la Universitat Aut\u00f2noma de Barcelona. \u00c9s llicenciat en Dret per la Universitat de Barcelona i va realitzar estudis de Ci\u00e8ncia Pol\u00edtica a l&#8217;Institut d&#8217;Estudis Avan\u00e7ats de Par\u00eds i de direcci\u00f3 d&#8217;empreses a l&#8217;Escola Superior d&#8217;Administraci\u00f3 i Direcci\u00f3 d&#8217;Empreses. \u00c9s un dels impulsors de la Facultat de Ci\u00e8ncies Pol\u00edtiques i Sociologia de la UAB: l&#8217;any 1989 en va ser el primer deg\u00e0, i a partir del 1990 va ser rector de la Universitat Aut\u00f2noma de Barcelona durant un lustre. L&#8217;any 1999, com a president de l&#8217;associaci\u00f3 Ciutadans pel Canvi (CpC) &#8211;que\u2026\" \/>\n<meta property=\"og:url\" content=\"https:\/\/revistaidees.cat\/es\/autors\/josep-maria-valles\/\" \/>\n<meta property=\"og:site_name\" content=\"IDEES\" \/>\n<meta property=\"article:modified_time\" content=\"2023-01-31T12:20:38+00:00\" \/>\n<meta property=\"og:image\" content=\"https:\/\/i0.wp.com\/revistaidees.cat\/wp-content\/uploads\/2020\/11\/Josep-Maria-Valles.jpg?fit=466%2C315&ssl=1\" \/>\n\t<meta property=\"og:image:width\" content=\"466\" \/>\n\t<meta property=\"og:image:height\" content=\"315\" \/>\n\t<meta property=\"og:image:type\" content=\"image\/jpeg\" \/>\n<meta name=\"twitter:card\" content=\"summary_large_image\" \/>\n<meta name=\"twitter:label1\" content=\"Tiempo de lectura\" \/>\n\t<meta name=\"twitter:data1\" content=\"1 minuto\" \/>\n<script type=\"application\/ld+json\" class=\"yoast-schema-graph\">{\"@context\":\"https:\\\/\\\/schema.org\",\"@graph\":[{\"@type\":\"WebPage\",\"@id\":\"https:\\\/\\\/revistaidees.cat\\\/es\\\/autors\\\/josep-maria-valles\\\/\",\"url\":\"https:\\\/\\\/revistaidees.cat\\\/es\\\/autors\\\/josep-maria-valles\\\/\",\"name\":\"Josep Maria Vall\u00e8s &#8211; IDEES\",\"isPartOf\":{\"@id\":\"https:\\\/\\\/revistaidees.cat\\\/#website\"},\"primaryImageOfPage\":{\"@id\":\"https:\\\/\\\/revistaidees.cat\\\/es\\\/autors\\\/josep-maria-valles\\\/#primaryimage\"},\"image\":{\"@id\":\"https:\\\/\\\/revistaidees.cat\\\/es\\\/autors\\\/josep-maria-valles\\\/#primaryimage\"},\"thumbnailUrl\":\"https:\\\/\\\/i0.wp.com\\\/revistaidees.cat\\\/wp-content\\\/uploads\\\/2020\\\/11\\\/Josep-Maria-Valles.jpg?fit=466%2C315&ssl=1\",\"datePublished\":\"2020-11-02T19:32:13+00:00\",\"dateModified\":\"2023-01-31T12:20:38+00:00\",\"breadcrumb\":{\"@id\":\"https:\\\/\\\/revistaidees.cat\\\/es\\\/autors\\\/josep-maria-valles\\\/#breadcrumb\"},\"inLanguage\":\"es\",\"potentialAction\":[{\"@type\":\"ReadAction\",\"target\":[\"https:\\\/\\\/revistaidees.cat\\\/es\\\/autors\\\/josep-maria-valles\\\/\"]}]},{\"@type\":\"ImageObject\",\"inLanguage\":\"es\",\"@id\":\"https:\\\/\\\/revistaidees.cat\\\/es\\\/autors\\\/josep-maria-valles\\\/#primaryimage\",\"url\":\"https:\\\/\\\/i0.wp.com\\\/revistaidees.cat\\\/wp-content\\\/uploads\\\/2020\\\/11\\\/Josep-Maria-Valles.jpg?fit=466%2C315&ssl=1\",\"contentUrl\":\"https:\\\/\\\/i0.wp.com\\\/revistaidees.cat\\\/wp-content\\\/uploads\\\/2020\\\/11\\\/Josep-Maria-Valles.jpg?fit=466%2C315&ssl=1\",\"width\":466,\"height\":315},{\"@type\":\"BreadcrumbList\",\"@id\":\"https:\\\/\\\/revistaidees.cat\\\/es\\\/autors\\\/josep-maria-valles\\\/#breadcrumb\",\"itemListElement\":[{\"@type\":\"ListItem\",\"position\":1,\"name\":\"Inici\",\"item\":\"https:\\\/\\\/revistaidees.cat\\\/es\\\/\"},{\"@type\":\"ListItem\",\"position\":2,\"name\":\"Autors\",\"item\":\"https:\\\/\\\/revistaidees.cat\\\/autors\\\/\"},{\"@type\":\"ListItem\",\"position\":3,\"name\":\"Josep Maria Vall\u00e8s\"}]},{\"@type\":\"WebSite\",\"@id\":\"https:\\\/\\\/revistaidees.cat\\\/#website\",\"url\":\"https:\\\/\\\/revistaidees.cat\\\/\",\"name\":\"IDEES\",\"description\":\"Revista de temas contempor\u00e1neos\",\"potentialAction\":[{\"@type\":\"SearchAction\",\"target\":{\"@type\":\"EntryPoint\",\"urlTemplate\":\"https:\\\/\\\/revistaidees.cat\\\/?s={search_term_string}\"},\"query-input\":{\"@type\":\"PropertyValueSpecification\",\"valueRequired\":true,\"valueName\":\"search_term_string\"}}],\"inLanguage\":\"es\"}]}<\/script>\n<!-- \/ Yoast SEO plugin. -->","yoast_head_json":{"title":"Josep Maria Vall\u00e8s &#8211; IDEES","robots":{"index":"index","follow":"follow","max-snippet":"max-snippet:-1","max-image-preview":"max-image-preview:large","max-video-preview":"max-video-preview:-1"},"canonical":"https:\/\/revistaidees.cat\/es\/autors\/josep-maria-valles\/","og_locale":"es_ES","og_type":"article","og_title":"Josep Maria Vall\u00e8s &#8211; IDEES","og_description":"Josep Maria Vall\u00e8s \u00e9s catedr\u00e0tic em\u00e8rit de Ci\u00e8ncies Pol\u00edtiques de la Universitat Aut\u00f2noma de Barcelona. \u00c9s llicenciat en Dret per la Universitat de Barcelona i va realitzar estudis de Ci\u00e8ncia Pol\u00edtica a l&#8217;Institut d&#8217;Estudis Avan\u00e7ats de Par\u00eds i de direcci\u00f3 d&#8217;empreses a l&#8217;Escola Superior d&#8217;Administraci\u00f3 i Direcci\u00f3 d&#8217;Empreses. \u00c9s un dels impulsors de la Facultat de Ci\u00e8ncies Pol\u00edtiques i Sociologia de la UAB: l&#8217;any 1989 en va ser el primer deg\u00e0, i a partir del 1990 va ser rector de la Universitat Aut\u00f2noma de Barcelona durant un lustre. L&#8217;any 1999, com a president de l&#8217;associaci\u00f3 Ciutadans pel Canvi (CpC) &#8211;que\u2026","og_url":"https:\/\/revistaidees.cat\/es\/autors\/josep-maria-valles\/","og_site_name":"IDEES","article_modified_time":"2023-01-31T12:20:38+00:00","og_image":[{"width":466,"height":315,"url":"https:\/\/i0.wp.com\/revistaidees.cat\/wp-content\/uploads\/2020\/11\/Josep-Maria-Valles.jpg?fit=466%2C315&ssl=1","type":"image\/jpeg"}],"twitter_card":"summary_large_image","twitter_misc":{"Tiempo de lectura":"1 minuto"},"schema":{"@context":"https:\/\/schema.org","@graph":[{"@type":"WebPage","@id":"https:\/\/revistaidees.cat\/es\/autors\/josep-maria-valles\/","url":"https:\/\/revistaidees.cat\/es\/autors\/josep-maria-valles\/","name":"Josep Maria Vall\u00e8s &#8211; IDEES","isPartOf":{"@id":"https:\/\/revistaidees.cat\/#website"},"primaryImageOfPage":{"@id":"https:\/\/revistaidees.cat\/es\/autors\/josep-maria-valles\/#primaryimage"},"image":{"@id":"https:\/\/revistaidees.cat\/es\/autors\/josep-maria-valles\/#primaryimage"},"thumbnailUrl":"https:\/\/i0.wp.com\/revistaidees.cat\/wp-content\/uploads\/2020\/11\/Josep-Maria-Valles.jpg?fit=466%2C315&ssl=1","datePublished":"2020-11-02T19:32:13+00:00","dateModified":"2023-01-31T12:20:38+00:00","breadcrumb":{"@id":"https:\/\/revistaidees.cat\/es\/autors\/josep-maria-valles\/#breadcrumb"},"inLanguage":"es","potentialAction":[{"@type":"ReadAction","target":["https:\/\/revistaidees.cat\/es\/autors\/josep-maria-valles\/"]}]},{"@type":"ImageObject","inLanguage":"es","@id":"https:\/\/revistaidees.cat\/es\/autors\/josep-maria-valles\/#primaryimage","url":"https:\/\/i0.wp.com\/revistaidees.cat\/wp-content\/uploads\/2020\/11\/Josep-Maria-Valles.jpg?fit=466%2C315&ssl=1","contentUrl":"https:\/\/i0.wp.com\/revistaidees.cat\/wp-content\/uploads\/2020\/11\/Josep-Maria-Valles.jpg?fit=466%2C315&ssl=1","width":466,"height":315},{"@type":"BreadcrumbList","@id":"https:\/\/revistaidees.cat\/es\/autors\/josep-maria-valles\/#breadcrumb","itemListElement":[{"@type":"ListItem","position":1,"name":"Inici","item":"https:\/\/revistaidees.cat\/es\/"},{"@type":"ListItem","position":2,"name":"Autors","item":"https:\/\/revistaidees.cat\/autors\/"},{"@type":"ListItem","position":3,"name":"Josep Maria Vall\u00e8s"}]},{"@type":"WebSite","@id":"https:\/\/revistaidees.cat\/#website","url":"https:\/\/revistaidees.cat\/","name":"IDEES","description":"Revista de temas contempor\u00e1neos","potentialAction":[{"@type":"SearchAction","target":{"@type":"EntryPoint","urlTemplate":"https:\/\/revistaidees.cat\/?s={search_term_string}"},"query-input":{"@type":"PropertyValueSpecification","valueRequired":true,"valueName":"search_term_string"}}],"inLanguage":"es"}]}},"jetpack_sharing_enabled":true,"_links":{"self":[{"href":"https:\/\/revistaidees.cat\/es\/wp-json\/wp\/v2\/autors\/25472","targetHints":{"allow":["GET"]}}],"collection":[{"href":"https:\/\/revistaidees.cat\/es\/wp-json\/wp\/v2\/autors"}],"about":[{"href":"https:\/\/revistaidees.cat\/es\/wp-json\/wp\/v2\/types\/autors"}],"version-history":[{"count":2,"href":"https:\/\/revistaidees.cat\/es\/wp-json\/wp\/v2\/autors\/25472\/revisions"}],"predecessor-version":[{"id":59043,"href":"https:\/\/revistaidees.cat\/es\/wp-json\/wp\/v2\/autors\/25472\/revisions\/59043"}],"wp:featuredmedia":[{"embeddable":true,"href":"https:\/\/revistaidees.cat\/es\/wp-json\/wp\/v2\/media\/61574"}],"wp:attachment":[{"href":"https:\/\/revistaidees.cat\/es\/wp-json\/wp\/v2\/media?parent=25472"}],"wp:term":[{"taxonomy":"category_autors","embeddable":true,"href":"https:\/\/revistaidees.cat\/es\/wp-json\/wp\/v2\/category_autors?post=25472"}],"curies":[{"name":"wp","href":"https:\/\/api.w.org\/{rel}","templated":true}]}}

Josep Maria Vallès

<p>Josep Maria Vallès és catedràtic emèrit de Ciències Polítiques de la Universitat Autònoma de Barcelona. És llicenciat en Dret per la Universitat de Barcelona i va realitzar estudis de Ciència Política a l&#8217;Institut d&#8217;Estudis Avançats de París i de direcció d&#8217;empreses a l&#8217;Escola Superior d&#8217;Administració i Direcció d&#8217;Empreses. És un dels impulsors de la Facultat de Ciències Polítiques i Sociologia de la UAB: l&#8217;any 1989 en va ser el primer degà, i a partir del 1990 va ser rector de la Universitat Autònoma de Barcelona durant un lustre. L&#8217;any 1999, com a president de l&#8217;associació Ciutadans pel Canvi (CpC) &#8211;que donava suport a la candidatura de Pasqual Maragall&#8211; va ser escollit diputat al Parlament de Catalunya en la coalició electoral PSC-CpC. Quatre anys més tard, va formar part del Govern de Catalunya com a Conseller de Justícia (2003-2006), sota la presidència de Maragall. Membre del Col·legi d&#8217;Advocats de Barcelona, també és col·laborador habitual d&#8217;opinió a El País i autor de diversos llibres, d&#8217;entre els quals destaquen <em>Ciencia política: una introducción</em> (2000) o el recent <em>¿Para qué servimos los politólogos?</em> (2020).</p>

<!-- This site is optimized with the Yoast SEO plugin v27.4 - https://yoast.com/product/yoast-seo-wordpress/ -->
<title>Josep Maria Vallès &#8211; IDEES</title>
<meta name="robots" content="index, follow, max-snippet:-1, max-image-preview:large, max-video-preview:-1" />
<link rel="canonical" href="https://revistaidees.cat/es/autors/josep-maria-valles/" />
<meta property="og:locale" content="es_ES" />
<meta property="og:type" content="article" />
<meta property="og:title" content="Josep Maria Vallès &#8211; IDEES" />
<meta property="og:description" content="Josep Maria Vallès és catedràtic emèrit de Ciències Polítiques de la Universitat Autònoma de Barcelona. És llicenciat en Dret per la Universitat de Barcelona i va realitzar estudis de Ciència Política a l&#8217;Institut d&#8217;Estudis Avançats de París i de direcció d&#8217;empreses a l&#8217;Escola Superior d&#8217;Administració i Direcció d&#8217;Empreses. És un dels impulsors de la Facultat de Ciències Polítiques i Sociologia de la UAB: l&#8217;any 1989 en va ser el primer degà, i a partir del 1990 va ser rector de la Universitat Autònoma de Barcelona durant un lustre. L&#8217;any 1999, com a president de l&#8217;associació Ciutadans pel Canvi (CpC) &#8211;que…" />
<meta property="og:url" content="https://revistaidees.cat/es/autors/josep-maria-valles/" />
<meta property="og:site_name" content="IDEES" />
<meta property="article:modified_time" content="2023-01-31T12:20:38+00:00" />
<meta property="og:image" content="https://i0.wp.com/revistaidees.cat/wp-content/uploads/2020/11/Josep-Maria-Valles.jpg?fit=466%2C315&ssl=1" />
	<meta property="og:image:width" content="466" />
	<meta property="og:image:height" content="315" />
	<meta property="og:image:type" content="image/jpeg" />
<meta name="twitter:card" content="summary_large_image" />
<meta name="twitter:label1" content="Tiempo de lectura" />
	<meta name="twitter:data1" content="1 minuto" />
<script type="application/ld+json" class="yoast-schema-graph">{"@context":"https:\/\/schema.org","@graph":[{"@type":"WebPage","@id":"https:\/\/revistaidees.cat\/es\/autors\/josep-maria-valles\/","url":"https:\/\/revistaidees.cat\/es\/autors\/josep-maria-valles\/","name":"Josep Maria Vallès &#8211; IDEES","isPartOf":{"@id":"https:\/\/revistaidees.cat\/#website"},"primaryImageOfPage":{"@id":"https:\/\/revistaidees.cat\/es\/autors\/josep-maria-valles\/#primaryimage"},"image":{"@id":"https:\/\/revistaidees.cat\/es\/autors\/josep-maria-valles\/#primaryimage"},"thumbnailUrl":"https:\/\/i0.wp.com\/revistaidees.cat\/wp-content\/uploads\/2020\/11\/Josep-Maria-Valles.jpg?fit=466%2C315&ssl=1","datePublished":"2020-11-02T19:32:13+00:00","dateModified":"2023-01-31T12:20:38+00:00","breadcrumb":{"@id":"https:\/\/revistaidees.cat\/es\/autors\/josep-maria-valles\/#breadcrumb"},"inLanguage":"es","potentialAction":[{"@type":"ReadAction","target":["https:\/\/revistaidees.cat\/es\/autors\/josep-maria-valles\/"]}]},{"@type":"ImageObject","inLanguage":"es","@id":"https:\/\/revistaidees.cat\/es\/autors\/josep-maria-valles\/#primaryimage","url":"https:\/\/i0.wp.com\/revistaidees.cat\/wp-content\/uploads\/2020\/11\/Josep-Maria-Valles.jpg?fit=466%2C315&ssl=1","contentUrl":"https:\/\/i0.wp.com\/revistaidees.cat\/wp-content\/uploads\/2020\/11\/Josep-Maria-Valles.jpg?fit=466%2C315&ssl=1","width":466,"height":315},{"@type":"BreadcrumbList","@id":"https:\/\/revistaidees.cat\/es\/autors\/josep-maria-valles\/#breadcrumb","itemListElement":[{"@type":"ListItem","position":1,"name":"Inici","item":"https:\/\/revistaidees.cat\/es\/"},{"@type":"ListItem","position":2,"name":"Autors","item":"https:\/\/revistaidees.cat\/autors\/"},{"@type":"ListItem","position":3,"name":"Josep Maria Vallès"}]},{"@type":"WebSite","@id":"https:\/\/revistaidees.cat\/#website","url":"https:\/\/revistaidees.cat\/","name":"IDEES","description":"Revista de temas contemporáneos","potentialAction":[{"@type":"SearchAction","target":{"@type":"EntryPoint","urlTemplate":"https:\/\/revistaidees.cat\/?s={search_term_string}"},"query-input":{"@type":"PropertyValueSpecification","valueRequired":true,"valueName":"search_term_string"}}],"inLanguage":"es"}]}</script>
<!-- / Yoast SEO plugin. -->

Josep Maria Vallès &#8211; IDEES

Josep Maria Vallès és catedràtic emèrit de Ciències Polítiques de la Universitat Autònoma de Barcelona. És llicenciat en Dret per la Universitat de Barcelona i va realitzar estudis de Ciència Política a l&#8217;Institut d&#8217;Estudis Avançats de París i de direcció d&#8217;empreses a l&#8217;Escola Superior d&#8217;Administració i Direcció d&#8217;Empreses. És un dels impulsors de la Facultat de Ciències Polítiques i Sociologia de la UAB: l&#8217;any 1989 en va ser el primer degà, i a partir del 1990 va ser rector de la Universitat Autònoma de Barcelona durant un lustre. L&#8217;any 1999, com a president de l&#8217;associació Ciutadans pel Canvi (CpC) &#8211;que…

Revista de temas contemporáneos
