{"id":25478,"date":"2020-11-02T19:38:53","date_gmt":"2020-11-02T19:38:53","guid":{"rendered":"https:\/\/revistaidees.cat\/?post_type=autors&#038;p=25478"},"modified":"2023-01-31T14:25:59","modified_gmt":"2023-01-31T12:25:59","slug":"ignacio-sanchez-cuenca","status":"publish","type":"autors","link":"https:\/\/revistaidees.cat\/es\/autors\/ignacio-sanchez-cuenca\/","title":{"rendered":"Ignacio S\u00e1nchez-Cuenca"},"content":{"rendered":"\n<p>Ignacio S\u00e1nchez-Cuenca \u00e9s doctor en Sociologia i llicenciat en Filosofia. Actualment \u00e9s director de l&#8217;Institut Carlos III-Juan March de Ci\u00e8ncies Socials i professor de Ci\u00e8ncia Pol\u00edtica a la Universitat Carlos III de Madrid. Pr\u00e8viament, tamb\u00e9 havia impartit doc\u00e8ncia a la Universitat Complutense de Madrid, a la Universitat de Yale, a la Universitat de Nova York i a la Universitat Pompeu Fabra. Col\u00b7labora habitualment a diversos mitjans de comunicaci\u00f3 com La Vanguardia, la Revista Contexto y Acci\u00f3n. Tamb\u00e9 \u00e9s autor de diversos llibres; els m\u00e9s recents s\u00f3n <em>La impotencia democr\u00e1tica<\/em> (2014), <em>La desfachatez intelectua<\/em>l (2016), <em>La superioridad moral de la izquierda<\/em> (2018) i <em>La izquierda: fin de (un) ciclo<\/em> (2019).<\/p>\n","protected":false},"featured_media":61583,"template":"","category_autors":[],"class_list":["post-25478","autors","type-autors","status-publish","has-post-thumbnail","hentry"],"acf":[],"yoast_head":"<!-- This site is optimized with the Yoast SEO plugin v27.5 - https:\/\/yoast.com\/product\/yoast-seo-wordpress\/ -->\n<title>Ignacio S\u00e1nchez-Cuenca &#8211; IDEES<\/title>\n<meta name=\"robots\" content=\"index, follow, max-snippet:-1, max-image-preview:large, max-video-preview:-1\" \/>\n<link rel=\"canonical\" href=\"https:\/\/revistaidees.cat\/es\/autors\/ignacio-sanchez-cuenca\/\" \/>\n<meta property=\"og:locale\" content=\"es_ES\" \/>\n<meta property=\"og:type\" content=\"article\" \/>\n<meta property=\"og:title\" content=\"Ignacio S\u00e1nchez-Cuenca &#8211; IDEES\" \/>\n<meta property=\"og:description\" content=\"Ignacio S\u00e1nchez-Cuenca \u00e9s doctor en Sociologia i llicenciat en Filosofia. Actualment \u00e9s director de l&#8217;Institut Carlos III-Juan March de Ci\u00e8ncies Socials i professor de Ci\u00e8ncia Pol\u00edtica a la Universitat Carlos III de Madrid. Pr\u00e8viament, tamb\u00e9 havia impartit doc\u00e8ncia a la Universitat Complutense de Madrid, a la Universitat de Yale, a la Universitat de Nova York i a la Universitat Pompeu Fabra. Col\u00b7labora habitualment a diversos mitjans de comunicaci\u00f3 com La Vanguardia, la Revista Contexto y Acci\u00f3n. Tamb\u00e9 \u00e9s autor de diversos llibres; els m\u00e9s recents s\u00f3n La impotencia democr\u00e1tica (2014), La desfachatez intelectual (2016), La superioridad moral de la izquierda\u2026\" \/>\n<meta property=\"og:url\" content=\"https:\/\/revistaidees.cat\/es\/autors\/ignacio-sanchez-cuenca\/\" \/>\n<meta property=\"og:site_name\" content=\"IDEES\" \/>\n<meta property=\"article:modified_time\" content=\"2023-01-31T12:25:59+00:00\" \/>\n<meta property=\"og:image\" content=\"https:\/\/i0.wp.com\/revistaidees.cat\/wp-content\/uploads\/2020\/11\/Ignacio-Sanchez-Cuenca-2.png?fit=900%2C672&ssl=1\" \/>\n\t<meta property=\"og:image:width\" content=\"900\" \/>\n\t<meta property=\"og:image:height\" content=\"672\" \/>\n\t<meta property=\"og:image:type\" content=\"image\/png\" \/>\n<meta name=\"twitter:card\" content=\"summary_large_image\" \/>\n<meta name=\"twitter:label1\" content=\"Tiempo de lectura\" \/>\n\t<meta name=\"twitter:data1\" content=\"1 minuto\" \/>\n<script type=\"application\/ld+json\" class=\"yoast-schema-graph\">{\"@context\":\"https:\\\/\\\/schema.org\",\"@graph\":[{\"@type\":\"WebPage\",\"@id\":\"https:\\\/\\\/revistaidees.cat\\\/es\\\/autors\\\/ignacio-sanchez-cuenca\\\/\",\"url\":\"https:\\\/\\\/revistaidees.cat\\\/es\\\/autors\\\/ignacio-sanchez-cuenca\\\/\",\"name\":\"Ignacio S\u00e1nchez-Cuenca &#8211; IDEES\",\"isPartOf\":{\"@id\":\"https:\\\/\\\/revistaidees.cat\\\/#website\"},\"primaryImageOfPage\":{\"@id\":\"https:\\\/\\\/revistaidees.cat\\\/es\\\/autors\\\/ignacio-sanchez-cuenca\\\/#primaryimage\"},\"image\":{\"@id\":\"https:\\\/\\\/revistaidees.cat\\\/es\\\/autors\\\/ignacio-sanchez-cuenca\\\/#primaryimage\"},\"thumbnailUrl\":\"https:\\\/\\\/i0.wp.com\\\/revistaidees.cat\\\/wp-content\\\/uploads\\\/2020\\\/11\\\/Ignacio-Sanchez-Cuenca-2.png?fit=900%2C672&ssl=1\",\"datePublished\":\"2020-11-02T19:38:53+00:00\",\"dateModified\":\"2023-01-31T12:25:59+00:00\",\"breadcrumb\":{\"@id\":\"https:\\\/\\\/revistaidees.cat\\\/es\\\/autors\\\/ignacio-sanchez-cuenca\\\/#breadcrumb\"},\"inLanguage\":\"es\",\"potentialAction\":[{\"@type\":\"ReadAction\",\"target\":[\"https:\\\/\\\/revistaidees.cat\\\/es\\\/autors\\\/ignacio-sanchez-cuenca\\\/\"]}]},{\"@type\":\"ImageObject\",\"inLanguage\":\"es\",\"@id\":\"https:\\\/\\\/revistaidees.cat\\\/es\\\/autors\\\/ignacio-sanchez-cuenca\\\/#primaryimage\",\"url\":\"https:\\\/\\\/i0.wp.com\\\/revistaidees.cat\\\/wp-content\\\/uploads\\\/2020\\\/11\\\/Ignacio-Sanchez-Cuenca-2.png?fit=900%2C672&ssl=1\",\"contentUrl\":\"https:\\\/\\\/i0.wp.com\\\/revistaidees.cat\\\/wp-content\\\/uploads\\\/2020\\\/11\\\/Ignacio-Sanchez-Cuenca-2.png?fit=900%2C672&ssl=1\",\"width\":900,\"height\":672},{\"@type\":\"BreadcrumbList\",\"@id\":\"https:\\\/\\\/revistaidees.cat\\\/es\\\/autors\\\/ignacio-sanchez-cuenca\\\/#breadcrumb\",\"itemListElement\":[{\"@type\":\"ListItem\",\"position\":1,\"name\":\"Inici\",\"item\":\"https:\\\/\\\/revistaidees.cat\\\/es\\\/\"},{\"@type\":\"ListItem\",\"position\":2,\"name\":\"Autors\",\"item\":\"https:\\\/\\\/revistaidees.cat\\\/autors\\\/\"},{\"@type\":\"ListItem\",\"position\":3,\"name\":\"Ignacio S\u00e1nchez-Cuenca\"}]},{\"@type\":\"WebSite\",\"@id\":\"https:\\\/\\\/revistaidees.cat\\\/#website\",\"url\":\"https:\\\/\\\/revistaidees.cat\\\/\",\"name\":\"IDEES\",\"description\":\"Revista de temas contempor\u00e1neos\",\"potentialAction\":[{\"@type\":\"SearchAction\",\"target\":{\"@type\":\"EntryPoint\",\"urlTemplate\":\"https:\\\/\\\/revistaidees.cat\\\/?s={search_term_string}\"},\"query-input\":{\"@type\":\"PropertyValueSpecification\",\"valueRequired\":true,\"valueName\":\"search_term_string\"}}],\"inLanguage\":\"es\"}]}<\/script>\n<!-- \/ Yoast SEO plugin. -->","yoast_head_json":{"title":"Ignacio S\u00e1nchez-Cuenca &#8211; IDEES","robots":{"index":"index","follow":"follow","max-snippet":"max-snippet:-1","max-image-preview":"max-image-preview:large","max-video-preview":"max-video-preview:-1"},"canonical":"https:\/\/revistaidees.cat\/es\/autors\/ignacio-sanchez-cuenca\/","og_locale":"es_ES","og_type":"article","og_title":"Ignacio S\u00e1nchez-Cuenca &#8211; IDEES","og_description":"Ignacio S\u00e1nchez-Cuenca \u00e9s doctor en Sociologia i llicenciat en Filosofia. Actualment \u00e9s director de l&#8217;Institut Carlos III-Juan March de Ci\u00e8ncies Socials i professor de Ci\u00e8ncia Pol\u00edtica a la Universitat Carlos III de Madrid. Pr\u00e8viament, tamb\u00e9 havia impartit doc\u00e8ncia a la Universitat Complutense de Madrid, a la Universitat de Yale, a la Universitat de Nova York i a la Universitat Pompeu Fabra. Col\u00b7labora habitualment a diversos mitjans de comunicaci\u00f3 com La Vanguardia, la Revista Contexto y Acci\u00f3n. Tamb\u00e9 \u00e9s autor de diversos llibres; els m\u00e9s recents s\u00f3n La impotencia democr\u00e1tica (2014), La desfachatez intelectual (2016), La superioridad moral de la izquierda\u2026","og_url":"https:\/\/revistaidees.cat\/es\/autors\/ignacio-sanchez-cuenca\/","og_site_name":"IDEES","article_modified_time":"2023-01-31T12:25:59+00:00","og_image":[{"width":900,"height":672,"url":"https:\/\/i0.wp.com\/revistaidees.cat\/wp-content\/uploads\/2020\/11\/Ignacio-Sanchez-Cuenca-2.png?fit=900%2C672&ssl=1","type":"image\/png"}],"twitter_card":"summary_large_image","twitter_misc":{"Tiempo de lectura":"1 minuto"},"schema":{"@context":"https:\/\/schema.org","@graph":[{"@type":"WebPage","@id":"https:\/\/revistaidees.cat\/es\/autors\/ignacio-sanchez-cuenca\/","url":"https:\/\/revistaidees.cat\/es\/autors\/ignacio-sanchez-cuenca\/","name":"Ignacio S\u00e1nchez-Cuenca &#8211; IDEES","isPartOf":{"@id":"https:\/\/revistaidees.cat\/#website"},"primaryImageOfPage":{"@id":"https:\/\/revistaidees.cat\/es\/autors\/ignacio-sanchez-cuenca\/#primaryimage"},"image":{"@id":"https:\/\/revistaidees.cat\/es\/autors\/ignacio-sanchez-cuenca\/#primaryimage"},"thumbnailUrl":"https:\/\/i0.wp.com\/revistaidees.cat\/wp-content\/uploads\/2020\/11\/Ignacio-Sanchez-Cuenca-2.png?fit=900%2C672&ssl=1","datePublished":"2020-11-02T19:38:53+00:00","dateModified":"2023-01-31T12:25:59+00:00","breadcrumb":{"@id":"https:\/\/revistaidees.cat\/es\/autors\/ignacio-sanchez-cuenca\/#breadcrumb"},"inLanguage":"es","potentialAction":[{"@type":"ReadAction","target":["https:\/\/revistaidees.cat\/es\/autors\/ignacio-sanchez-cuenca\/"]}]},{"@type":"ImageObject","inLanguage":"es","@id":"https:\/\/revistaidees.cat\/es\/autors\/ignacio-sanchez-cuenca\/#primaryimage","url":"https:\/\/i0.wp.com\/revistaidees.cat\/wp-content\/uploads\/2020\/11\/Ignacio-Sanchez-Cuenca-2.png?fit=900%2C672&ssl=1","contentUrl":"https:\/\/i0.wp.com\/revistaidees.cat\/wp-content\/uploads\/2020\/11\/Ignacio-Sanchez-Cuenca-2.png?fit=900%2C672&ssl=1","width":900,"height":672},{"@type":"BreadcrumbList","@id":"https:\/\/revistaidees.cat\/es\/autors\/ignacio-sanchez-cuenca\/#breadcrumb","itemListElement":[{"@type":"ListItem","position":1,"name":"Inici","item":"https:\/\/revistaidees.cat\/es\/"},{"@type":"ListItem","position":2,"name":"Autors","item":"https:\/\/revistaidees.cat\/autors\/"},{"@type":"ListItem","position":3,"name":"Ignacio S\u00e1nchez-Cuenca"}]},{"@type":"WebSite","@id":"https:\/\/revistaidees.cat\/#website","url":"https:\/\/revistaidees.cat\/","name":"IDEES","description":"Revista de temas contempor\u00e1neos","potentialAction":[{"@type":"SearchAction","target":{"@type":"EntryPoint","urlTemplate":"https:\/\/revistaidees.cat\/?s={search_term_string}"},"query-input":{"@type":"PropertyValueSpecification","valueRequired":true,"valueName":"search_term_string"}}],"inLanguage":"es"}]}},"jetpack_sharing_enabled":true,"_links":{"self":[{"href":"https:\/\/revistaidees.cat\/es\/wp-json\/wp\/v2\/autors\/25478","targetHints":{"allow":["GET"]}}],"collection":[{"href":"https:\/\/revistaidees.cat\/es\/wp-json\/wp\/v2\/autors"}],"about":[{"href":"https:\/\/revistaidees.cat\/es\/wp-json\/wp\/v2\/types\/autors"}],"version-history":[{"count":2,"href":"https:\/\/revistaidees.cat\/es\/wp-json\/wp\/v2\/autors\/25478\/revisions"}],"predecessor-version":[{"id":59071,"href":"https:\/\/revistaidees.cat\/es\/wp-json\/wp\/v2\/autors\/25478\/revisions\/59071"}],"wp:featuredmedia":[{"embeddable":true,"href":"https:\/\/revistaidees.cat\/es\/wp-json\/wp\/v2\/media\/61583"}],"wp:attachment":[{"href":"https:\/\/revistaidees.cat\/es\/wp-json\/wp\/v2\/media?parent=25478"}],"wp:term":[{"taxonomy":"category_autors","embeddable":true,"href":"https:\/\/revistaidees.cat\/es\/wp-json\/wp\/v2\/category_autors?post=25478"}],"curies":[{"name":"wp","href":"https:\/\/api.w.org\/{rel}","templated":true}]}}

Ignacio Sánchez-Cuenca

<p>Ignacio Sánchez-Cuenca és doctor en Sociologia i llicenciat en Filosofia. Actualment és director de l&#8217;Institut Carlos III-Juan March de Ciències Socials i professor de Ciència Política a la Universitat Carlos III de Madrid. Prèviament, també havia impartit docència a la Universitat Complutense de Madrid, a la Universitat de Yale, a la Universitat de Nova York i a la Universitat Pompeu Fabra. Col·labora habitualment a diversos mitjans de comunicació com La Vanguardia, la Revista Contexto y Acción. També és autor de diversos llibres; els més recents són <em>La impotencia democrática</em> (2014), <em>La desfachatez intelectua</em>l (2016), <em>La superioridad moral de la izquierda</em> (2018) i <em>La izquierda: fin de (un) ciclo</em> (2019).</p>

<!-- This site is optimized with the Yoast SEO plugin v27.5 - https://yoast.com/product/yoast-seo-wordpress/ -->
<title>Ignacio Sánchez-Cuenca &#8211; IDEES</title>
<meta name="robots" content="index, follow, max-snippet:-1, max-image-preview:large, max-video-preview:-1" />
<link rel="canonical" href="https://revistaidees.cat/es/autors/ignacio-sanchez-cuenca/" />
<meta property="og:locale" content="es_ES" />
<meta property="og:type" content="article" />
<meta property="og:title" content="Ignacio Sánchez-Cuenca &#8211; IDEES" />
<meta property="og:description" content="Ignacio Sánchez-Cuenca és doctor en Sociologia i llicenciat en Filosofia. Actualment és director de l&#8217;Institut Carlos III-Juan March de Ciències Socials i professor de Ciència Política a la Universitat Carlos III de Madrid. Prèviament, també havia impartit docència a la Universitat Complutense de Madrid, a la Universitat de Yale, a la Universitat de Nova York i a la Universitat Pompeu Fabra. Col·labora habitualment a diversos mitjans de comunicació com La Vanguardia, la Revista Contexto y Acción. També és autor de diversos llibres; els més recents són La impotencia democrática (2014), La desfachatez intelectual (2016), La superioridad moral de la izquierda…" />
<meta property="og:url" content="https://revistaidees.cat/es/autors/ignacio-sanchez-cuenca/" />
<meta property="og:site_name" content="IDEES" />
<meta property="article:modified_time" content="2023-01-31T12:25:59+00:00" />
<meta property="og:image" content="https://i0.wp.com/revistaidees.cat/wp-content/uploads/2020/11/Ignacio-Sanchez-Cuenca-2.png?fit=900%2C672&ssl=1" />
	<meta property="og:image:width" content="900" />
	<meta property="og:image:height" content="672" />
	<meta property="og:image:type" content="image/png" />
<meta name="twitter:card" content="summary_large_image" />
<meta name="twitter:label1" content="Tiempo de lectura" />
	<meta name="twitter:data1" content="1 minuto" />
<script type="application/ld+json" class="yoast-schema-graph">{"@context":"https:\/\/schema.org","@graph":[{"@type":"WebPage","@id":"https:\/\/revistaidees.cat\/es\/autors\/ignacio-sanchez-cuenca\/","url":"https:\/\/revistaidees.cat\/es\/autors\/ignacio-sanchez-cuenca\/","name":"Ignacio Sánchez-Cuenca &#8211; IDEES","isPartOf":{"@id":"https:\/\/revistaidees.cat\/#website"},"primaryImageOfPage":{"@id":"https:\/\/revistaidees.cat\/es\/autors\/ignacio-sanchez-cuenca\/#primaryimage"},"image":{"@id":"https:\/\/revistaidees.cat\/es\/autors\/ignacio-sanchez-cuenca\/#primaryimage"},"thumbnailUrl":"https:\/\/i0.wp.com\/revistaidees.cat\/wp-content\/uploads\/2020\/11\/Ignacio-Sanchez-Cuenca-2.png?fit=900%2C672&ssl=1","datePublished":"2020-11-02T19:38:53+00:00","dateModified":"2023-01-31T12:25:59+00:00","breadcrumb":{"@id":"https:\/\/revistaidees.cat\/es\/autors\/ignacio-sanchez-cuenca\/#breadcrumb"},"inLanguage":"es","potentialAction":[{"@type":"ReadAction","target":["https:\/\/revistaidees.cat\/es\/autors\/ignacio-sanchez-cuenca\/"]}]},{"@type":"ImageObject","inLanguage":"es","@id":"https:\/\/revistaidees.cat\/es\/autors\/ignacio-sanchez-cuenca\/#primaryimage","url":"https:\/\/i0.wp.com\/revistaidees.cat\/wp-content\/uploads\/2020\/11\/Ignacio-Sanchez-Cuenca-2.png?fit=900%2C672&ssl=1","contentUrl":"https:\/\/i0.wp.com\/revistaidees.cat\/wp-content\/uploads\/2020\/11\/Ignacio-Sanchez-Cuenca-2.png?fit=900%2C672&ssl=1","width":900,"height":672},{"@type":"BreadcrumbList","@id":"https:\/\/revistaidees.cat\/es\/autors\/ignacio-sanchez-cuenca\/#breadcrumb","itemListElement":[{"@type":"ListItem","position":1,"name":"Inici","item":"https:\/\/revistaidees.cat\/es\/"},{"@type":"ListItem","position":2,"name":"Autors","item":"https:\/\/revistaidees.cat\/autors\/"},{"@type":"ListItem","position":3,"name":"Ignacio Sánchez-Cuenca"}]},{"@type":"WebSite","@id":"https:\/\/revistaidees.cat\/#website","url":"https:\/\/revistaidees.cat\/","name":"IDEES","description":"Revista de temas contemporáneos","potentialAction":[{"@type":"SearchAction","target":{"@type":"EntryPoint","urlTemplate":"https:\/\/revistaidees.cat\/?s={search_term_string}"},"query-input":{"@type":"PropertyValueSpecification","valueRequired":true,"valueName":"search_term_string"}}],"inLanguage":"es"}]}</script>
<!-- / Yoast SEO plugin. -->

Ignacio Sánchez-Cuenca &#8211; IDEES

Ignacio Sánchez-Cuenca és doctor en Sociologia i llicenciat en Filosofia. Actualment és director de l&#8217;Institut Carlos III-Juan March de Ciències Socials i professor de Ciència Política a la Universitat Carlos III de Madrid. Prèviament, també havia impartit docència a la Universitat Complutense de Madrid, a la Universitat de Yale, a la Universitat de Nova York i a la Universitat Pompeu Fabra. Col·labora habitualment a diversos mitjans de comunicació com La Vanguardia, la Revista Contexto y Acción. També és autor de diversos llibres; els més recents són La impotencia democrática (2014), La desfachatez intelectual (2016), La superioridad moral de la izquierda…

Revista de temas contemporáneos
