{"id":29937,"date":"2020-12-06T12:54:20","date_gmt":"2020-12-06T12:54:20","guid":{"rendered":"https:\/\/revistaidees.cat\/autors\/antoni-castells\/"},"modified":"2020-12-14T13:12:22","modified_gmt":"2020-12-14T13:12:22","slug":"antoni-castells","status":"publish","type":"autors","link":"https:\/\/revistaidees.cat\/es\/autors\/antoni-castells\/","title":{"rendered":"Antoni Castells"},"content":{"rendered":"\n<p>Antoni Castells Oliveres es pol\u00edtico y economista especializado en cuestiones de federalismo fiscal, hacienda auton\u00f3mica y local, econom\u00eda regional y econom\u00eda del Estado del bienestar. Castells es licenciado en Ciencias Econ\u00f3micas, doctorado en Econom\u00eda y catedr\u00e1tico de Hacienda por la Universidad de Barcelona (UB). Ha sido profesor visitante de la Universidad Johns Hopkins de Baltimore (1993) y director del Instituto de Econom\u00eda de Barcelona. A lo largo de su extensa trayectoria, ha trabajado en el servicio de estudios de Banca Catalana, ha sido miembro de la Sindicatura de Cuentas, ha ejercido como diputado del Parlament de Catalunya, ha sido miembro espa\u00f1ol del Tribunal de Cuentas Europeo, acad\u00e9mico numerario de la Real Academia de Ciencias Econ\u00f3micas y Financieras y secretario de Econom\u00eda de la Comisi\u00f3n Ejecutiva del Partido de los Socialistas de Catalu\u00f1a, entre otros. Fue nombrado Conseller de Econom\u00eda y Finanzas en el 2003 con el primer Gobierno de Pasqual Maragall y, m\u00e1s adelante, en 2014, cofund\u00f3 el partido Moviment d&#8217;Esquerres (MES).<\/p>\n","protected":false},"featured_media":28908,"template":"","category_autors":[],"class_list":["post-29937","autors","type-autors","status-publish","has-post-thumbnail","hentry"],"acf":[],"yoast_head":"<!-- This site is optimized with the Yoast SEO plugin v27.4 - https:\/\/yoast.com\/product\/yoast-seo-wordpress\/ -->\n<title>Antoni Castells &#8211; IDEES<\/title>\n<meta name=\"robots\" content=\"index, follow, max-snippet:-1, max-image-preview:large, max-video-preview:-1\" \/>\n<link rel=\"canonical\" href=\"https:\/\/revistaidees.cat\/es\/autors\/antoni-castells\/\" \/>\n<meta property=\"og:locale\" content=\"es_ES\" \/>\n<meta property=\"og:type\" content=\"article\" \/>\n<meta property=\"og:title\" content=\"Antoni Castells &#8211; IDEES\" \/>\n<meta property=\"og:description\" content=\"Antoni Castells Oliveres es pol\u00edtico y economista especializado en cuestiones de federalismo fiscal, hacienda auton\u00f3mica y local, econom\u00eda regional y econom\u00eda del Estado del bienestar. Castells es licenciado en Ciencias Econ\u00f3micas, doctorado en Econom\u00eda y catedr\u00e1tico de Hacienda por la Universidad de Barcelona (UB). Ha sido profesor visitante de la Universidad Johns Hopkins de Baltimore (1993) y director del Instituto de Econom\u00eda de Barcelona. A lo largo de su extensa trayectoria, ha trabajado en el servicio de estudios de Banca Catalana, ha sido miembro de la Sindicatura de Cuentas, ha ejercido como diputado del Parlament de Catalunya, ha sido miembro\u2026\" \/>\n<meta property=\"og:url\" content=\"https:\/\/revistaidees.cat\/es\/autors\/antoni-castells\/\" \/>\n<meta property=\"og:site_name\" content=\"IDEES\" \/>\n<meta property=\"article:modified_time\" content=\"2020-12-14T13:12:22+00:00\" \/>\n<meta property=\"og:image\" content=\"https:\/\/i0.wp.com\/revistaidees.cat\/wp-content\/uploads\/2020\/12\/Antoni-Castells-def.jpg?fit=300%2C233&ssl=1\" \/>\n\t<meta property=\"og:image:width\" content=\"300\" \/>\n\t<meta property=\"og:image:height\" content=\"233\" \/>\n\t<meta property=\"og:image:type\" content=\"image\/jpeg\" \/>\n<meta name=\"twitter:card\" content=\"summary_large_image\" \/>\n<meta name=\"twitter:label1\" content=\"Tiempo de lectura\" \/>\n\t<meta name=\"twitter:data1\" content=\"1 minuto\" \/>\n<script type=\"application\/ld+json\" class=\"yoast-schema-graph\">{\"@context\":\"https:\\\/\\\/schema.org\",\"@graph\":[{\"@type\":\"WebPage\",\"@id\":\"https:\\\/\\\/revistaidees.cat\\\/es\\\/autors\\\/antoni-castells\\\/\",\"url\":\"https:\\\/\\\/revistaidees.cat\\\/es\\\/autors\\\/antoni-castells\\\/\",\"name\":\"Antoni Castells &#8211; IDEES\",\"isPartOf\":{\"@id\":\"https:\\\/\\\/revistaidees.cat\\\/#website\"},\"primaryImageOfPage\":{\"@id\":\"https:\\\/\\\/revistaidees.cat\\\/es\\\/autors\\\/antoni-castells\\\/#primaryimage\"},\"image\":{\"@id\":\"https:\\\/\\\/revistaidees.cat\\\/es\\\/autors\\\/antoni-castells\\\/#primaryimage\"},\"thumbnailUrl\":\"https:\\\/\\\/i0.wp.com\\\/revistaidees.cat\\\/wp-content\\\/uploads\\\/2020\\\/12\\\/Antoni-Castells-def.jpg?fit=300%2C233&ssl=1\",\"datePublished\":\"2020-12-06T12:54:20+00:00\",\"dateModified\":\"2020-12-14T13:12:22+00:00\",\"breadcrumb\":{\"@id\":\"https:\\\/\\\/revistaidees.cat\\\/es\\\/autors\\\/antoni-castells\\\/#breadcrumb\"},\"inLanguage\":\"es\",\"potentialAction\":[{\"@type\":\"ReadAction\",\"target\":[\"https:\\\/\\\/revistaidees.cat\\\/es\\\/autors\\\/antoni-castells\\\/\"]}]},{\"@type\":\"ImageObject\",\"inLanguage\":\"es\",\"@id\":\"https:\\\/\\\/revistaidees.cat\\\/es\\\/autors\\\/antoni-castells\\\/#primaryimage\",\"url\":\"https:\\\/\\\/i0.wp.com\\\/revistaidees.cat\\\/wp-content\\\/uploads\\\/2020\\\/12\\\/Antoni-Castells-def.jpg?fit=300%2C233&ssl=1\",\"contentUrl\":\"https:\\\/\\\/i0.wp.com\\\/revistaidees.cat\\\/wp-content\\\/uploads\\\/2020\\\/12\\\/Antoni-Castells-def.jpg?fit=300%2C233&ssl=1\",\"width\":300,\"height\":233,\"caption\":\"Antoni Castells\"},{\"@type\":\"BreadcrumbList\",\"@id\":\"https:\\\/\\\/revistaidees.cat\\\/es\\\/autors\\\/antoni-castells\\\/#breadcrumb\",\"itemListElement\":[{\"@type\":\"ListItem\",\"position\":1,\"name\":\"Inici\",\"item\":\"https:\\\/\\\/revistaidees.cat\\\/es\\\/\"},{\"@type\":\"ListItem\",\"position\":2,\"name\":\"Autors\",\"item\":\"https:\\\/\\\/revistaidees.cat\\\/autors\\\/\"},{\"@type\":\"ListItem\",\"position\":3,\"name\":\"Antoni Castells\"}]},{\"@type\":\"WebSite\",\"@id\":\"https:\\\/\\\/revistaidees.cat\\\/#website\",\"url\":\"https:\\\/\\\/revistaidees.cat\\\/\",\"name\":\"IDEES\",\"description\":\"Revista de temas contempor\u00e1neos\",\"potentialAction\":[{\"@type\":\"SearchAction\",\"target\":{\"@type\":\"EntryPoint\",\"urlTemplate\":\"https:\\\/\\\/revistaidees.cat\\\/?s={search_term_string}\"},\"query-input\":{\"@type\":\"PropertyValueSpecification\",\"valueRequired\":true,\"valueName\":\"search_term_string\"}}],\"inLanguage\":\"es\"}]}<\/script>\n<!-- \/ Yoast SEO plugin. -->","yoast_head_json":{"title":"Antoni Castells &#8211; IDEES","robots":{"index":"index","follow":"follow","max-snippet":"max-snippet:-1","max-image-preview":"max-image-preview:large","max-video-preview":"max-video-preview:-1"},"canonical":"https:\/\/revistaidees.cat\/es\/autors\/antoni-castells\/","og_locale":"es_ES","og_type":"article","og_title":"Antoni Castells &#8211; IDEES","og_description":"Antoni Castells Oliveres es pol\u00edtico y economista especializado en cuestiones de federalismo fiscal, hacienda auton\u00f3mica y local, econom\u00eda regional y econom\u00eda del Estado del bienestar. Castells es licenciado en Ciencias Econ\u00f3micas, doctorado en Econom\u00eda y catedr\u00e1tico de Hacienda por la Universidad de Barcelona (UB). Ha sido profesor visitante de la Universidad Johns Hopkins de Baltimore (1993) y director del Instituto de Econom\u00eda de Barcelona. A lo largo de su extensa trayectoria, ha trabajado en el servicio de estudios de Banca Catalana, ha sido miembro de la Sindicatura de Cuentas, ha ejercido como diputado del Parlament de Catalunya, ha sido miembro\u2026","og_url":"https:\/\/revistaidees.cat\/es\/autors\/antoni-castells\/","og_site_name":"IDEES","article_modified_time":"2020-12-14T13:12:22+00:00","og_image":[{"width":300,"height":233,"url":"https:\/\/i0.wp.com\/revistaidees.cat\/wp-content\/uploads\/2020\/12\/Antoni-Castells-def.jpg?fit=300%2C233&ssl=1","type":"image\/jpeg"}],"twitter_card":"summary_large_image","twitter_misc":{"Tiempo de lectura":"1 minuto"},"schema":{"@context":"https:\/\/schema.org","@graph":[{"@type":"WebPage","@id":"https:\/\/revistaidees.cat\/es\/autors\/antoni-castells\/","url":"https:\/\/revistaidees.cat\/es\/autors\/antoni-castells\/","name":"Antoni Castells &#8211; IDEES","isPartOf":{"@id":"https:\/\/revistaidees.cat\/#website"},"primaryImageOfPage":{"@id":"https:\/\/revistaidees.cat\/es\/autors\/antoni-castells\/#primaryimage"},"image":{"@id":"https:\/\/revistaidees.cat\/es\/autors\/antoni-castells\/#primaryimage"},"thumbnailUrl":"https:\/\/i0.wp.com\/revistaidees.cat\/wp-content\/uploads\/2020\/12\/Antoni-Castells-def.jpg?fit=300%2C233&ssl=1","datePublished":"2020-12-06T12:54:20+00:00","dateModified":"2020-12-14T13:12:22+00:00","breadcrumb":{"@id":"https:\/\/revistaidees.cat\/es\/autors\/antoni-castells\/#breadcrumb"},"inLanguage":"es","potentialAction":[{"@type":"ReadAction","target":["https:\/\/revistaidees.cat\/es\/autors\/antoni-castells\/"]}]},{"@type":"ImageObject","inLanguage":"es","@id":"https:\/\/revistaidees.cat\/es\/autors\/antoni-castells\/#primaryimage","url":"https:\/\/i0.wp.com\/revistaidees.cat\/wp-content\/uploads\/2020\/12\/Antoni-Castells-def.jpg?fit=300%2C233&ssl=1","contentUrl":"https:\/\/i0.wp.com\/revistaidees.cat\/wp-content\/uploads\/2020\/12\/Antoni-Castells-def.jpg?fit=300%2C233&ssl=1","width":300,"height":233,"caption":"Antoni Castells"},{"@type":"BreadcrumbList","@id":"https:\/\/revistaidees.cat\/es\/autors\/antoni-castells\/#breadcrumb","itemListElement":[{"@type":"ListItem","position":1,"name":"Inici","item":"https:\/\/revistaidees.cat\/es\/"},{"@type":"ListItem","position":2,"name":"Autors","item":"https:\/\/revistaidees.cat\/autors\/"},{"@type":"ListItem","position":3,"name":"Antoni Castells"}]},{"@type":"WebSite","@id":"https:\/\/revistaidees.cat\/#website","url":"https:\/\/revistaidees.cat\/","name":"IDEES","description":"Revista de temas contempor\u00e1neos","potentialAction":[{"@type":"SearchAction","target":{"@type":"EntryPoint","urlTemplate":"https:\/\/revistaidees.cat\/?s={search_term_string}"},"query-input":{"@type":"PropertyValueSpecification","valueRequired":true,"valueName":"search_term_string"}}],"inLanguage":"es"}]}},"jetpack_sharing_enabled":true,"_links":{"self":[{"href":"https:\/\/revistaidees.cat\/es\/wp-json\/wp\/v2\/autors\/29937","targetHints":{"allow":["GET"]}}],"collection":[{"href":"https:\/\/revistaidees.cat\/es\/wp-json\/wp\/v2\/autors"}],"about":[{"href":"https:\/\/revistaidees.cat\/es\/wp-json\/wp\/v2\/types\/autors"}],"version-history":[{"count":3,"href":"https:\/\/revistaidees.cat\/es\/wp-json\/wp\/v2\/autors\/29937\/revisions"}],"predecessor-version":[{"id":29940,"href":"https:\/\/revistaidees.cat\/es\/wp-json\/wp\/v2\/autors\/29937\/revisions\/29940"}],"wp:featuredmedia":[{"embeddable":true,"href":"https:\/\/revistaidees.cat\/es\/wp-json\/wp\/v2\/media\/28908"}],"wp:attachment":[{"href":"https:\/\/revistaidees.cat\/es\/wp-json\/wp\/v2\/media?parent=29937"}],"wp:term":[{"taxonomy":"category_autors","embeddable":true,"href":"https:\/\/revistaidees.cat\/es\/wp-json\/wp\/v2\/category_autors?post=29937"}],"curies":[{"name":"wp","href":"https:\/\/api.w.org\/{rel}","templated":true}]}}

<p>Antoni Castells Oliveres es político y economista especializado en cuestiones de federalismo fiscal, hacienda autonómica y local, economía regional y economía del Estado del bienestar. Castells es licenciado en Ciencias Económicas, doctorado en Economía y catedrático de Hacienda por la Universidad de Barcelona (UB). Ha sido profesor visitante de la Universidad Johns Hopkins de Baltimore (1993) y director del Instituto de Economía de Barcelona. A lo largo de su extensa trayectoria, ha trabajado en el servicio de estudios de Banca Catalana, ha sido miembro de la Sindicatura de Cuentas, ha ejercido como diputado del Parlament de Catalunya, ha sido miembro español del Tribunal de Cuentas Europeo, académico numerario de la Real Academia de Ciencias Económicas y Financieras y secretario de Economía de la Comisión Ejecutiva del Partido de los Socialistas de Cataluña, entre otros. Fue nombrado Conseller de Economía y Finanzas en el 2003 con el primer Gobierno de Pasqual Maragall y, más adelante, en 2014, cofundó el partido Moviment d&#8217;Esquerres (MES).</p>

<!-- This site is optimized with the Yoast SEO plugin v27.4 - https://yoast.com/product/yoast-seo-wordpress/ -->
<title>Antoni Castells &#8211; IDEES</title>
<meta name="robots" content="index, follow, max-snippet:-1, max-image-preview:large, max-video-preview:-1" />
<link rel="canonical" href="https://revistaidees.cat/es/autors/antoni-castells/" />
<meta property="og:locale" content="es_ES" />
<meta property="og:type" content="article" />
<meta property="og:title" content="Antoni Castells &#8211; IDEES" />
<meta property="og:description" content="Antoni Castells Oliveres es político y economista especializado en cuestiones de federalismo fiscal, hacienda autonómica y local, economía regional y economía del Estado del bienestar. Castells es licenciado en Ciencias Económicas, doctorado en Economía y catedrático de Hacienda por la Universidad de Barcelona (UB). Ha sido profesor visitante de la Universidad Johns Hopkins de Baltimore (1993) y director del Instituto de Economía de Barcelona. A lo largo de su extensa trayectoria, ha trabajado en el servicio de estudios de Banca Catalana, ha sido miembro de la Sindicatura de Cuentas, ha ejercido como diputado del Parlament de Catalunya, ha sido miembro…" />
<meta property="og:url" content="https://revistaidees.cat/es/autors/antoni-castells/" />
<meta property="og:site_name" content="IDEES" />
<meta property="article:modified_time" content="2020-12-14T13:12:22+00:00" />
<meta property="og:image" content="https://i0.wp.com/revistaidees.cat/wp-content/uploads/2020/12/Antoni-Castells-def.jpg?fit=300%2C233&ssl=1" />
	<meta property="og:image:width" content="300" />
	<meta property="og:image:height" content="233" />
	<meta property="og:image:type" content="image/jpeg" />
<meta name="twitter:card" content="summary_large_image" />
<meta name="twitter:label1" content="Tiempo de lectura" />
	<meta name="twitter:data1" content="1 minuto" />
<script type="application/ld+json" class="yoast-schema-graph">{"@context":"https:\/\/schema.org","@graph":[{"@type":"WebPage","@id":"https:\/\/revistaidees.cat\/es\/autors\/antoni-castells\/","url":"https:\/\/revistaidees.cat\/es\/autors\/antoni-castells\/","name":"Antoni Castells &#8211; IDEES","isPartOf":{"@id":"https:\/\/revistaidees.cat\/#website"},"primaryImageOfPage":{"@id":"https:\/\/revistaidees.cat\/es\/autors\/antoni-castells\/#primaryimage"},"image":{"@id":"https:\/\/revistaidees.cat\/es\/autors\/antoni-castells\/#primaryimage"},"thumbnailUrl":"https:\/\/i0.wp.com\/revistaidees.cat\/wp-content\/uploads\/2020\/12\/Antoni-Castells-def.jpg?fit=300%2C233&ssl=1","datePublished":"2020-12-06T12:54:20+00:00","dateModified":"2020-12-14T13:12:22+00:00","breadcrumb":{"@id":"https:\/\/revistaidees.cat\/es\/autors\/antoni-castells\/#breadcrumb"},"inLanguage":"es","potentialAction":[{"@type":"ReadAction","target":["https:\/\/revistaidees.cat\/es\/autors\/antoni-castells\/"]}]},{"@type":"ImageObject","inLanguage":"es","@id":"https:\/\/revistaidees.cat\/es\/autors\/antoni-castells\/#primaryimage","url":"https:\/\/i0.wp.com\/revistaidees.cat\/wp-content\/uploads\/2020\/12\/Antoni-Castells-def.jpg?fit=300%2C233&ssl=1","contentUrl":"https:\/\/i0.wp.com\/revistaidees.cat\/wp-content\/uploads\/2020\/12\/Antoni-Castells-def.jpg?fit=300%2C233&ssl=1","width":300,"height":233,"caption":"Antoni Castells"},{"@type":"BreadcrumbList","@id":"https:\/\/revistaidees.cat\/es\/autors\/antoni-castells\/#breadcrumb","itemListElement":[{"@type":"ListItem","position":1,"name":"Inici","item":"https:\/\/revistaidees.cat\/es\/"},{"@type":"ListItem","position":2,"name":"Autors","item":"https:\/\/revistaidees.cat\/autors\/"},{"@type":"ListItem","position":3,"name":"Antoni Castells"}]},{"@type":"WebSite","@id":"https:\/\/revistaidees.cat\/#website","url":"https:\/\/revistaidees.cat\/","name":"IDEES","description":"Revista de temas contemporáneos","potentialAction":[{"@type":"SearchAction","target":{"@type":"EntryPoint","urlTemplate":"https:\/\/revistaidees.cat\/?s={search_term_string}"},"query-input":{"@type":"PropertyValueSpecification","valueRequired":true,"valueName":"search_term_string"}}],"inLanguage":"es"}]}</script>
<!-- / Yoast SEO plugin. -->

Antoni Castells Oliveres es político y economista especializado en cuestiones de federalismo fiscal, hacienda autonómica y local, economía regional y economía del Estado del bienestar. Castells es licenciado en Ciencias Económicas, doctorado en Economía y catedrático de Hacienda por la Universidad de Barcelona (UB). Ha sido profesor visitante de la Universidad Johns Hopkins de Baltimore (1993) y director del Instituto de Economía de Barcelona. A lo largo de su extensa trayectoria, ha trabajado en el servicio de estudios de Banca Catalana, ha sido miembro de la Sindicatura de Cuentas, ha ejercido como diputado del Parlament de Catalunya, ha sido miembro…

Revista de temas contemporáneos
