{"id":29982,"date":"2020-12-06T12:53:05","date_gmt":"2020-12-06T12:53:05","guid":{"rendered":"https:\/\/revistaidees.cat\/autors\/eliseo-aja\/"},"modified":"2020-12-14T15:24:29","modified_gmt":"2020-12-14T15:24:29","slug":"eliseo-aja","status":"publish","type":"autors","link":"https:\/\/revistaidees.cat\/es\/autors\/eliseo-aja\/","title":{"rendered":"Eliseo Aja"},"content":{"rendered":"\n<p>Eliseo Aja es jurista y catedr\u00e1tico de Derecho Constitucional en la Universidad de Barcelona. Es licenciado en Derecho por la Universidad de Valladolid y doctorado por la Universidad Aut\u00f3noma de Barcelona. Ha formado parte de varias comisiones asesoras de reformas constitucionales y legislativas y acudi\u00f3 como experto en las Cortes Generales, en el Parlament de Catalunya y en otros parlamentos auton\u00f3micos. Ha sido director del Informe de las Comunidades Aut\u00f3nomas, presidente de la Asociaci\u00f3n de Constitucionalistas de Espa\u00f1a y presidente del Consejo de Garant\u00edas Estatutarias de Catalunya. Es autor de m\u00e1s de una decena de libros, entre los que destacan t\u00edtulos como <em>Constituciones y per\u00edodos constituyentes en Espa\u00f1a<\/em> (1808-1936), <em>El sistema jur\u00eddico de las comunidades aut\u00f3nomas<\/em> (1985), <em>El estado auton\u00f3mico: federalismo y hechos diferenciales<\/em> (1999), <em>Imigraci\u00f3n y democracia<\/em> (2012) o <em>Estado auton\u00f3mico y reforma federal <\/em>(2014).<\/p>\n","protected":false},"featured_media":28911,"template":"","category_autors":[],"class_list":["post-29982","autors","type-autors","status-publish","has-post-thumbnail","hentry"],"acf":[],"yoast_head":"<!-- This site is optimized with the Yoast SEO plugin v27.5 - https:\/\/yoast.com\/product\/yoast-seo-wordpress\/ -->\n<title>Eliseo Aja &#8211; IDEES<\/title>\n<meta name=\"robots\" content=\"index, follow, max-snippet:-1, max-image-preview:large, max-video-preview:-1\" \/>\n<link rel=\"canonical\" href=\"https:\/\/revistaidees.cat\/es\/autors\/eliseo-aja\/\" \/>\n<meta property=\"og:locale\" content=\"es_ES\" \/>\n<meta property=\"og:type\" content=\"article\" \/>\n<meta property=\"og:title\" content=\"Eliseo Aja &#8211; IDEES\" \/>\n<meta property=\"og:description\" content=\"Eliseo Aja es jurista y catedr\u00e1tico de Derecho Constitucional en la Universidad de Barcelona. Es licenciado en Derecho por la Universidad de Valladolid y doctorado por la Universidad Aut\u00f3noma de Barcelona. Ha formado parte de varias comisiones asesoras de reformas constitucionales y legislativas y acudi\u00f3 como experto en las Cortes Generales, en el Parlament de Catalunya y en otros parlamentos auton\u00f3micos. Ha sido director del Informe de las Comunidades Aut\u00f3nomas, presidente de la Asociaci\u00f3n de Constitucionalistas de Espa\u00f1a y presidente del Consejo de Garant\u00edas Estatutarias de Catalunya. Es autor de m\u00e1s de una decena de libros, entre los que destacan\u2026\" \/>\n<meta property=\"og:url\" content=\"https:\/\/revistaidees.cat\/es\/autors\/eliseo-aja\/\" \/>\n<meta property=\"og:site_name\" content=\"IDEES\" \/>\n<meta property=\"article:modified_time\" content=\"2020-12-14T15:24:29+00:00\" \/>\n<meta property=\"og:image\" content=\"https:\/\/i0.wp.com\/revistaidees.cat\/wp-content\/uploads\/2020\/12\/Eliseo-Aja-def.jpg?fit=251%2C184&ssl=1\" \/>\n\t<meta property=\"og:image:width\" content=\"251\" \/>\n\t<meta property=\"og:image:height\" content=\"184\" \/>\n\t<meta property=\"og:image:type\" content=\"image\/jpeg\" \/>\n<meta name=\"twitter:card\" content=\"summary_large_image\" \/>\n<meta name=\"twitter:label1\" content=\"Tiempo de lectura\" \/>\n\t<meta name=\"twitter:data1\" content=\"1 minuto\" \/>\n<script type=\"application\/ld+json\" class=\"yoast-schema-graph\">{\"@context\":\"https:\\\/\\\/schema.org\",\"@graph\":[{\"@type\":\"WebPage\",\"@id\":\"https:\\\/\\\/revistaidees.cat\\\/es\\\/autors\\\/eliseo-aja\\\/\",\"url\":\"https:\\\/\\\/revistaidees.cat\\\/es\\\/autors\\\/eliseo-aja\\\/\",\"name\":\"Eliseo Aja &#8211; IDEES\",\"isPartOf\":{\"@id\":\"https:\\\/\\\/revistaidees.cat\\\/#website\"},\"primaryImageOfPage\":{\"@id\":\"https:\\\/\\\/revistaidees.cat\\\/es\\\/autors\\\/eliseo-aja\\\/#primaryimage\"},\"image\":{\"@id\":\"https:\\\/\\\/revistaidees.cat\\\/es\\\/autors\\\/eliseo-aja\\\/#primaryimage\"},\"thumbnailUrl\":\"https:\\\/\\\/i0.wp.com\\\/revistaidees.cat\\\/wp-content\\\/uploads\\\/2020\\\/12\\\/Eliseo-Aja-def.jpg?fit=251%2C184&ssl=1\",\"datePublished\":\"2020-12-06T12:53:05+00:00\",\"dateModified\":\"2020-12-14T15:24:29+00:00\",\"breadcrumb\":{\"@id\":\"https:\\\/\\\/revistaidees.cat\\\/es\\\/autors\\\/eliseo-aja\\\/#breadcrumb\"},\"inLanguage\":\"es\",\"potentialAction\":[{\"@type\":\"ReadAction\",\"target\":[\"https:\\\/\\\/revistaidees.cat\\\/es\\\/autors\\\/eliseo-aja\\\/\"]}]},{\"@type\":\"ImageObject\",\"inLanguage\":\"es\",\"@id\":\"https:\\\/\\\/revistaidees.cat\\\/es\\\/autors\\\/eliseo-aja\\\/#primaryimage\",\"url\":\"https:\\\/\\\/i0.wp.com\\\/revistaidees.cat\\\/wp-content\\\/uploads\\\/2020\\\/12\\\/Eliseo-Aja-def.jpg?fit=251%2C184&ssl=1\",\"contentUrl\":\"https:\\\/\\\/i0.wp.com\\\/revistaidees.cat\\\/wp-content\\\/uploads\\\/2020\\\/12\\\/Eliseo-Aja-def.jpg?fit=251%2C184&ssl=1\",\"width\":251,\"height\":184,\"caption\":\"Eliseo Aja\"},{\"@type\":\"BreadcrumbList\",\"@id\":\"https:\\\/\\\/revistaidees.cat\\\/es\\\/autors\\\/eliseo-aja\\\/#breadcrumb\",\"itemListElement\":[{\"@type\":\"ListItem\",\"position\":1,\"name\":\"Inici\",\"item\":\"https:\\\/\\\/revistaidees.cat\\\/es\\\/\"},{\"@type\":\"ListItem\",\"position\":2,\"name\":\"Autors\",\"item\":\"https:\\\/\\\/revistaidees.cat\\\/autors\\\/\"},{\"@type\":\"ListItem\",\"position\":3,\"name\":\"Eliseo Aja\"}]},{\"@type\":\"WebSite\",\"@id\":\"https:\\\/\\\/revistaidees.cat\\\/#website\",\"url\":\"https:\\\/\\\/revistaidees.cat\\\/\",\"name\":\"IDEES\",\"description\":\"Revista de temas contempor\u00e1neos\",\"potentialAction\":[{\"@type\":\"SearchAction\",\"target\":{\"@type\":\"EntryPoint\",\"urlTemplate\":\"https:\\\/\\\/revistaidees.cat\\\/?s={search_term_string}\"},\"query-input\":{\"@type\":\"PropertyValueSpecification\",\"valueRequired\":true,\"valueName\":\"search_term_string\"}}],\"inLanguage\":\"es\"}]}<\/script>\n<!-- \/ Yoast SEO plugin. -->","yoast_head_json":{"title":"Eliseo Aja &#8211; IDEES","robots":{"index":"index","follow":"follow","max-snippet":"max-snippet:-1","max-image-preview":"max-image-preview:large","max-video-preview":"max-video-preview:-1"},"canonical":"https:\/\/revistaidees.cat\/es\/autors\/eliseo-aja\/","og_locale":"es_ES","og_type":"article","og_title":"Eliseo Aja &#8211; IDEES","og_description":"Eliseo Aja es jurista y catedr\u00e1tico de Derecho Constitucional en la Universidad de Barcelona. Es licenciado en Derecho por la Universidad de Valladolid y doctorado por la Universidad Aut\u00f3noma de Barcelona. Ha formado parte de varias comisiones asesoras de reformas constitucionales y legislativas y acudi\u00f3 como experto en las Cortes Generales, en el Parlament de Catalunya y en otros parlamentos auton\u00f3micos. Ha sido director del Informe de las Comunidades Aut\u00f3nomas, presidente de la Asociaci\u00f3n de Constitucionalistas de Espa\u00f1a y presidente del Consejo de Garant\u00edas Estatutarias de Catalunya. Es autor de m\u00e1s de una decena de libros, entre los que destacan\u2026","og_url":"https:\/\/revistaidees.cat\/es\/autors\/eliseo-aja\/","og_site_name":"IDEES","article_modified_time":"2020-12-14T15:24:29+00:00","og_image":[{"width":251,"height":184,"url":"https:\/\/i0.wp.com\/revistaidees.cat\/wp-content\/uploads\/2020\/12\/Eliseo-Aja-def.jpg?fit=251%2C184&ssl=1","type":"image\/jpeg"}],"twitter_card":"summary_large_image","twitter_misc":{"Tiempo de lectura":"1 minuto"},"schema":{"@context":"https:\/\/schema.org","@graph":[{"@type":"WebPage","@id":"https:\/\/revistaidees.cat\/es\/autors\/eliseo-aja\/","url":"https:\/\/revistaidees.cat\/es\/autors\/eliseo-aja\/","name":"Eliseo Aja &#8211; IDEES","isPartOf":{"@id":"https:\/\/revistaidees.cat\/#website"},"primaryImageOfPage":{"@id":"https:\/\/revistaidees.cat\/es\/autors\/eliseo-aja\/#primaryimage"},"image":{"@id":"https:\/\/revistaidees.cat\/es\/autors\/eliseo-aja\/#primaryimage"},"thumbnailUrl":"https:\/\/i0.wp.com\/revistaidees.cat\/wp-content\/uploads\/2020\/12\/Eliseo-Aja-def.jpg?fit=251%2C184&ssl=1","datePublished":"2020-12-06T12:53:05+00:00","dateModified":"2020-12-14T15:24:29+00:00","breadcrumb":{"@id":"https:\/\/revistaidees.cat\/es\/autors\/eliseo-aja\/#breadcrumb"},"inLanguage":"es","potentialAction":[{"@type":"ReadAction","target":["https:\/\/revistaidees.cat\/es\/autors\/eliseo-aja\/"]}]},{"@type":"ImageObject","inLanguage":"es","@id":"https:\/\/revistaidees.cat\/es\/autors\/eliseo-aja\/#primaryimage","url":"https:\/\/i0.wp.com\/revistaidees.cat\/wp-content\/uploads\/2020\/12\/Eliseo-Aja-def.jpg?fit=251%2C184&ssl=1","contentUrl":"https:\/\/i0.wp.com\/revistaidees.cat\/wp-content\/uploads\/2020\/12\/Eliseo-Aja-def.jpg?fit=251%2C184&ssl=1","width":251,"height":184,"caption":"Eliseo Aja"},{"@type":"BreadcrumbList","@id":"https:\/\/revistaidees.cat\/es\/autors\/eliseo-aja\/#breadcrumb","itemListElement":[{"@type":"ListItem","position":1,"name":"Inici","item":"https:\/\/revistaidees.cat\/es\/"},{"@type":"ListItem","position":2,"name":"Autors","item":"https:\/\/revistaidees.cat\/autors\/"},{"@type":"ListItem","position":3,"name":"Eliseo Aja"}]},{"@type":"WebSite","@id":"https:\/\/revistaidees.cat\/#website","url":"https:\/\/revistaidees.cat\/","name":"IDEES","description":"Revista de temas contempor\u00e1neos","potentialAction":[{"@type":"SearchAction","target":{"@type":"EntryPoint","urlTemplate":"https:\/\/revistaidees.cat\/?s={search_term_string}"},"query-input":{"@type":"PropertyValueSpecification","valueRequired":true,"valueName":"search_term_string"}}],"inLanguage":"es"}]}},"jetpack_sharing_enabled":true,"_links":{"self":[{"href":"https:\/\/revistaidees.cat\/es\/wp-json\/wp\/v2\/autors\/29982","targetHints":{"allow":["GET"]}}],"collection":[{"href":"https:\/\/revistaidees.cat\/es\/wp-json\/wp\/v2\/autors"}],"about":[{"href":"https:\/\/revistaidees.cat\/es\/wp-json\/wp\/v2\/types\/autors"}],"version-history":[{"count":2,"href":"https:\/\/revistaidees.cat\/es\/wp-json\/wp\/v2\/autors\/29982\/revisions"}],"predecessor-version":[{"id":29984,"href":"https:\/\/revistaidees.cat\/es\/wp-json\/wp\/v2\/autors\/29982\/revisions\/29984"}],"wp:featuredmedia":[{"embeddable":true,"href":"https:\/\/revistaidees.cat\/es\/wp-json\/wp\/v2\/media\/28911"}],"wp:attachment":[{"href":"https:\/\/revistaidees.cat\/es\/wp-json\/wp\/v2\/media?parent=29982"}],"wp:term":[{"taxonomy":"category_autors","embeddable":true,"href":"https:\/\/revistaidees.cat\/es\/wp-json\/wp\/v2\/category_autors?post=29982"}],"curies":[{"name":"wp","href":"https:\/\/api.w.org\/{rel}","templated":true}]}}

<p>Eliseo Aja es jurista y catedrático de Derecho Constitucional en la Universidad de Barcelona. Es licenciado en Derecho por la Universidad de Valladolid y doctorado por la Universidad Autónoma de Barcelona. Ha formado parte de varias comisiones asesoras de reformas constitucionales y legislativas y acudió como experto en las Cortes Generales, en el Parlament de Catalunya y en otros parlamentos autonómicos. Ha sido director del Informe de las Comunidades Autónomas, presidente de la Asociación de Constitucionalistas de España y presidente del Consejo de Garantías Estatutarias de Catalunya. Es autor de más de una decena de libros, entre los que destacan títulos como <em>Constituciones y períodos constituyentes en España</em> (1808-1936), <em>El sistema jurídico de las comunidades autónomas</em> (1985), <em>El estado autonómico: federalismo y hechos diferenciales</em> (1999), <em>Imigración y democracia</em> (2012) o <em>Estado autonómico y reforma federal </em>(2014).</p>

<!-- This site is optimized with the Yoast SEO plugin v27.5 - https://yoast.com/product/yoast-seo-wordpress/ -->
<title>Eliseo Aja &#8211; IDEES</title>
<meta name="robots" content="index, follow, max-snippet:-1, max-image-preview:large, max-video-preview:-1" />
<link rel="canonical" href="https://revistaidees.cat/es/autors/eliseo-aja/" />
<meta property="og:locale" content="es_ES" />
<meta property="og:type" content="article" />
<meta property="og:title" content="Eliseo Aja &#8211; IDEES" />
<meta property="og:description" content="Eliseo Aja es jurista y catedrático de Derecho Constitucional en la Universidad de Barcelona. Es licenciado en Derecho por la Universidad de Valladolid y doctorado por la Universidad Autónoma de Barcelona. Ha formado parte de varias comisiones asesoras de reformas constitucionales y legislativas y acudió como experto en las Cortes Generales, en el Parlament de Catalunya y en otros parlamentos autonómicos. Ha sido director del Informe de las Comunidades Autónomas, presidente de la Asociación de Constitucionalistas de España y presidente del Consejo de Garantías Estatutarias de Catalunya. Es autor de más de una decena de libros, entre los que destacan…" />
<meta property="og:url" content="https://revistaidees.cat/es/autors/eliseo-aja/" />
<meta property="og:site_name" content="IDEES" />
<meta property="article:modified_time" content="2020-12-14T15:24:29+00:00" />
<meta property="og:image" content="https://i0.wp.com/revistaidees.cat/wp-content/uploads/2020/12/Eliseo-Aja-def.jpg?fit=251%2C184&ssl=1" />
	<meta property="og:image:width" content="251" />
	<meta property="og:image:height" content="184" />
	<meta property="og:image:type" content="image/jpeg" />
<meta name="twitter:card" content="summary_large_image" />
<meta name="twitter:label1" content="Tiempo de lectura" />
	<meta name="twitter:data1" content="1 minuto" />
<script type="application/ld+json" class="yoast-schema-graph">{"@context":"https:\/\/schema.org","@graph":[{"@type":"WebPage","@id":"https:\/\/revistaidees.cat\/es\/autors\/eliseo-aja\/","url":"https:\/\/revistaidees.cat\/es\/autors\/eliseo-aja\/","name":"Eliseo Aja &#8211; IDEES","isPartOf":{"@id":"https:\/\/revistaidees.cat\/#website"},"primaryImageOfPage":{"@id":"https:\/\/revistaidees.cat\/es\/autors\/eliseo-aja\/#primaryimage"},"image":{"@id":"https:\/\/revistaidees.cat\/es\/autors\/eliseo-aja\/#primaryimage"},"thumbnailUrl":"https:\/\/i0.wp.com\/revistaidees.cat\/wp-content\/uploads\/2020\/12\/Eliseo-Aja-def.jpg?fit=251%2C184&ssl=1","datePublished":"2020-12-06T12:53:05+00:00","dateModified":"2020-12-14T15:24:29+00:00","breadcrumb":{"@id":"https:\/\/revistaidees.cat\/es\/autors\/eliseo-aja\/#breadcrumb"},"inLanguage":"es","potentialAction":[{"@type":"ReadAction","target":["https:\/\/revistaidees.cat\/es\/autors\/eliseo-aja\/"]}]},{"@type":"ImageObject","inLanguage":"es","@id":"https:\/\/revistaidees.cat\/es\/autors\/eliseo-aja\/#primaryimage","url":"https:\/\/i0.wp.com\/revistaidees.cat\/wp-content\/uploads\/2020\/12\/Eliseo-Aja-def.jpg?fit=251%2C184&ssl=1","contentUrl":"https:\/\/i0.wp.com\/revistaidees.cat\/wp-content\/uploads\/2020\/12\/Eliseo-Aja-def.jpg?fit=251%2C184&ssl=1","width":251,"height":184,"caption":"Eliseo Aja"},{"@type":"BreadcrumbList","@id":"https:\/\/revistaidees.cat\/es\/autors\/eliseo-aja\/#breadcrumb","itemListElement":[{"@type":"ListItem","position":1,"name":"Inici","item":"https:\/\/revistaidees.cat\/es\/"},{"@type":"ListItem","position":2,"name":"Autors","item":"https:\/\/revistaidees.cat\/autors\/"},{"@type":"ListItem","position":3,"name":"Eliseo Aja"}]},{"@type":"WebSite","@id":"https:\/\/revistaidees.cat\/#website","url":"https:\/\/revistaidees.cat\/","name":"IDEES","description":"Revista de temas contemporáneos","potentialAction":[{"@type":"SearchAction","target":{"@type":"EntryPoint","urlTemplate":"https:\/\/revistaidees.cat\/?s={search_term_string}"},"query-input":{"@type":"PropertyValueSpecification","valueRequired":true,"valueName":"search_term_string"}}],"inLanguage":"es"}]}</script>
<!-- / Yoast SEO plugin. -->

Eliseo Aja es jurista y catedrático de Derecho Constitucional en la Universidad de Barcelona. Es licenciado en Derecho por la Universidad de Valladolid y doctorado por la Universidad Autónoma de Barcelona. Ha formado parte de varias comisiones asesoras de reformas constitucionales y legislativas y acudió como experto en las Cortes Generales, en el Parlament de Catalunya y en otros parlamentos autonómicos. Ha sido director del Informe de las Comunidades Autónomas, presidente de la Asociación de Constitucionalistas de España y presidente del Consejo de Garantías Estatutarias de Catalunya. Es autor de más de una decena de libros, entre los que destacan…

Revista de temas contemporáneos
