{"id":29992,"date":"2020-12-06T12:53:33","date_gmt":"2020-12-06T12:53:33","guid":{"rendered":"https:\/\/revistaidees.cat\/autors\/marc-arza\/"},"modified":"2020-12-14T15:32:25","modified_gmt":"2020-12-14T15:32:25","slug":"marc-arza","status":"publish","type":"autors","link":"https:\/\/revistaidees.cat\/es\/autors\/marc-arza\/","title":{"rendered":"Marc Arza"},"content":{"rendered":"\n<p>Marc Arza es consultor en internacionalizaci\u00f3n de empresas y miembro del Consejo Nacional del PDeCAT. Durante ocho a\u00f1os, ha sido concejal de promoci\u00f3n econ\u00f3mica y urbanismo en el Ayuntamiento de Reus. Licenciado en Derecho, tiene un Master en gesti\u00f3n de empresas y un Master en Humanidades y Cultural Contempor\u00e1nea.<\/p>\n","protected":false},"featured_media":28923,"template":"","category_autors":[],"class_list":["post-29992","autors","type-autors","status-publish","has-post-thumbnail","hentry"],"acf":[],"yoast_head":"<!-- This site is optimized with the Yoast SEO plugin v27.4 - https:\/\/yoast.com\/product\/yoast-seo-wordpress\/ -->\n<title>Marc Arza &#8211; IDEES<\/title>\n<meta name=\"robots\" content=\"index, follow, max-snippet:-1, max-image-preview:large, max-video-preview:-1\" \/>\n<link rel=\"canonical\" href=\"https:\/\/revistaidees.cat\/es\/autors\/marc-arza\/\" \/>\n<meta property=\"og:locale\" content=\"es_ES\" \/>\n<meta property=\"og:type\" content=\"article\" \/>\n<meta property=\"og:title\" content=\"Marc Arza &#8211; IDEES\" \/>\n<meta property=\"og:description\" content=\"Marc Arza es consultor en internacionalizaci\u00f3n de empresas y miembro del Consejo Nacional del PDeCAT. Durante ocho a\u00f1os, ha sido concejal de promoci\u00f3n econ\u00f3mica y urbanismo en el Ayuntamiento de Reus. Licenciado en Derecho, tiene un Master en gesti\u00f3n de empresas y un Master en Humanidades y Cultural Contempor\u00e1nea.\" \/>\n<meta property=\"og:url\" content=\"https:\/\/revistaidees.cat\/es\/autors\/marc-arza\/\" \/>\n<meta property=\"og:site_name\" content=\"IDEES\" \/>\n<meta property=\"article:modified_time\" content=\"2020-12-14T15:32:25+00:00\" \/>\n<meta property=\"og:image\" content=\"https:\/\/i0.wp.com\/revistaidees.cat\/wp-content\/uploads\/2020\/12\/Marc-Arza-def.jpeg?fit=621%2C446&ssl=1\" \/>\n\t<meta property=\"og:image:width\" content=\"621\" \/>\n\t<meta property=\"og:image:height\" content=\"446\" \/>\n\t<meta property=\"og:image:type\" content=\"image\/jpeg\" \/>\n<meta name=\"twitter:card\" content=\"summary_large_image\" \/>\n<script type=\"application\/ld+json\" class=\"yoast-schema-graph\">{\"@context\":\"https:\\\/\\\/schema.org\",\"@graph\":[{\"@type\":\"WebPage\",\"@id\":\"https:\\\/\\\/revistaidees.cat\\\/es\\\/autors\\\/marc-arza\\\/\",\"url\":\"https:\\\/\\\/revistaidees.cat\\\/es\\\/autors\\\/marc-arza\\\/\",\"name\":\"Marc Arza &#8211; IDEES\",\"isPartOf\":{\"@id\":\"https:\\\/\\\/revistaidees.cat\\\/#website\"},\"primaryImageOfPage\":{\"@id\":\"https:\\\/\\\/revistaidees.cat\\\/es\\\/autors\\\/marc-arza\\\/#primaryimage\"},\"image\":{\"@id\":\"https:\\\/\\\/revistaidees.cat\\\/es\\\/autors\\\/marc-arza\\\/#primaryimage\"},\"thumbnailUrl\":\"https:\\\/\\\/i0.wp.com\\\/revistaidees.cat\\\/wp-content\\\/uploads\\\/2020\\\/12\\\/Marc-Arza-def.jpeg?fit=621%2C446&ssl=1\",\"datePublished\":\"2020-12-06T12:53:33+00:00\",\"dateModified\":\"2020-12-14T15:32:25+00:00\",\"breadcrumb\":{\"@id\":\"https:\\\/\\\/revistaidees.cat\\\/es\\\/autors\\\/marc-arza\\\/#breadcrumb\"},\"inLanguage\":\"es\",\"potentialAction\":[{\"@type\":\"ReadAction\",\"target\":[\"https:\\\/\\\/revistaidees.cat\\\/es\\\/autors\\\/marc-arza\\\/\"]}]},{\"@type\":\"ImageObject\",\"inLanguage\":\"es\",\"@id\":\"https:\\\/\\\/revistaidees.cat\\\/es\\\/autors\\\/marc-arza\\\/#primaryimage\",\"url\":\"https:\\\/\\\/i0.wp.com\\\/revistaidees.cat\\\/wp-content\\\/uploads\\\/2020\\\/12\\\/Marc-Arza-def.jpeg?fit=621%2C446&ssl=1\",\"contentUrl\":\"https:\\\/\\\/i0.wp.com\\\/revistaidees.cat\\\/wp-content\\\/uploads\\\/2020\\\/12\\\/Marc-Arza-def.jpeg?fit=621%2C446&ssl=1\",\"width\":621,\"height\":446,\"caption\":\"Marc Arza\"},{\"@type\":\"BreadcrumbList\",\"@id\":\"https:\\\/\\\/revistaidees.cat\\\/es\\\/autors\\\/marc-arza\\\/#breadcrumb\",\"itemListElement\":[{\"@type\":\"ListItem\",\"position\":1,\"name\":\"Inici\",\"item\":\"https:\\\/\\\/revistaidees.cat\\\/es\\\/\"},{\"@type\":\"ListItem\",\"position\":2,\"name\":\"Autors\",\"item\":\"https:\\\/\\\/revistaidees.cat\\\/autors\\\/\"},{\"@type\":\"ListItem\",\"position\":3,\"name\":\"Marc Arza\"}]},{\"@type\":\"WebSite\",\"@id\":\"https:\\\/\\\/revistaidees.cat\\\/#website\",\"url\":\"https:\\\/\\\/revistaidees.cat\\\/\",\"name\":\"IDEES\",\"description\":\"Revista de temas contempor\u00e1neos\",\"potentialAction\":[{\"@type\":\"SearchAction\",\"target\":{\"@type\":\"EntryPoint\",\"urlTemplate\":\"https:\\\/\\\/revistaidees.cat\\\/?s={search_term_string}\"},\"query-input\":{\"@type\":\"PropertyValueSpecification\",\"valueRequired\":true,\"valueName\":\"search_term_string\"}}],\"inLanguage\":\"es\"}]}<\/script>\n<!-- \/ Yoast SEO plugin. -->","yoast_head_json":{"title":"Marc Arza &#8211; IDEES","robots":{"index":"index","follow":"follow","max-snippet":"max-snippet:-1","max-image-preview":"max-image-preview:large","max-video-preview":"max-video-preview:-1"},"canonical":"https:\/\/revistaidees.cat\/es\/autors\/marc-arza\/","og_locale":"es_ES","og_type":"article","og_title":"Marc Arza &#8211; IDEES","og_description":"Marc Arza es consultor en internacionalizaci\u00f3n de empresas y miembro del Consejo Nacional del PDeCAT. Durante ocho a\u00f1os, ha sido concejal de promoci\u00f3n econ\u00f3mica y urbanismo en el Ayuntamiento de Reus. Licenciado en Derecho, tiene un Master en gesti\u00f3n de empresas y un Master en Humanidades y Cultural Contempor\u00e1nea.","og_url":"https:\/\/revistaidees.cat\/es\/autors\/marc-arza\/","og_site_name":"IDEES","article_modified_time":"2020-12-14T15:32:25+00:00","og_image":[{"width":621,"height":446,"url":"https:\/\/i0.wp.com\/revistaidees.cat\/wp-content\/uploads\/2020\/12\/Marc-Arza-def.jpeg?fit=621%2C446&ssl=1","type":"image\/jpeg"}],"twitter_card":"summary_large_image","schema":{"@context":"https:\/\/schema.org","@graph":[{"@type":"WebPage","@id":"https:\/\/revistaidees.cat\/es\/autors\/marc-arza\/","url":"https:\/\/revistaidees.cat\/es\/autors\/marc-arza\/","name":"Marc Arza &#8211; IDEES","isPartOf":{"@id":"https:\/\/revistaidees.cat\/#website"},"primaryImageOfPage":{"@id":"https:\/\/revistaidees.cat\/es\/autors\/marc-arza\/#primaryimage"},"image":{"@id":"https:\/\/revistaidees.cat\/es\/autors\/marc-arza\/#primaryimage"},"thumbnailUrl":"https:\/\/i0.wp.com\/revistaidees.cat\/wp-content\/uploads\/2020\/12\/Marc-Arza-def.jpeg?fit=621%2C446&ssl=1","datePublished":"2020-12-06T12:53:33+00:00","dateModified":"2020-12-14T15:32:25+00:00","breadcrumb":{"@id":"https:\/\/revistaidees.cat\/es\/autors\/marc-arza\/#breadcrumb"},"inLanguage":"es","potentialAction":[{"@type":"ReadAction","target":["https:\/\/revistaidees.cat\/es\/autors\/marc-arza\/"]}]},{"@type":"ImageObject","inLanguage":"es","@id":"https:\/\/revistaidees.cat\/es\/autors\/marc-arza\/#primaryimage","url":"https:\/\/i0.wp.com\/revistaidees.cat\/wp-content\/uploads\/2020\/12\/Marc-Arza-def.jpeg?fit=621%2C446&ssl=1","contentUrl":"https:\/\/i0.wp.com\/revistaidees.cat\/wp-content\/uploads\/2020\/12\/Marc-Arza-def.jpeg?fit=621%2C446&ssl=1","width":621,"height":446,"caption":"Marc Arza"},{"@type":"BreadcrumbList","@id":"https:\/\/revistaidees.cat\/es\/autors\/marc-arza\/#breadcrumb","itemListElement":[{"@type":"ListItem","position":1,"name":"Inici","item":"https:\/\/revistaidees.cat\/es\/"},{"@type":"ListItem","position":2,"name":"Autors","item":"https:\/\/revistaidees.cat\/autors\/"},{"@type":"ListItem","position":3,"name":"Marc Arza"}]},{"@type":"WebSite","@id":"https:\/\/revistaidees.cat\/#website","url":"https:\/\/revistaidees.cat\/","name":"IDEES","description":"Revista de temas contempor\u00e1neos","potentialAction":[{"@type":"SearchAction","target":{"@type":"EntryPoint","urlTemplate":"https:\/\/revistaidees.cat\/?s={search_term_string}"},"query-input":{"@type":"PropertyValueSpecification","valueRequired":true,"valueName":"search_term_string"}}],"inLanguage":"es"}]}},"jetpack_sharing_enabled":true,"_links":{"self":[{"href":"https:\/\/revistaidees.cat\/es\/wp-json\/wp\/v2\/autors\/29992","targetHints":{"allow":["GET"]}}],"collection":[{"href":"https:\/\/revistaidees.cat\/es\/wp-json\/wp\/v2\/autors"}],"about":[{"href":"https:\/\/revistaidees.cat\/es\/wp-json\/wp\/v2\/types\/autors"}],"version-history":[{"count":1,"href":"https:\/\/revistaidees.cat\/es\/wp-json\/wp\/v2\/autors\/29992\/revisions"}],"predecessor-version":[{"id":29993,"href":"https:\/\/revistaidees.cat\/es\/wp-json\/wp\/v2\/autors\/29992\/revisions\/29993"}],"wp:featuredmedia":[{"embeddable":true,"href":"https:\/\/revistaidees.cat\/es\/wp-json\/wp\/v2\/media\/28923"}],"wp:attachment":[{"href":"https:\/\/revistaidees.cat\/es\/wp-json\/wp\/v2\/media?parent=29992"}],"wp:term":[{"taxonomy":"category_autors","embeddable":true,"href":"https:\/\/revistaidees.cat\/es\/wp-json\/wp\/v2\/category_autors?post=29992"}],"curies":[{"name":"wp","href":"https:\/\/api.w.org\/{rel}","templated":true}]}}

<p>Marc Arza es consultor en internacionalización de empresas y miembro del Consejo Nacional del PDeCAT. Durante ocho años, ha sido concejal de promoción económica y urbanismo en el Ayuntamiento de Reus. Licenciado en Derecho, tiene un Master en gestión de empresas y un Master en Humanidades y Cultural Contemporánea.</p>

<!-- This site is optimized with the Yoast SEO plugin v27.4 - https://yoast.com/product/yoast-seo-wordpress/ -->
<title>Marc Arza &#8211; IDEES</title>
<meta name="robots" content="index, follow, max-snippet:-1, max-image-preview:large, max-video-preview:-1" />
<link rel="canonical" href="https://revistaidees.cat/es/autors/marc-arza/" />
<meta property="og:locale" content="es_ES" />
<meta property="og:type" content="article" />
<meta property="og:title" content="Marc Arza &#8211; IDEES" />
<meta property="og:description" content="Marc Arza es consultor en internacionalización de empresas y miembro del Consejo Nacional del PDeCAT. Durante ocho años, ha sido concejal de promoción económica y urbanismo en el Ayuntamiento de Reus. Licenciado en Derecho, tiene un Master en gestión de empresas y un Master en Humanidades y Cultural Contemporánea." />
<meta property="og:url" content="https://revistaidees.cat/es/autors/marc-arza/" />
<meta property="og:site_name" content="IDEES" />
<meta property="article:modified_time" content="2020-12-14T15:32:25+00:00" />
<meta property="og:image" content="https://i0.wp.com/revistaidees.cat/wp-content/uploads/2020/12/Marc-Arza-def.jpeg?fit=621%2C446&ssl=1" />
	<meta property="og:image:width" content="621" />
	<meta property="og:image:height" content="446" />
	<meta property="og:image:type" content="image/jpeg" />
<meta name="twitter:card" content="summary_large_image" />
<script type="application/ld+json" class="yoast-schema-graph">{"@context":"https:\/\/schema.org","@graph":[{"@type":"WebPage","@id":"https:\/\/revistaidees.cat\/es\/autors\/marc-arza\/","url":"https:\/\/revistaidees.cat\/es\/autors\/marc-arza\/","name":"Marc Arza &#8211; IDEES","isPartOf":{"@id":"https:\/\/revistaidees.cat\/#website"},"primaryImageOfPage":{"@id":"https:\/\/revistaidees.cat\/es\/autors\/marc-arza\/#primaryimage"},"image":{"@id":"https:\/\/revistaidees.cat\/es\/autors\/marc-arza\/#primaryimage"},"thumbnailUrl":"https:\/\/i0.wp.com\/revistaidees.cat\/wp-content\/uploads\/2020\/12\/Marc-Arza-def.jpeg?fit=621%2C446&ssl=1","datePublished":"2020-12-06T12:53:33+00:00","dateModified":"2020-12-14T15:32:25+00:00","breadcrumb":{"@id":"https:\/\/revistaidees.cat\/es\/autors\/marc-arza\/#breadcrumb"},"inLanguage":"es","potentialAction":[{"@type":"ReadAction","target":["https:\/\/revistaidees.cat\/es\/autors\/marc-arza\/"]}]},{"@type":"ImageObject","inLanguage":"es","@id":"https:\/\/revistaidees.cat\/es\/autors\/marc-arza\/#primaryimage","url":"https:\/\/i0.wp.com\/revistaidees.cat\/wp-content\/uploads\/2020\/12\/Marc-Arza-def.jpeg?fit=621%2C446&ssl=1","contentUrl":"https:\/\/i0.wp.com\/revistaidees.cat\/wp-content\/uploads\/2020\/12\/Marc-Arza-def.jpeg?fit=621%2C446&ssl=1","width":621,"height":446,"caption":"Marc Arza"},{"@type":"BreadcrumbList","@id":"https:\/\/revistaidees.cat\/es\/autors\/marc-arza\/#breadcrumb","itemListElement":[{"@type":"ListItem","position":1,"name":"Inici","item":"https:\/\/revistaidees.cat\/es\/"},{"@type":"ListItem","position":2,"name":"Autors","item":"https:\/\/revistaidees.cat\/autors\/"},{"@type":"ListItem","position":3,"name":"Marc Arza"}]},{"@type":"WebSite","@id":"https:\/\/revistaidees.cat\/#website","url":"https:\/\/revistaidees.cat\/","name":"IDEES","description":"Revista de temas contemporáneos","potentialAction":[{"@type":"SearchAction","target":{"@type":"EntryPoint","urlTemplate":"https:\/\/revistaidees.cat\/?s={search_term_string}"},"query-input":{"@type":"PropertyValueSpecification","valueRequired":true,"valueName":"search_term_string"}}],"inLanguage":"es"}]}</script>
<!-- / Yoast SEO plugin. -->

Marc Arza es consultor en internacionalización de empresas y miembro del Consejo Nacional del PDeCAT. Durante ocho años, ha sido concejal de promoción económica y urbanismo en el Ayuntamiento de Reus. Licenciado en Derecho, tiene un Master en gestión de empresas y un Master en Humanidades y Cultural Contemporánea.

Revista de temas contemporáneos
