{"id":29994,"date":"2020-12-06T12:54:44","date_gmt":"2020-12-06T12:54:44","guid":{"rendered":"https:\/\/revistaidees.cat\/autors\/maite-vilalta\/"},"modified":"2020-12-15T09:16:00","modified_gmt":"2020-12-15T09:16:00","slug":"maite-vilalta","status":"publish","type":"autors","link":"https:\/\/revistaidees.cat\/es\/autors\/maite-vilalta\/","title":{"rendered":"Maite Vilalta"},"content":{"rendered":"\n<p>Maite Vilalta Ferrer es investigadora y profesora especializada en federalismo fiscal y haciendas auton\u00f3micas y locales. Ejerce de profesora titular en el Departamento de Econom\u00eda de la Universidad de Barcelona, \u200b\u200bdonde tambi\u00e9n imparte docencia en el M\u00e1ster Interuniversitario en Gesti\u00f3n P\u00fablica y el M\u00e1ster de Hacienda Auton\u00f3mica de la UB, del que es co-directora. Actualmente tambi\u00e9n es Vicerrectora de Igualdad y Acci\u00f3n Social en la misma universidad. Licenciada y doctora en Ciencias Econ\u00f3micas y Empresariales, Vilalta es integrante del Instituto de Econom\u00eda de Barcelona y ha realizado estancias en la McGill University (Montreal). Entre los a\u00f1os 2004 y 2009, fue vicedecana de la Facultad de Econom\u00eda y Empresa de la Universidad de Barcelona. Ha ocupado el cargo de representante de la Generalitat de Catalunya en la Comisi\u00f3n Mixta de Transferencias Estado-Generalitat, y es coautora de las monograf\u00edas <em>Informe sobre el finan\u00e7ament de les comunitats aut\u00f2nomes. Any 2006<\/em> (2008) y <em>Modelo de financiaci\u00f3n auton\u00f3mica de 2009: descripci\u00f3n y valoraci\u00f3n<\/em> (2010).<\/p>\n","protected":false},"featured_media":28917,"template":"","category_autors":[],"class_list":["post-29994","autors","type-autors","status-publish","has-post-thumbnail","hentry"],"acf":[],"yoast_head":"<!-- This site is optimized with the Yoast SEO plugin v27.5 - https:\/\/yoast.com\/product\/yoast-seo-wordpress\/ -->\n<title>Maite Vilalta &#8211; IDEES<\/title>\n<meta name=\"robots\" content=\"index, follow, max-snippet:-1, max-image-preview:large, max-video-preview:-1\" \/>\n<link rel=\"canonical\" href=\"https:\/\/revistaidees.cat\/es\/autors\/maite-vilalta\/\" \/>\n<meta property=\"og:locale\" content=\"es_ES\" \/>\n<meta property=\"og:type\" content=\"article\" \/>\n<meta property=\"og:title\" content=\"Maite Vilalta &#8211; IDEES\" \/>\n<meta property=\"og:description\" content=\"Maite Vilalta Ferrer es investigadora y profesora especializada en federalismo fiscal y haciendas auton\u00f3micas y locales. Ejerce de profesora titular en el Departamento de Econom\u00eda de la Universidad de Barcelona, \u200b\u200bdonde tambi\u00e9n imparte docencia en el M\u00e1ster Interuniversitario en Gesti\u00f3n P\u00fablica y el M\u00e1ster de Hacienda Auton\u00f3mica de la UB, del que es co-directora. Actualmente tambi\u00e9n es Vicerrectora de Igualdad y Acci\u00f3n Social en la misma universidad. Licenciada y doctora en Ciencias Econ\u00f3micas y Empresariales, Vilalta es integrante del Instituto de Econom\u00eda de Barcelona y ha realizado estancias en la McGill University (Montreal). Entre los a\u00f1os 2004 y 2009, fue\u2026\" \/>\n<meta property=\"og:url\" content=\"https:\/\/revistaidees.cat\/es\/autors\/maite-vilalta\/\" \/>\n<meta property=\"og:site_name\" content=\"IDEES\" \/>\n<meta property=\"article:modified_time\" content=\"2020-12-15T09:16:00+00:00\" \/>\n<meta property=\"og:image\" content=\"https:\/\/i0.wp.com\/revistaidees.cat\/wp-content\/uploads\/2020\/12\/Maite-Vilalta-def.jpg?fit=694%2C519&ssl=1\" \/>\n\t<meta property=\"og:image:width\" content=\"694\" \/>\n\t<meta property=\"og:image:height\" content=\"519\" \/>\n\t<meta property=\"og:image:type\" content=\"image\/jpeg\" \/>\n<meta name=\"twitter:card\" content=\"summary_large_image\" \/>\n<meta name=\"twitter:label1\" content=\"Tiempo de lectura\" \/>\n\t<meta name=\"twitter:data1\" content=\"1 minuto\" \/>\n<script type=\"application\/ld+json\" class=\"yoast-schema-graph\">{\"@context\":\"https:\\\/\\\/schema.org\",\"@graph\":[{\"@type\":\"WebPage\",\"@id\":\"https:\\\/\\\/revistaidees.cat\\\/es\\\/autors\\\/maite-vilalta\\\/\",\"url\":\"https:\\\/\\\/revistaidees.cat\\\/es\\\/autors\\\/maite-vilalta\\\/\",\"name\":\"Maite Vilalta &#8211; IDEES\",\"isPartOf\":{\"@id\":\"https:\\\/\\\/revistaidees.cat\\\/#website\"},\"primaryImageOfPage\":{\"@id\":\"https:\\\/\\\/revistaidees.cat\\\/es\\\/autors\\\/maite-vilalta\\\/#primaryimage\"},\"image\":{\"@id\":\"https:\\\/\\\/revistaidees.cat\\\/es\\\/autors\\\/maite-vilalta\\\/#primaryimage\"},\"thumbnailUrl\":\"https:\\\/\\\/i0.wp.com\\\/revistaidees.cat\\\/wp-content\\\/uploads\\\/2020\\\/12\\\/Maite-Vilalta-def.jpg?fit=694%2C519&ssl=1\",\"datePublished\":\"2020-12-06T12:54:44+00:00\",\"dateModified\":\"2020-12-15T09:16:00+00:00\",\"breadcrumb\":{\"@id\":\"https:\\\/\\\/revistaidees.cat\\\/es\\\/autors\\\/maite-vilalta\\\/#breadcrumb\"},\"inLanguage\":\"es\",\"potentialAction\":[{\"@type\":\"ReadAction\",\"target\":[\"https:\\\/\\\/revistaidees.cat\\\/es\\\/autors\\\/maite-vilalta\\\/\"]}]},{\"@type\":\"ImageObject\",\"inLanguage\":\"es\",\"@id\":\"https:\\\/\\\/revistaidees.cat\\\/es\\\/autors\\\/maite-vilalta\\\/#primaryimage\",\"url\":\"https:\\\/\\\/i0.wp.com\\\/revistaidees.cat\\\/wp-content\\\/uploads\\\/2020\\\/12\\\/Maite-Vilalta-def.jpg?fit=694%2C519&ssl=1\",\"contentUrl\":\"https:\\\/\\\/i0.wp.com\\\/revistaidees.cat\\\/wp-content\\\/uploads\\\/2020\\\/12\\\/Maite-Vilalta-def.jpg?fit=694%2C519&ssl=1\",\"width\":694,\"height\":519,\"caption\":\"Maite Vilalta\"},{\"@type\":\"BreadcrumbList\",\"@id\":\"https:\\\/\\\/revistaidees.cat\\\/es\\\/autors\\\/maite-vilalta\\\/#breadcrumb\",\"itemListElement\":[{\"@type\":\"ListItem\",\"position\":1,\"name\":\"Inici\",\"item\":\"https:\\\/\\\/revistaidees.cat\\\/es\\\/\"},{\"@type\":\"ListItem\",\"position\":2,\"name\":\"Autors\",\"item\":\"https:\\\/\\\/revistaidees.cat\\\/autors\\\/\"},{\"@type\":\"ListItem\",\"position\":3,\"name\":\"Maite Vilalta\"}]},{\"@type\":\"WebSite\",\"@id\":\"https:\\\/\\\/revistaidees.cat\\\/#website\",\"url\":\"https:\\\/\\\/revistaidees.cat\\\/\",\"name\":\"IDEES\",\"description\":\"Revista de temas contempor\u00e1neos\",\"potentialAction\":[{\"@type\":\"SearchAction\",\"target\":{\"@type\":\"EntryPoint\",\"urlTemplate\":\"https:\\\/\\\/revistaidees.cat\\\/?s={search_term_string}\"},\"query-input\":{\"@type\":\"PropertyValueSpecification\",\"valueRequired\":true,\"valueName\":\"search_term_string\"}}],\"inLanguage\":\"es\"}]}<\/script>\n<!-- \/ Yoast SEO plugin. -->","yoast_head_json":{"title":"Maite Vilalta &#8211; IDEES","robots":{"index":"index","follow":"follow","max-snippet":"max-snippet:-1","max-image-preview":"max-image-preview:large","max-video-preview":"max-video-preview:-1"},"canonical":"https:\/\/revistaidees.cat\/es\/autors\/maite-vilalta\/","og_locale":"es_ES","og_type":"article","og_title":"Maite Vilalta &#8211; IDEES","og_description":"Maite Vilalta Ferrer es investigadora y profesora especializada en federalismo fiscal y haciendas auton\u00f3micas y locales. Ejerce de profesora titular en el Departamento de Econom\u00eda de la Universidad de Barcelona, \u200b\u200bdonde tambi\u00e9n imparte docencia en el M\u00e1ster Interuniversitario en Gesti\u00f3n P\u00fablica y el M\u00e1ster de Hacienda Auton\u00f3mica de la UB, del que es co-directora. Actualmente tambi\u00e9n es Vicerrectora de Igualdad y Acci\u00f3n Social en la misma universidad. Licenciada y doctora en Ciencias Econ\u00f3micas y Empresariales, Vilalta es integrante del Instituto de Econom\u00eda de Barcelona y ha realizado estancias en la McGill University (Montreal). Entre los a\u00f1os 2004 y 2009, fue\u2026","og_url":"https:\/\/revistaidees.cat\/es\/autors\/maite-vilalta\/","og_site_name":"IDEES","article_modified_time":"2020-12-15T09:16:00+00:00","og_image":[{"width":694,"height":519,"url":"https:\/\/i0.wp.com\/revistaidees.cat\/wp-content\/uploads\/2020\/12\/Maite-Vilalta-def.jpg?fit=694%2C519&ssl=1","type":"image\/jpeg"}],"twitter_card":"summary_large_image","twitter_misc":{"Tiempo de lectura":"1 minuto"},"schema":{"@context":"https:\/\/schema.org","@graph":[{"@type":"WebPage","@id":"https:\/\/revistaidees.cat\/es\/autors\/maite-vilalta\/","url":"https:\/\/revistaidees.cat\/es\/autors\/maite-vilalta\/","name":"Maite Vilalta &#8211; IDEES","isPartOf":{"@id":"https:\/\/revistaidees.cat\/#website"},"primaryImageOfPage":{"@id":"https:\/\/revistaidees.cat\/es\/autors\/maite-vilalta\/#primaryimage"},"image":{"@id":"https:\/\/revistaidees.cat\/es\/autors\/maite-vilalta\/#primaryimage"},"thumbnailUrl":"https:\/\/i0.wp.com\/revistaidees.cat\/wp-content\/uploads\/2020\/12\/Maite-Vilalta-def.jpg?fit=694%2C519&ssl=1","datePublished":"2020-12-06T12:54:44+00:00","dateModified":"2020-12-15T09:16:00+00:00","breadcrumb":{"@id":"https:\/\/revistaidees.cat\/es\/autors\/maite-vilalta\/#breadcrumb"},"inLanguage":"es","potentialAction":[{"@type":"ReadAction","target":["https:\/\/revistaidees.cat\/es\/autors\/maite-vilalta\/"]}]},{"@type":"ImageObject","inLanguage":"es","@id":"https:\/\/revistaidees.cat\/es\/autors\/maite-vilalta\/#primaryimage","url":"https:\/\/i0.wp.com\/revistaidees.cat\/wp-content\/uploads\/2020\/12\/Maite-Vilalta-def.jpg?fit=694%2C519&ssl=1","contentUrl":"https:\/\/i0.wp.com\/revistaidees.cat\/wp-content\/uploads\/2020\/12\/Maite-Vilalta-def.jpg?fit=694%2C519&ssl=1","width":694,"height":519,"caption":"Maite Vilalta"},{"@type":"BreadcrumbList","@id":"https:\/\/revistaidees.cat\/es\/autors\/maite-vilalta\/#breadcrumb","itemListElement":[{"@type":"ListItem","position":1,"name":"Inici","item":"https:\/\/revistaidees.cat\/es\/"},{"@type":"ListItem","position":2,"name":"Autors","item":"https:\/\/revistaidees.cat\/autors\/"},{"@type":"ListItem","position":3,"name":"Maite Vilalta"}]},{"@type":"WebSite","@id":"https:\/\/revistaidees.cat\/#website","url":"https:\/\/revistaidees.cat\/","name":"IDEES","description":"Revista de temas contempor\u00e1neos","potentialAction":[{"@type":"SearchAction","target":{"@type":"EntryPoint","urlTemplate":"https:\/\/revistaidees.cat\/?s={search_term_string}"},"query-input":{"@type":"PropertyValueSpecification","valueRequired":true,"valueName":"search_term_string"}}],"inLanguage":"es"}]}},"jetpack_sharing_enabled":true,"_links":{"self":[{"href":"https:\/\/revistaidees.cat\/es\/wp-json\/wp\/v2\/autors\/29994","targetHints":{"allow":["GET"]}}],"collection":[{"href":"https:\/\/revistaidees.cat\/es\/wp-json\/wp\/v2\/autors"}],"about":[{"href":"https:\/\/revistaidees.cat\/es\/wp-json\/wp\/v2\/types\/autors"}],"version-history":[{"count":2,"href":"https:\/\/revistaidees.cat\/es\/wp-json\/wp\/v2\/autors\/29994\/revisions"}],"predecessor-version":[{"id":30132,"href":"https:\/\/revistaidees.cat\/es\/wp-json\/wp\/v2\/autors\/29994\/revisions\/30132"}],"wp:featuredmedia":[{"embeddable":true,"href":"https:\/\/revistaidees.cat\/es\/wp-json\/wp\/v2\/media\/28917"}],"wp:attachment":[{"href":"https:\/\/revistaidees.cat\/es\/wp-json\/wp\/v2\/media?parent=29994"}],"wp:term":[{"taxonomy":"category_autors","embeddable":true,"href":"https:\/\/revistaidees.cat\/es\/wp-json\/wp\/v2\/category_autors?post=29994"}],"curies":[{"name":"wp","href":"https:\/\/api.w.org\/{rel}","templated":true}]}}

<p>Maite Vilalta Ferrer es investigadora y profesora especializada en federalismo fiscal y haciendas autonómicas y locales. Ejerce de profesora titular en el Departamento de Economía de la Universidad de Barcelona, ​​donde también imparte docencia en el Máster Interuniversitario en Gestión Pública y el Máster de Hacienda Autonómica de la UB, del que es co-directora. Actualmente también es Vicerrectora de Igualdad y Acción Social en la misma universidad. Licenciada y doctora en Ciencias Económicas y Empresariales, Vilalta es integrante del Instituto de Economía de Barcelona y ha realizado estancias en la McGill University (Montreal). Entre los años 2004 y 2009, fue vicedecana de la Facultad de Economía y Empresa de la Universidad de Barcelona. Ha ocupado el cargo de representante de la Generalitat de Catalunya en la Comisión Mixta de Transferencias Estado-Generalitat, y es coautora de las monografías <em>Informe sobre el finançament de les comunitats autònomes. Any 2006</em> (2008) y <em>Modelo de financiación autonómica de 2009: descripción y valoración</em> (2010).</p>

<!-- This site is optimized with the Yoast SEO plugin v27.5 - https://yoast.com/product/yoast-seo-wordpress/ -->
<title>Maite Vilalta &#8211; IDEES</title>
<meta name="robots" content="index, follow, max-snippet:-1, max-image-preview:large, max-video-preview:-1" />
<link rel="canonical" href="https://revistaidees.cat/es/autors/maite-vilalta/" />
<meta property="og:locale" content="es_ES" />
<meta property="og:type" content="article" />
<meta property="og:title" content="Maite Vilalta &#8211; IDEES" />
<meta property="og:description" content="Maite Vilalta Ferrer es investigadora y profesora especializada en federalismo fiscal y haciendas autonómicas y locales. Ejerce de profesora titular en el Departamento de Economía de la Universidad de Barcelona, ​​donde también imparte docencia en el Máster Interuniversitario en Gestión Pública y el Máster de Hacienda Autonómica de la UB, del que es co-directora. Actualmente también es Vicerrectora de Igualdad y Acción Social en la misma universidad. Licenciada y doctora en Ciencias Económicas y Empresariales, Vilalta es integrante del Instituto de Economía de Barcelona y ha realizado estancias en la McGill University (Montreal). Entre los años 2004 y 2009, fue…" />
<meta property="og:url" content="https://revistaidees.cat/es/autors/maite-vilalta/" />
<meta property="og:site_name" content="IDEES" />
<meta property="article:modified_time" content="2020-12-15T09:16:00+00:00" />
<meta property="og:image" content="https://i0.wp.com/revistaidees.cat/wp-content/uploads/2020/12/Maite-Vilalta-def.jpg?fit=694%2C519&ssl=1" />
	<meta property="og:image:width" content="694" />
	<meta property="og:image:height" content="519" />
	<meta property="og:image:type" content="image/jpeg" />
<meta name="twitter:card" content="summary_large_image" />
<meta name="twitter:label1" content="Tiempo de lectura" />
	<meta name="twitter:data1" content="1 minuto" />
<script type="application/ld+json" class="yoast-schema-graph">{"@context":"https:\/\/schema.org","@graph":[{"@type":"WebPage","@id":"https:\/\/revistaidees.cat\/es\/autors\/maite-vilalta\/","url":"https:\/\/revistaidees.cat\/es\/autors\/maite-vilalta\/","name":"Maite Vilalta &#8211; IDEES","isPartOf":{"@id":"https:\/\/revistaidees.cat\/#website"},"primaryImageOfPage":{"@id":"https:\/\/revistaidees.cat\/es\/autors\/maite-vilalta\/#primaryimage"},"image":{"@id":"https:\/\/revistaidees.cat\/es\/autors\/maite-vilalta\/#primaryimage"},"thumbnailUrl":"https:\/\/i0.wp.com\/revistaidees.cat\/wp-content\/uploads\/2020\/12\/Maite-Vilalta-def.jpg?fit=694%2C519&ssl=1","datePublished":"2020-12-06T12:54:44+00:00","dateModified":"2020-12-15T09:16:00+00:00","breadcrumb":{"@id":"https:\/\/revistaidees.cat\/es\/autors\/maite-vilalta\/#breadcrumb"},"inLanguage":"es","potentialAction":[{"@type":"ReadAction","target":["https:\/\/revistaidees.cat\/es\/autors\/maite-vilalta\/"]}]},{"@type":"ImageObject","inLanguage":"es","@id":"https:\/\/revistaidees.cat\/es\/autors\/maite-vilalta\/#primaryimage","url":"https:\/\/i0.wp.com\/revistaidees.cat\/wp-content\/uploads\/2020\/12\/Maite-Vilalta-def.jpg?fit=694%2C519&ssl=1","contentUrl":"https:\/\/i0.wp.com\/revistaidees.cat\/wp-content\/uploads\/2020\/12\/Maite-Vilalta-def.jpg?fit=694%2C519&ssl=1","width":694,"height":519,"caption":"Maite Vilalta"},{"@type":"BreadcrumbList","@id":"https:\/\/revistaidees.cat\/es\/autors\/maite-vilalta\/#breadcrumb","itemListElement":[{"@type":"ListItem","position":1,"name":"Inici","item":"https:\/\/revistaidees.cat\/es\/"},{"@type":"ListItem","position":2,"name":"Autors","item":"https:\/\/revistaidees.cat\/autors\/"},{"@type":"ListItem","position":3,"name":"Maite Vilalta"}]},{"@type":"WebSite","@id":"https:\/\/revistaidees.cat\/#website","url":"https:\/\/revistaidees.cat\/","name":"IDEES","description":"Revista de temas contemporáneos","potentialAction":[{"@type":"SearchAction","target":{"@type":"EntryPoint","urlTemplate":"https:\/\/revistaidees.cat\/?s={search_term_string}"},"query-input":{"@type":"PropertyValueSpecification","valueRequired":true,"valueName":"search_term_string"}}],"inLanguage":"es"}]}</script>
<!-- / Yoast SEO plugin. -->

Maite Vilalta Ferrer es investigadora y profesora especializada en federalismo fiscal y haciendas autonómicas y locales. Ejerce de profesora titular en el Departamento de Economía de la Universidad de Barcelona, ​​donde también imparte docencia en el Máster Interuniversitario en Gestión Pública y el Máster de Hacienda Autonómica de la UB, del que es co-directora. Actualmente también es Vicerrectora de Igualdad y Acción Social en la misma universidad. Licenciada y doctora en Ciencias Económicas y Empresariales, Vilalta es integrante del Instituto de Economía de Barcelona y ha realizado estancias en la McGill University (Montreal). Entre los años 2004 y 2009, fue…

Revista de temas contemporáneos
