{"id":36477,"date":"2021-03-10T12:30:42","date_gmt":"2021-03-10T12:30:42","guid":{"rendered":"https:\/\/revistaidees.cat\/autors\/amnistia-internacional\/"},"modified":"2021-03-11T01:07:49","modified_gmt":"2021-03-11T01:07:49","slug":"amnistia-internacional","status":"publish","type":"autors","link":"https:\/\/revistaidees.cat\/es\/autors\/amnistia-internacional\/","title":{"rendered":"Amnist\u00eda Internacional"},"content":{"rendered":"\n<p class=\"wp-block-paragraph\">Amnist\u00eda Internacional es una organizaci\u00f3n global en defensa de los derechos humanos, presente en m\u00e1s de 80 pa\u00edses y con m\u00e1s de 7 millones de socios y simpatizantes en todo el mundo, 18.000 de ellos en Catalunya. Amnist\u00eda trabaja con independencia de cualquier gobierno, ideolog\u00eda pol\u00edtica, inter\u00e9s econ\u00f3mico o creencia religiosa para que los derechos humanos sean una realidad para cada vez m\u00e1s personas. La organizaci\u00f3n tiene tres ejes principales de actuaci\u00f3n: investigaci\u00f3n de abusos y vulneraciones de derechos all\u00ed donde se produzcan, movilizaci\u00f3n y activismo e incidencia pol\u00edtica.<\/p>\n","protected":false},"featured_media":36361,"template":"","category_autors":[],"class_list":["post-36477","autors","type-autors","status-publish","has-post-thumbnail","hentry"],"acf":[],"yoast_head":"<!-- This site is optimized with the Yoast SEO plugin v28.4 - https:\/\/yoast.com\/product\/yoast-seo-wordpress\/ -->\n<title>Amnist\u00eda Internacional &#8211; IDEES<\/title>\n<meta name=\"robots\" content=\"index, follow, max-snippet:-1, max-image-preview:large, max-video-preview:-1\" \/>\n<link rel=\"canonical\" href=\"https:\/\/revistaidees.cat\/es\/autors\/amnistia-internacional\/\" \/>\n<meta property=\"og:locale\" content=\"es_ES\" \/>\n<meta property=\"og:type\" content=\"article\" \/>\n<meta property=\"og:title\" content=\"Amnist\u00eda Internacional &#8211; IDEES\" \/>\n<meta property=\"og:description\" content=\"Amnist\u00eda Internacional es una organizaci\u00f3n global en defensa de los derechos humanos, presente en m\u00e1s de 80 pa\u00edses y con m\u00e1s de 7 millones de socios y simpatizantes en todo el mundo, 18.000 de ellos en Catalunya. Amnist\u00eda trabaja con independencia de cualquier gobierno, ideolog\u00eda pol\u00edtica, inter\u00e9s econ\u00f3mico o creencia religiosa para que los derechos humanos sean una realidad para cada vez m\u00e1s personas. La organizaci\u00f3n tiene tres ejes principales de actuaci\u00f3n: investigaci\u00f3n de abusos y vulneraciones de derechos all\u00ed donde se produzcan, movilizaci\u00f3n y activismo e incidencia pol\u00edtica.\" \/>\n<meta property=\"og:url\" content=\"https:\/\/revistaidees.cat\/es\/autors\/amnistia-internacional\/\" \/>\n<meta property=\"og:site_name\" content=\"IDEES\" \/>\n<meta property=\"article:modified_time\" content=\"2021-03-11T01:07:49+00:00\" \/>\n<meta property=\"og:image\" content=\"https:\/\/i0.wp.com\/revistaidees.cat\/wp-content\/uploads\/2021\/03\/Amnistia-Internacional-Catalunya-def.jpg?fit=674%2C449&ssl=1\" \/>\n\t<meta property=\"og:image:width\" content=\"674\" \/>\n\t<meta property=\"og:image:height\" content=\"449\" \/>\n\t<meta property=\"og:image:type\" content=\"image\/jpeg\" \/>\n<meta name=\"twitter:card\" content=\"summary_large_image\" \/>\n<meta name=\"twitter:label1\" content=\"Tiempo de lectura\" \/>\n\t<meta name=\"twitter:data1\" content=\"1 minuto\" \/>\n<script type=\"application\/ld+json\" class=\"yoast-schema-graph\">{\"@context\":\"https:\\\/\\\/schema.org\",\"@graph\":[{\"@type\":\"WebPage\",\"@id\":\"https:\\\/\\\/revistaidees.cat\\\/es\\\/autors\\\/amnistia-internacional\\\/\",\"url\":\"https:\\\/\\\/revistaidees.cat\\\/es\\\/autors\\\/amnistia-internacional\\\/\",\"name\":\"Amnist\u00eda Internacional &#8211; IDEES\",\"isPartOf\":{\"@id\":\"https:\\\/\\\/revistaidees.cat\\\/#website\"},\"primaryImageOfPage\":{\"@id\":\"https:\\\/\\\/revistaidees.cat\\\/es\\\/autors\\\/amnistia-internacional\\\/#primaryimage\"},\"image\":{\"@id\":\"https:\\\/\\\/revistaidees.cat\\\/es\\\/autors\\\/amnistia-internacional\\\/#primaryimage\"},\"thumbnailUrl\":\"https:\\\/\\\/i0.wp.com\\\/revistaidees.cat\\\/wp-content\\\/uploads\\\/2021\\\/03\\\/Amnistia-Internacional-Catalunya-def.jpg?fit=674%2C449&ssl=1\",\"datePublished\":\"2021-03-10T12:30:42+00:00\",\"dateModified\":\"2021-03-11T01:07:49+00:00\",\"breadcrumb\":{\"@id\":\"https:\\\/\\\/revistaidees.cat\\\/es\\\/autors\\\/amnistia-internacional\\\/#breadcrumb\"},\"inLanguage\":\"es\",\"potentialAction\":[{\"@type\":\"ReadAction\",\"target\":[\"https:\\\/\\\/revistaidees.cat\\\/es\\\/autors\\\/amnistia-internacional\\\/\"]}]},{\"@type\":\"ImageObject\",\"inLanguage\":\"es\",\"@id\":\"https:\\\/\\\/revistaidees.cat\\\/es\\\/autors\\\/amnistia-internacional\\\/#primaryimage\",\"url\":\"https:\\\/\\\/i0.wp.com\\\/revistaidees.cat\\\/wp-content\\\/uploads\\\/2021\\\/03\\\/Amnistia-Internacional-Catalunya-def.jpg?fit=674%2C449&ssl=1\",\"contentUrl\":\"https:\\\/\\\/i0.wp.com\\\/revistaidees.cat\\\/wp-content\\\/uploads\\\/2021\\\/03\\\/Amnistia-Internacional-Catalunya-def.jpg?fit=674%2C449&ssl=1\",\"width\":674,\"height\":449,\"caption\":\"Amnistia Internacional Catalunya\"},{\"@type\":\"BreadcrumbList\",\"@id\":\"https:\\\/\\\/revistaidees.cat\\\/es\\\/autors\\\/amnistia-internacional\\\/#breadcrumb\",\"itemListElement\":[{\"@type\":\"ListItem\",\"position\":1,\"name\":\"Inici\",\"item\":\"https:\\\/\\\/revistaidees.cat\\\/es\\\/\"},{\"@type\":\"ListItem\",\"position\":2,\"name\":\"Autors\",\"item\":\"https:\\\/\\\/revistaidees.cat\\\/autors\\\/\"},{\"@type\":\"ListItem\",\"position\":3,\"name\":\"Amnist\u00eda Internacional\"}]},{\"@type\":\"WebSite\",\"@id\":\"https:\\\/\\\/revistaidees.cat\\\/#website\",\"url\":\"https:\\\/\\\/revistaidees.cat\\\/\",\"name\":\"IDEES\",\"description\":\"Revista de temas contempor\u00e1neos\",\"potentialAction\":[{\"@type\":\"SearchAction\",\"target\":{\"@type\":\"EntryPoint\",\"urlTemplate\":\"https:\\\/\\\/revistaidees.cat\\\/?s={search_term_string}\"},\"query-input\":{\"@type\":\"PropertyValueSpecification\",\"valueRequired\":true,\"valueName\":\"search_term_string\"}}],\"inLanguage\":\"es\"}]}<\/script>\n<!-- \/ Yoast SEO plugin. -->","yoast_head_json":{"title":"Amnist\u00eda Internacional &#8211; IDEES","robots":{"index":"index","follow":"follow","max-snippet":"max-snippet:-1","max-image-preview":"max-image-preview:large","max-video-preview":"max-video-preview:-1"},"canonical":"https:\/\/revistaidees.cat\/es\/autors\/amnistia-internacional\/","og_locale":"es_ES","og_type":"article","og_title":"Amnist\u00eda Internacional &#8211; IDEES","og_description":"Amnist\u00eda Internacional es una organizaci\u00f3n global en defensa de los derechos humanos, presente en m\u00e1s de 80 pa\u00edses y con m\u00e1s de 7 millones de socios y simpatizantes en todo el mundo, 18.000 de ellos en Catalunya. Amnist\u00eda trabaja con independencia de cualquier gobierno, ideolog\u00eda pol\u00edtica, inter\u00e9s econ\u00f3mico o creencia religiosa para que los derechos humanos sean una realidad para cada vez m\u00e1s personas. La organizaci\u00f3n tiene tres ejes principales de actuaci\u00f3n: investigaci\u00f3n de abusos y vulneraciones de derechos all\u00ed donde se produzcan, movilizaci\u00f3n y activismo e incidencia pol\u00edtica.","og_url":"https:\/\/revistaidees.cat\/es\/autors\/amnistia-internacional\/","og_site_name":"IDEES","article_modified_time":"2021-03-11T01:07:49+00:00","og_image":[{"width":674,"height":449,"url":"https:\/\/i0.wp.com\/revistaidees.cat\/wp-content\/uploads\/2021\/03\/Amnistia-Internacional-Catalunya-def.jpg?fit=674%2C449&ssl=1","type":"image\/jpeg"}],"twitter_card":"summary_large_image","twitter_misc":{"Tiempo de lectura":"1 minuto"},"schema":{"@context":"https:\/\/schema.org","@graph":[{"@type":"WebPage","@id":"https:\/\/revistaidees.cat\/es\/autors\/amnistia-internacional\/","url":"https:\/\/revistaidees.cat\/es\/autors\/amnistia-internacional\/","name":"Amnist\u00eda Internacional &#8211; IDEES","isPartOf":{"@id":"https:\/\/revistaidees.cat\/#website"},"primaryImageOfPage":{"@id":"https:\/\/revistaidees.cat\/es\/autors\/amnistia-internacional\/#primaryimage"},"image":{"@id":"https:\/\/revistaidees.cat\/es\/autors\/amnistia-internacional\/#primaryimage"},"thumbnailUrl":"https:\/\/i0.wp.com\/revistaidees.cat\/wp-content\/uploads\/2021\/03\/Amnistia-Internacional-Catalunya-def.jpg?fit=674%2C449&ssl=1","datePublished":"2021-03-10T12:30:42+00:00","dateModified":"2021-03-11T01:07:49+00:00","breadcrumb":{"@id":"https:\/\/revistaidees.cat\/es\/autors\/amnistia-internacional\/#breadcrumb"},"inLanguage":"es","potentialAction":[{"@type":"ReadAction","target":["https:\/\/revistaidees.cat\/es\/autors\/amnistia-internacional\/"]}]},{"@type":"ImageObject","inLanguage":"es","@id":"https:\/\/revistaidees.cat\/es\/autors\/amnistia-internacional\/#primaryimage","url":"https:\/\/i0.wp.com\/revistaidees.cat\/wp-content\/uploads\/2021\/03\/Amnistia-Internacional-Catalunya-def.jpg?fit=674%2C449&ssl=1","contentUrl":"https:\/\/i0.wp.com\/revistaidees.cat\/wp-content\/uploads\/2021\/03\/Amnistia-Internacional-Catalunya-def.jpg?fit=674%2C449&ssl=1","width":674,"height":449,"caption":"Amnistia Internacional Catalunya"},{"@type":"BreadcrumbList","@id":"https:\/\/revistaidees.cat\/es\/autors\/amnistia-internacional\/#breadcrumb","itemListElement":[{"@type":"ListItem","position":1,"name":"Inici","item":"https:\/\/revistaidees.cat\/es\/"},{"@type":"ListItem","position":2,"name":"Autors","item":"https:\/\/revistaidees.cat\/autors\/"},{"@type":"ListItem","position":3,"name":"Amnist\u00eda Internacional"}]},{"@type":"WebSite","@id":"https:\/\/revistaidees.cat\/#website","url":"https:\/\/revistaidees.cat\/","name":"IDEES","description":"Revista de temas contempor\u00e1neos","potentialAction":[{"@type":"SearchAction","target":{"@type":"EntryPoint","urlTemplate":"https:\/\/revistaidees.cat\/?s={search_term_string}"},"query-input":{"@type":"PropertyValueSpecification","valueRequired":true,"valueName":"search_term_string"}}],"inLanguage":"es"}]}},"jetpack_sharing_enabled":true,"_links":{"self":[{"href":"https:\/\/revistaidees.cat\/es\/wp-json\/wp\/v2\/autors\/36477","targetHints":{"allow":["GET"]}}],"collection":[{"href":"https:\/\/revistaidees.cat\/es\/wp-json\/wp\/v2\/autors"}],"about":[{"href":"https:\/\/revistaidees.cat\/es\/wp-json\/wp\/v2\/types\/autors"}],"version-history":[{"count":3,"href":"https:\/\/revistaidees.cat\/es\/wp-json\/wp\/v2\/autors\/36477\/revisions"}],"predecessor-version":[{"id":36487,"href":"https:\/\/revistaidees.cat\/es\/wp-json\/wp\/v2\/autors\/36477\/revisions\/36487"}],"wp:featuredmedia":[{"embeddable":true,"href":"https:\/\/revistaidees.cat\/es\/wp-json\/wp\/v2\/media\/36361"}],"wp:attachment":[{"href":"https:\/\/revistaidees.cat\/es\/wp-json\/wp\/v2\/media?parent=36477"}],"wp:term":[{"taxonomy":"category_autors","embeddable":true,"href":"https:\/\/revistaidees.cat\/es\/wp-json\/wp\/v2\/category_autors?post=36477"}],"curies":[{"name":"wp","href":"https:\/\/api.w.org\/{rel}","templated":true}]}}

Amnistía Internacional

<p class="wp-block-paragraph">Amnistía Internacional es una organización global en defensa de los derechos humanos, presente en más de 80 países y con más de 7 millones de socios y simpatizantes en todo el mundo, 18.000 de ellos en Catalunya. Amnistía trabaja con independencia de cualquier gobierno, ideología política, interés económico o creencia religiosa para que los derechos humanos sean una realidad para cada vez más personas. La organización tiene tres ejes principales de actuación: investigación de abusos y vulneraciones de derechos allí donde se produzcan, movilización y activismo e incidencia política.</p>

<!-- This site is optimized with the Yoast SEO plugin v28.4 - https://yoast.com/product/yoast-seo-wordpress/ -->
<title>Amnistía Internacional &#8211; IDEES</title>
<meta name="robots" content="index, follow, max-snippet:-1, max-image-preview:large, max-video-preview:-1" />
<link rel="canonical" href="https://revistaidees.cat/es/autors/amnistia-internacional/" />
<meta property="og:locale" content="es_ES" />
<meta property="og:type" content="article" />
<meta property="og:title" content="Amnistía Internacional &#8211; IDEES" />
<meta property="og:description" content="Amnistía Internacional es una organización global en defensa de los derechos humanos, presente en más de 80 países y con más de 7 millones de socios y simpatizantes en todo el mundo, 18.000 de ellos en Catalunya. Amnistía trabaja con independencia de cualquier gobierno, ideología política, interés económico o creencia religiosa para que los derechos humanos sean una realidad para cada vez más personas. La organización tiene tres ejes principales de actuación: investigación de abusos y vulneraciones de derechos allí donde se produzcan, movilización y activismo e incidencia política." />
<meta property="og:url" content="https://revistaidees.cat/es/autors/amnistia-internacional/" />
<meta property="og:site_name" content="IDEES" />
<meta property="article:modified_time" content="2021-03-11T01:07:49+00:00" />
<meta property="og:image" content="https://i0.wp.com/revistaidees.cat/wp-content/uploads/2021/03/Amnistia-Internacional-Catalunya-def.jpg?fit=674%2C449&ssl=1" />
	<meta property="og:image:width" content="674" />
	<meta property="og:image:height" content="449" />
	<meta property="og:image:type" content="image/jpeg" />
<meta name="twitter:card" content="summary_large_image" />
<meta name="twitter:label1" content="Tiempo de lectura" />
	<meta name="twitter:data1" content="1 minuto" />
<script type="application/ld+json" class="yoast-schema-graph">{"@context":"https:\/\/schema.org","@graph":[{"@type":"WebPage","@id":"https:\/\/revistaidees.cat\/es\/autors\/amnistia-internacional\/","url":"https:\/\/revistaidees.cat\/es\/autors\/amnistia-internacional\/","name":"Amnistía Internacional &#8211; IDEES","isPartOf":{"@id":"https:\/\/revistaidees.cat\/#website"},"primaryImageOfPage":{"@id":"https:\/\/revistaidees.cat\/es\/autors\/amnistia-internacional\/#primaryimage"},"image":{"@id":"https:\/\/revistaidees.cat\/es\/autors\/amnistia-internacional\/#primaryimage"},"thumbnailUrl":"https:\/\/i0.wp.com\/revistaidees.cat\/wp-content\/uploads\/2021\/03\/Amnistia-Internacional-Catalunya-def.jpg?fit=674%2C449&ssl=1","datePublished":"2021-03-10T12:30:42+00:00","dateModified":"2021-03-11T01:07:49+00:00","breadcrumb":{"@id":"https:\/\/revistaidees.cat\/es\/autors\/amnistia-internacional\/#breadcrumb"},"inLanguage":"es","potentialAction":[{"@type":"ReadAction","target":["https:\/\/revistaidees.cat\/es\/autors\/amnistia-internacional\/"]}]},{"@type":"ImageObject","inLanguage":"es","@id":"https:\/\/revistaidees.cat\/es\/autors\/amnistia-internacional\/#primaryimage","url":"https:\/\/i0.wp.com\/revistaidees.cat\/wp-content\/uploads\/2021\/03\/Amnistia-Internacional-Catalunya-def.jpg?fit=674%2C449&ssl=1","contentUrl":"https:\/\/i0.wp.com\/revistaidees.cat\/wp-content\/uploads\/2021\/03\/Amnistia-Internacional-Catalunya-def.jpg?fit=674%2C449&ssl=1","width":674,"height":449,"caption":"Amnistia Internacional Catalunya"},{"@type":"BreadcrumbList","@id":"https:\/\/revistaidees.cat\/es\/autors\/amnistia-internacional\/#breadcrumb","itemListElement":[{"@type":"ListItem","position":1,"name":"Inici","item":"https:\/\/revistaidees.cat\/es\/"},{"@type":"ListItem","position":2,"name":"Autors","item":"https:\/\/revistaidees.cat\/autors\/"},{"@type":"ListItem","position":3,"name":"Amnistía Internacional"}]},{"@type":"WebSite","@id":"https:\/\/revistaidees.cat\/#website","url":"https:\/\/revistaidees.cat\/","name":"IDEES","description":"Revista de temas contemporáneos","potentialAction":[{"@type":"SearchAction","target":{"@type":"EntryPoint","urlTemplate":"https:\/\/revistaidees.cat\/?s={search_term_string}"},"query-input":{"@type":"PropertyValueSpecification","valueRequired":true,"valueName":"search_term_string"}}],"inLanguage":"es"}]}</script>
<!-- / Yoast SEO plugin. -->

Amnistía Internacional &#8211; IDEES

Amnistía Internacional es una organización global en defensa de los derechos humanos, presente en más de 80 países y con más de 7 millones de socios y simpatizantes en todo el mundo, 18.000 de ellos en Catalunya. Amnistía trabaja con independencia de cualquier gobierno, ideología política, interés económico o creencia religiosa para que los derechos humanos sean una realidad para cada vez más personas. La organización tiene tres ejes principales de actuación: investigación de abusos y vulneraciones de derechos allí donde se produzcan, movilización y activismo e incidencia política.

Revista de temas contemporáneos
