{"id":37208,"date":"2021-03-18T15:34:59","date_gmt":"2021-03-18T15:34:59","guid":{"rendered":"https:\/\/revistaidees.cat\/?post_type=autors&#038;p=37208"},"modified":"2021-03-23T17:39:27","modified_gmt":"2021-03-23T17:39:27","slug":"jose-fernandez-albertos","status":"publish","type":"autors","link":"https:\/\/revistaidees.cat\/es\/autors\/jose-fernandez-albertos\/","title":{"rendered":"Jos\u00e9 Fern\u00e1ndez Albertos"},"content":{"rendered":"\n<p>Jos\u00e9 Fern\u00e1ndez Albertos es polit\u00f3logo. Actualmente, es investigador permanente en el Instituto de Pol\u00edticas y Bienes P\u00fablicos del Consejo Superior de Investigaciones Cient\u00edficas (CSIC). Sus l\u00edneas de investigaci\u00f3n se centran en los \u00e1mbitos de la pol\u00edtica comparada y la econom\u00eda pol\u00edtica internacional. Doctor en Ciencias Pol\u00edticas por la Universidad de Harvard, es miembro-doctor por el Centro de Estudios Avanzados en Ciencias Sociales del Instituto Juan March y cuenta con un Diploma de Estudios Avanzados por la Universidad Complutense de Madrid. Es autor de numerosos art\u00edculos acad\u00e9micos y ha escrito libros como <em>Los votantes de Podemos. Del partido de los indignados al partido de los excluidos<\/em> (2015), <em>Democracia Intervenida. Pol\u00edticas econ\u00f3micas en la gran recesi\u00f3n<\/em> (2012) y <em>Democracia, instituciones y pol\u00edtica econ\u00f3mica<\/em> (2010).<\/p>\n","protected":false},"featured_media":37206,"template":"","category_autors":[],"class_list":["post-37208","autors","type-autors","status-publish","has-post-thumbnail","hentry"],"acf":[],"yoast_head":"<!-- This site is optimized with the Yoast SEO plugin v27.4 - https:\/\/yoast.com\/product\/yoast-seo-wordpress\/ -->\n<title>Jos\u00e9 Fern\u00e1ndez Albertos &#8211; IDEES<\/title>\n<meta name=\"robots\" content=\"index, follow, max-snippet:-1, max-image-preview:large, max-video-preview:-1\" \/>\n<link rel=\"canonical\" href=\"https:\/\/revistaidees.cat\/es\/autors\/jose-fernandez-albertos\/\" \/>\n<meta property=\"og:locale\" content=\"es_ES\" \/>\n<meta property=\"og:type\" content=\"article\" \/>\n<meta property=\"og:title\" content=\"Jos\u00e9 Fern\u00e1ndez Albertos &#8211; IDEES\" \/>\n<meta property=\"og:description\" content=\"Jos\u00e9 Fern\u00e1ndez Albertos es polit\u00f3logo. Actualmente, es investigador permanente en el Instituto de Pol\u00edticas y Bienes P\u00fablicos del Consejo Superior de Investigaciones Cient\u00edficas (CSIC). Sus l\u00edneas de investigaci\u00f3n se centran en los \u00e1mbitos de la pol\u00edtica comparada y la econom\u00eda pol\u00edtica internacional. Doctor en Ciencias Pol\u00edticas por la Universidad de Harvard, es miembro-doctor por el Centro de Estudios Avanzados en Ciencias Sociales del Instituto Juan March y cuenta con un Diploma de Estudios Avanzados por la Universidad Complutense de Madrid. Es autor de numerosos art\u00edculos acad\u00e9micos y ha escrito libros como Los votantes de Podemos. Del partido de los indignados\u2026\" \/>\n<meta property=\"og:url\" content=\"https:\/\/revistaidees.cat\/es\/autors\/jose-fernandez-albertos\/\" \/>\n<meta property=\"og:site_name\" content=\"IDEES\" \/>\n<meta property=\"article:modified_time\" content=\"2021-03-23T17:39:27+00:00\" \/>\n<meta property=\"og:image\" content=\"https:\/\/i0.wp.com\/revistaidees.cat\/wp-content\/uploads\/2021\/02\/Jose-Fernandez-Albertos.jpg?fit=381%2C265&ssl=1\" \/>\n\t<meta property=\"og:image:width\" content=\"381\" \/>\n\t<meta property=\"og:image:height\" content=\"265\" \/>\n\t<meta property=\"og:image:type\" content=\"image\/jpeg\" \/>\n<meta name=\"twitter:card\" content=\"summary_large_image\" \/>\n<meta name=\"twitter:label1\" content=\"Tiempo de lectura\" \/>\n\t<meta name=\"twitter:data1\" content=\"1 minuto\" \/>\n<script type=\"application\/ld+json\" class=\"yoast-schema-graph\">{\"@context\":\"https:\\\/\\\/schema.org\",\"@graph\":[{\"@type\":\"WebPage\",\"@id\":\"https:\\\/\\\/revistaidees.cat\\\/es\\\/autors\\\/jose-fernandez-albertos\\\/\",\"url\":\"https:\\\/\\\/revistaidees.cat\\\/es\\\/autors\\\/jose-fernandez-albertos\\\/\",\"name\":\"Jos\u00e9 Fern\u00e1ndez Albertos &#8211; IDEES\",\"isPartOf\":{\"@id\":\"https:\\\/\\\/revistaidees.cat\\\/#website\"},\"primaryImageOfPage\":{\"@id\":\"https:\\\/\\\/revistaidees.cat\\\/es\\\/autors\\\/jose-fernandez-albertos\\\/#primaryimage\"},\"image\":{\"@id\":\"https:\\\/\\\/revistaidees.cat\\\/es\\\/autors\\\/jose-fernandez-albertos\\\/#primaryimage\"},\"thumbnailUrl\":\"https:\\\/\\\/i0.wp.com\\\/revistaidees.cat\\\/wp-content\\\/uploads\\\/2021\\\/02\\\/Jose-Fernandez-Albertos.jpg?fit=381%2C265&ssl=1\",\"datePublished\":\"2021-03-18T15:34:59+00:00\",\"dateModified\":\"2021-03-23T17:39:27+00:00\",\"breadcrumb\":{\"@id\":\"https:\\\/\\\/revistaidees.cat\\\/es\\\/autors\\\/jose-fernandez-albertos\\\/#breadcrumb\"},\"inLanguage\":\"es\",\"potentialAction\":[{\"@type\":\"ReadAction\",\"target\":[\"https:\\\/\\\/revistaidees.cat\\\/es\\\/autors\\\/jose-fernandez-albertos\\\/\"]}]},{\"@type\":\"ImageObject\",\"inLanguage\":\"es\",\"@id\":\"https:\\\/\\\/revistaidees.cat\\\/es\\\/autors\\\/jose-fernandez-albertos\\\/#primaryimage\",\"url\":\"https:\\\/\\\/i0.wp.com\\\/revistaidees.cat\\\/wp-content\\\/uploads\\\/2021\\\/02\\\/Jose-Fernandez-Albertos.jpg?fit=381%2C265&ssl=1\",\"contentUrl\":\"https:\\\/\\\/i0.wp.com\\\/revistaidees.cat\\\/wp-content\\\/uploads\\\/2021\\\/02\\\/Jose-Fernandez-Albertos.jpg?fit=381%2C265&ssl=1\",\"width\":381,\"height\":265},{\"@type\":\"BreadcrumbList\",\"@id\":\"https:\\\/\\\/revistaidees.cat\\\/es\\\/autors\\\/jose-fernandez-albertos\\\/#breadcrumb\",\"itemListElement\":[{\"@type\":\"ListItem\",\"position\":1,\"name\":\"Inici\",\"item\":\"https:\\\/\\\/revistaidees.cat\\\/es\\\/\"},{\"@type\":\"ListItem\",\"position\":2,\"name\":\"Autors\",\"item\":\"https:\\\/\\\/revistaidees.cat\\\/autors\\\/\"},{\"@type\":\"ListItem\",\"position\":3,\"name\":\"Jos\u00e9 Fern\u00e1ndez Albertos\"}]},{\"@type\":\"WebSite\",\"@id\":\"https:\\\/\\\/revistaidees.cat\\\/#website\",\"url\":\"https:\\\/\\\/revistaidees.cat\\\/\",\"name\":\"IDEES\",\"description\":\"Revista de temas contempor\u00e1neos\",\"potentialAction\":[{\"@type\":\"SearchAction\",\"target\":{\"@type\":\"EntryPoint\",\"urlTemplate\":\"https:\\\/\\\/revistaidees.cat\\\/?s={search_term_string}\"},\"query-input\":{\"@type\":\"PropertyValueSpecification\",\"valueRequired\":true,\"valueName\":\"search_term_string\"}}],\"inLanguage\":\"es\"}]}<\/script>\n<!-- \/ Yoast SEO plugin. -->","yoast_head_json":{"title":"Jos\u00e9 Fern\u00e1ndez Albertos &#8211; IDEES","robots":{"index":"index","follow":"follow","max-snippet":"max-snippet:-1","max-image-preview":"max-image-preview:large","max-video-preview":"max-video-preview:-1"},"canonical":"https:\/\/revistaidees.cat\/es\/autors\/jose-fernandez-albertos\/","og_locale":"es_ES","og_type":"article","og_title":"Jos\u00e9 Fern\u00e1ndez Albertos &#8211; IDEES","og_description":"Jos\u00e9 Fern\u00e1ndez Albertos es polit\u00f3logo. Actualmente, es investigador permanente en el Instituto de Pol\u00edticas y Bienes P\u00fablicos del Consejo Superior de Investigaciones Cient\u00edficas (CSIC). Sus l\u00edneas de investigaci\u00f3n se centran en los \u00e1mbitos de la pol\u00edtica comparada y la econom\u00eda pol\u00edtica internacional. Doctor en Ciencias Pol\u00edticas por la Universidad de Harvard, es miembro-doctor por el Centro de Estudios Avanzados en Ciencias Sociales del Instituto Juan March y cuenta con un Diploma de Estudios Avanzados por la Universidad Complutense de Madrid. Es autor de numerosos art\u00edculos acad\u00e9micos y ha escrito libros como Los votantes de Podemos. Del partido de los indignados\u2026","og_url":"https:\/\/revistaidees.cat\/es\/autors\/jose-fernandez-albertos\/","og_site_name":"IDEES","article_modified_time":"2021-03-23T17:39:27+00:00","og_image":[{"width":381,"height":265,"url":"https:\/\/i0.wp.com\/revistaidees.cat\/wp-content\/uploads\/2021\/02\/Jose-Fernandez-Albertos.jpg?fit=381%2C265&ssl=1","type":"image\/jpeg"}],"twitter_card":"summary_large_image","twitter_misc":{"Tiempo de lectura":"1 minuto"},"schema":{"@context":"https:\/\/schema.org","@graph":[{"@type":"WebPage","@id":"https:\/\/revistaidees.cat\/es\/autors\/jose-fernandez-albertos\/","url":"https:\/\/revistaidees.cat\/es\/autors\/jose-fernandez-albertos\/","name":"Jos\u00e9 Fern\u00e1ndez Albertos &#8211; IDEES","isPartOf":{"@id":"https:\/\/revistaidees.cat\/#website"},"primaryImageOfPage":{"@id":"https:\/\/revistaidees.cat\/es\/autors\/jose-fernandez-albertos\/#primaryimage"},"image":{"@id":"https:\/\/revistaidees.cat\/es\/autors\/jose-fernandez-albertos\/#primaryimage"},"thumbnailUrl":"https:\/\/i0.wp.com\/revistaidees.cat\/wp-content\/uploads\/2021\/02\/Jose-Fernandez-Albertos.jpg?fit=381%2C265&ssl=1","datePublished":"2021-03-18T15:34:59+00:00","dateModified":"2021-03-23T17:39:27+00:00","breadcrumb":{"@id":"https:\/\/revistaidees.cat\/es\/autors\/jose-fernandez-albertos\/#breadcrumb"},"inLanguage":"es","potentialAction":[{"@type":"ReadAction","target":["https:\/\/revistaidees.cat\/es\/autors\/jose-fernandez-albertos\/"]}]},{"@type":"ImageObject","inLanguage":"es","@id":"https:\/\/revistaidees.cat\/es\/autors\/jose-fernandez-albertos\/#primaryimage","url":"https:\/\/i0.wp.com\/revistaidees.cat\/wp-content\/uploads\/2021\/02\/Jose-Fernandez-Albertos.jpg?fit=381%2C265&ssl=1","contentUrl":"https:\/\/i0.wp.com\/revistaidees.cat\/wp-content\/uploads\/2021\/02\/Jose-Fernandez-Albertos.jpg?fit=381%2C265&ssl=1","width":381,"height":265},{"@type":"BreadcrumbList","@id":"https:\/\/revistaidees.cat\/es\/autors\/jose-fernandez-albertos\/#breadcrumb","itemListElement":[{"@type":"ListItem","position":1,"name":"Inici","item":"https:\/\/revistaidees.cat\/es\/"},{"@type":"ListItem","position":2,"name":"Autors","item":"https:\/\/revistaidees.cat\/autors\/"},{"@type":"ListItem","position":3,"name":"Jos\u00e9 Fern\u00e1ndez Albertos"}]},{"@type":"WebSite","@id":"https:\/\/revistaidees.cat\/#website","url":"https:\/\/revistaidees.cat\/","name":"IDEES","description":"Revista de temas contempor\u00e1neos","potentialAction":[{"@type":"SearchAction","target":{"@type":"EntryPoint","urlTemplate":"https:\/\/revistaidees.cat\/?s={search_term_string}"},"query-input":{"@type":"PropertyValueSpecification","valueRequired":true,"valueName":"search_term_string"}}],"inLanguage":"es"}]}},"jetpack_sharing_enabled":true,"_links":{"self":[{"href":"https:\/\/revistaidees.cat\/es\/wp-json\/wp\/v2\/autors\/37208","targetHints":{"allow":["GET"]}}],"collection":[{"href":"https:\/\/revistaidees.cat\/es\/wp-json\/wp\/v2\/autors"}],"about":[{"href":"https:\/\/revistaidees.cat\/es\/wp-json\/wp\/v2\/types\/autors"}],"version-history":[{"count":1,"href":"https:\/\/revistaidees.cat\/es\/wp-json\/wp\/v2\/autors\/37208\/revisions"}],"predecessor-version":[{"id":37209,"href":"https:\/\/revistaidees.cat\/es\/wp-json\/wp\/v2\/autors\/37208\/revisions\/37209"}],"wp:featuredmedia":[{"embeddable":true,"href":"https:\/\/revistaidees.cat\/es\/wp-json\/wp\/v2\/media\/37206"}],"wp:attachment":[{"href":"https:\/\/revistaidees.cat\/es\/wp-json\/wp\/v2\/media?parent=37208"}],"wp:term":[{"taxonomy":"category_autors","embeddable":true,"href":"https:\/\/revistaidees.cat\/es\/wp-json\/wp\/v2\/category_autors?post=37208"}],"curies":[{"name":"wp","href":"https:\/\/api.w.org\/{rel}","templated":true}]}}

José Fernández Albertos

<p>José Fernández Albertos es politólogo. Actualmente, es investigador permanente en el Instituto de Políticas y Bienes Públicos del Consejo Superior de Investigaciones Científicas (CSIC). Sus líneas de investigación se centran en los ámbitos de la política comparada y la economía política internacional. Doctor en Ciencias Políticas por la Universidad de Harvard, es miembro-doctor por el Centro de Estudios Avanzados en Ciencias Sociales del Instituto Juan March y cuenta con un Diploma de Estudios Avanzados por la Universidad Complutense de Madrid. Es autor de numerosos artículos académicos y ha escrito libros como <em>Los votantes de Podemos. Del partido de los indignados al partido de los excluidos</em> (2015), <em>Democracia Intervenida. Políticas económicas en la gran recesión</em> (2012) y <em>Democracia, instituciones y política económica</em> (2010).</p>

<!-- This site is optimized with the Yoast SEO plugin v27.4 - https://yoast.com/product/yoast-seo-wordpress/ -->
<title>José Fernández Albertos &#8211; IDEES</title>
<meta name="robots" content="index, follow, max-snippet:-1, max-image-preview:large, max-video-preview:-1" />
<link rel="canonical" href="https://revistaidees.cat/es/autors/jose-fernandez-albertos/" />
<meta property="og:locale" content="es_ES" />
<meta property="og:type" content="article" />
<meta property="og:title" content="José Fernández Albertos &#8211; IDEES" />
<meta property="og:description" content="José Fernández Albertos es politólogo. Actualmente, es investigador permanente en el Instituto de Políticas y Bienes Públicos del Consejo Superior de Investigaciones Científicas (CSIC). Sus líneas de investigación se centran en los ámbitos de la política comparada y la economía política internacional. Doctor en Ciencias Políticas por la Universidad de Harvard, es miembro-doctor por el Centro de Estudios Avanzados en Ciencias Sociales del Instituto Juan March y cuenta con un Diploma de Estudios Avanzados por la Universidad Complutense de Madrid. Es autor de numerosos artículos académicos y ha escrito libros como Los votantes de Podemos. Del partido de los indignados…" />
<meta property="og:url" content="https://revistaidees.cat/es/autors/jose-fernandez-albertos/" />
<meta property="og:site_name" content="IDEES" />
<meta property="article:modified_time" content="2021-03-23T17:39:27+00:00" />
<meta property="og:image" content="https://i0.wp.com/revistaidees.cat/wp-content/uploads/2021/02/Jose-Fernandez-Albertos.jpg?fit=381%2C265&ssl=1" />
	<meta property="og:image:width" content="381" />
	<meta property="og:image:height" content="265" />
	<meta property="og:image:type" content="image/jpeg" />
<meta name="twitter:card" content="summary_large_image" />
<meta name="twitter:label1" content="Tiempo de lectura" />
	<meta name="twitter:data1" content="1 minuto" />
<script type="application/ld+json" class="yoast-schema-graph">{"@context":"https:\/\/schema.org","@graph":[{"@type":"WebPage","@id":"https:\/\/revistaidees.cat\/es\/autors\/jose-fernandez-albertos\/","url":"https:\/\/revistaidees.cat\/es\/autors\/jose-fernandez-albertos\/","name":"José Fernández Albertos &#8211; IDEES","isPartOf":{"@id":"https:\/\/revistaidees.cat\/#website"},"primaryImageOfPage":{"@id":"https:\/\/revistaidees.cat\/es\/autors\/jose-fernandez-albertos\/#primaryimage"},"image":{"@id":"https:\/\/revistaidees.cat\/es\/autors\/jose-fernandez-albertos\/#primaryimage"},"thumbnailUrl":"https:\/\/i0.wp.com\/revistaidees.cat\/wp-content\/uploads\/2021\/02\/Jose-Fernandez-Albertos.jpg?fit=381%2C265&ssl=1","datePublished":"2021-03-18T15:34:59+00:00","dateModified":"2021-03-23T17:39:27+00:00","breadcrumb":{"@id":"https:\/\/revistaidees.cat\/es\/autors\/jose-fernandez-albertos\/#breadcrumb"},"inLanguage":"es","potentialAction":[{"@type":"ReadAction","target":["https:\/\/revistaidees.cat\/es\/autors\/jose-fernandez-albertos\/"]}]},{"@type":"ImageObject","inLanguage":"es","@id":"https:\/\/revistaidees.cat\/es\/autors\/jose-fernandez-albertos\/#primaryimage","url":"https:\/\/i0.wp.com\/revistaidees.cat\/wp-content\/uploads\/2021\/02\/Jose-Fernandez-Albertos.jpg?fit=381%2C265&ssl=1","contentUrl":"https:\/\/i0.wp.com\/revistaidees.cat\/wp-content\/uploads\/2021\/02\/Jose-Fernandez-Albertos.jpg?fit=381%2C265&ssl=1","width":381,"height":265},{"@type":"BreadcrumbList","@id":"https:\/\/revistaidees.cat\/es\/autors\/jose-fernandez-albertos\/#breadcrumb","itemListElement":[{"@type":"ListItem","position":1,"name":"Inici","item":"https:\/\/revistaidees.cat\/es\/"},{"@type":"ListItem","position":2,"name":"Autors","item":"https:\/\/revistaidees.cat\/autors\/"},{"@type":"ListItem","position":3,"name":"José Fernández Albertos"}]},{"@type":"WebSite","@id":"https:\/\/revistaidees.cat\/#website","url":"https:\/\/revistaidees.cat\/","name":"IDEES","description":"Revista de temas contemporáneos","potentialAction":[{"@type":"SearchAction","target":{"@type":"EntryPoint","urlTemplate":"https:\/\/revistaidees.cat\/?s={search_term_string}"},"query-input":{"@type":"PropertyValueSpecification","valueRequired":true,"valueName":"search_term_string"}}],"inLanguage":"es"}]}</script>
<!-- / Yoast SEO plugin. -->

José Fernández Albertos &#8211; IDEES

José Fernández Albertos es politólogo. Actualmente, es investigador permanente en el Instituto de Políticas y Bienes Públicos del Consejo Superior de Investigaciones Científicas (CSIC). Sus líneas de investigación se centran en los ámbitos de la política comparada y la economía política internacional. Doctor en Ciencias Políticas por la Universidad de Harvard, es miembro-doctor por el Centro de Estudios Avanzados en Ciencias Sociales del Instituto Juan March y cuenta con un Diploma de Estudios Avanzados por la Universidad Complutense de Madrid. Es autor de numerosos artículos académicos y ha escrito libros como Los votantes de Podemos. Del partido de los indignados…

Revista de temas contemporáneos
