{"id":41185,"date":"2021-05-06T09:19:31","date_gmt":"2021-05-06T09:19:31","guid":{"rendered":"https:\/\/revistaidees.cat\/autors\/laura-viladevall-corominas\/"},"modified":"2021-05-10T11:40:52","modified_gmt":"2021-05-10T11:40:52","slug":"laura-viladevall-corominas","status":"publish","type":"autors","link":"https:\/\/revistaidees.cat\/es\/autors\/laura-viladevall-corominas\/","title":{"rendered":"Laura Viladevall Corominas"},"content":{"rendered":"\n<p>Laura Viladevall Corominas es t\u00e9cnica del \u00e1rea de incidencia pol\u00edtica de la entidad Creaci\u00f3n Positiva, principalmente en relaci\u00f3n a la implementaci\u00f3n de la Agenda 2030 y otras agendas e instrumentos internacionales de derechos humanos de las mujeres en Catalunya, el Estado espa\u00f1ol, Europa y Naciones Unidas. Forma parte del equipo coordinador de la Plataforma Agenda 2030 Feminista. Es Licenciada en Ciencias Pol\u00edticas y de la Administraci\u00f3n por la Universitat Aut\u00f2noma de Barcelona y tiene un M\u00e1ster en Derechos Humanos y Democracia por la Universitat Oberta de Catalunya. Ha desarrollado proyectos de participaci\u00f3n ciudadana (principalmente de infancia) en Catalunya; ha gestionado y coordinado proyectos de cooperaci\u00f3n europeos, entre otros, para la garant\u00eda de los derechos de las mujeres en El Salvador (ISDEMU y Programa Ciudad Mujer), y ha trabajado para el Gobierno de Argentina en Naciones Unidas.<\/p>\n","protected":false},"featured_media":41248,"template":"","category_autors":[],"class_list":["post-41185","autors","type-autors","status-publish","has-post-thumbnail","hentry"],"acf":[],"yoast_head":"<!-- This site is optimized with the Yoast SEO plugin v27.4 - https:\/\/yoast.com\/product\/yoast-seo-wordpress\/ -->\n<title>Laura Viladevall Corominas &#8211; IDEES<\/title>\n<meta name=\"robots\" content=\"index, follow, max-snippet:-1, max-image-preview:large, max-video-preview:-1\" \/>\n<link rel=\"canonical\" href=\"https:\/\/revistaidees.cat\/es\/autors\/laura-viladevall-corominas\/\" \/>\n<meta property=\"og:locale\" content=\"es_ES\" \/>\n<meta property=\"og:type\" content=\"article\" \/>\n<meta property=\"og:title\" content=\"Laura Viladevall Corominas &#8211; IDEES\" \/>\n<meta property=\"og:description\" content=\"Laura Viladevall Corominas es t\u00e9cnica del \u00e1rea de incidencia pol\u00edtica de la entidad Creaci\u00f3n Positiva, principalmente en relaci\u00f3n a la implementaci\u00f3n de la Agenda 2030 y otras agendas e instrumentos internacionales de derechos humanos de las mujeres en Catalunya, el Estado espa\u00f1ol, Europa y Naciones Unidas. Forma parte del equipo coordinador de la Plataforma Agenda 2030 Feminista. Es Licenciada en Ciencias Pol\u00edticas y de la Administraci\u00f3n por la Universitat Aut\u00f2noma de Barcelona y tiene un M\u00e1ster en Derechos Humanos y Democracia por la Universitat Oberta de Catalunya. Ha desarrollado proyectos de participaci\u00f3n ciudadana (principalmente de infancia) en Catalunya; ha gestionado\u2026\" \/>\n<meta property=\"og:url\" content=\"https:\/\/revistaidees.cat\/es\/autors\/laura-viladevall-corominas\/\" \/>\n<meta property=\"og:site_name\" content=\"IDEES\" \/>\n<meta property=\"article:modified_time\" content=\"2021-05-10T11:40:52+00:00\" \/>\n<meta property=\"og:image\" content=\"https:\/\/i0.wp.com\/revistaidees.cat\/wp-content\/uploads\/2021\/05\/Laura-Viladevall.png?fit=1600%2C900&ssl=1\" \/>\n\t<meta property=\"og:image:width\" content=\"1600\" \/>\n\t<meta property=\"og:image:height\" content=\"900\" \/>\n\t<meta property=\"og:image:type\" content=\"image\/png\" \/>\n<meta name=\"twitter:card\" content=\"summary_large_image\" \/>\n<meta name=\"twitter:label1\" content=\"Tiempo de lectura\" \/>\n\t<meta name=\"twitter:data1\" content=\"1 minuto\" \/>\n<script type=\"application\/ld+json\" class=\"yoast-schema-graph\">{\"@context\":\"https:\\\/\\\/schema.org\",\"@graph\":[{\"@type\":\"WebPage\",\"@id\":\"https:\\\/\\\/revistaidees.cat\\\/es\\\/autors\\\/laura-viladevall-corominas\\\/\",\"url\":\"https:\\\/\\\/revistaidees.cat\\\/es\\\/autors\\\/laura-viladevall-corominas\\\/\",\"name\":\"Laura Viladevall Corominas &#8211; IDEES\",\"isPartOf\":{\"@id\":\"https:\\\/\\\/revistaidees.cat\\\/#website\"},\"primaryImageOfPage\":{\"@id\":\"https:\\\/\\\/revistaidees.cat\\\/es\\\/autors\\\/laura-viladevall-corominas\\\/#primaryimage\"},\"image\":{\"@id\":\"https:\\\/\\\/revistaidees.cat\\\/es\\\/autors\\\/laura-viladevall-corominas\\\/#primaryimage\"},\"thumbnailUrl\":\"https:\\\/\\\/i0.wp.com\\\/revistaidees.cat\\\/wp-content\\\/uploads\\\/2021\\\/05\\\/Laura-Viladevall.png?fit=1600%2C900&ssl=1\",\"datePublished\":\"2021-05-06T09:19:31+00:00\",\"dateModified\":\"2021-05-10T11:40:52+00:00\",\"breadcrumb\":{\"@id\":\"https:\\\/\\\/revistaidees.cat\\\/es\\\/autors\\\/laura-viladevall-corominas\\\/#breadcrumb\"},\"inLanguage\":\"es\",\"potentialAction\":[{\"@type\":\"ReadAction\",\"target\":[\"https:\\\/\\\/revistaidees.cat\\\/es\\\/autors\\\/laura-viladevall-corominas\\\/\"]}]},{\"@type\":\"ImageObject\",\"inLanguage\":\"es\",\"@id\":\"https:\\\/\\\/revistaidees.cat\\\/es\\\/autors\\\/laura-viladevall-corominas\\\/#primaryimage\",\"url\":\"https:\\\/\\\/i0.wp.com\\\/revistaidees.cat\\\/wp-content\\\/uploads\\\/2021\\\/05\\\/Laura-Viladevall.png?fit=1600%2C900&ssl=1\",\"contentUrl\":\"https:\\\/\\\/i0.wp.com\\\/revistaidees.cat\\\/wp-content\\\/uploads\\\/2021\\\/05\\\/Laura-Viladevall.png?fit=1600%2C900&ssl=1\",\"width\":1600,\"height\":900},{\"@type\":\"BreadcrumbList\",\"@id\":\"https:\\\/\\\/revistaidees.cat\\\/es\\\/autors\\\/laura-viladevall-corominas\\\/#breadcrumb\",\"itemListElement\":[{\"@type\":\"ListItem\",\"position\":1,\"name\":\"Inici\",\"item\":\"https:\\\/\\\/revistaidees.cat\\\/es\\\/\"},{\"@type\":\"ListItem\",\"position\":2,\"name\":\"Autors\",\"item\":\"https:\\\/\\\/revistaidees.cat\\\/autors\\\/\"},{\"@type\":\"ListItem\",\"position\":3,\"name\":\"Laura Viladevall Corominas\"}]},{\"@type\":\"WebSite\",\"@id\":\"https:\\\/\\\/revistaidees.cat\\\/#website\",\"url\":\"https:\\\/\\\/revistaidees.cat\\\/\",\"name\":\"IDEES\",\"description\":\"Revista de temas contempor\u00e1neos\",\"potentialAction\":[{\"@type\":\"SearchAction\",\"target\":{\"@type\":\"EntryPoint\",\"urlTemplate\":\"https:\\\/\\\/revistaidees.cat\\\/?s={search_term_string}\"},\"query-input\":{\"@type\":\"PropertyValueSpecification\",\"valueRequired\":true,\"valueName\":\"search_term_string\"}}],\"inLanguage\":\"es\"}]}<\/script>\n<!-- \/ Yoast SEO plugin. -->","yoast_head_json":{"title":"Laura Viladevall Corominas &#8211; IDEES","robots":{"index":"index","follow":"follow","max-snippet":"max-snippet:-1","max-image-preview":"max-image-preview:large","max-video-preview":"max-video-preview:-1"},"canonical":"https:\/\/revistaidees.cat\/es\/autors\/laura-viladevall-corominas\/","og_locale":"es_ES","og_type":"article","og_title":"Laura Viladevall Corominas &#8211; IDEES","og_description":"Laura Viladevall Corominas es t\u00e9cnica del \u00e1rea de incidencia pol\u00edtica de la entidad Creaci\u00f3n Positiva, principalmente en relaci\u00f3n a la implementaci\u00f3n de la Agenda 2030 y otras agendas e instrumentos internacionales de derechos humanos de las mujeres en Catalunya, el Estado espa\u00f1ol, Europa y Naciones Unidas. Forma parte del equipo coordinador de la Plataforma Agenda 2030 Feminista. Es Licenciada en Ciencias Pol\u00edticas y de la Administraci\u00f3n por la Universitat Aut\u00f2noma de Barcelona y tiene un M\u00e1ster en Derechos Humanos y Democracia por la Universitat Oberta de Catalunya. Ha desarrollado proyectos de participaci\u00f3n ciudadana (principalmente de infancia) en Catalunya; ha gestionado\u2026","og_url":"https:\/\/revistaidees.cat\/es\/autors\/laura-viladevall-corominas\/","og_site_name":"IDEES","article_modified_time":"2021-05-10T11:40:52+00:00","og_image":[{"width":1600,"height":900,"url":"https:\/\/i0.wp.com\/revistaidees.cat\/wp-content\/uploads\/2021\/05\/Laura-Viladevall.png?fit=1600%2C900&ssl=1","type":"image\/png"}],"twitter_card":"summary_large_image","twitter_misc":{"Tiempo de lectura":"1 minuto"},"schema":{"@context":"https:\/\/schema.org","@graph":[{"@type":"WebPage","@id":"https:\/\/revistaidees.cat\/es\/autors\/laura-viladevall-corominas\/","url":"https:\/\/revistaidees.cat\/es\/autors\/laura-viladevall-corominas\/","name":"Laura Viladevall Corominas &#8211; IDEES","isPartOf":{"@id":"https:\/\/revistaidees.cat\/#website"},"primaryImageOfPage":{"@id":"https:\/\/revistaidees.cat\/es\/autors\/laura-viladevall-corominas\/#primaryimage"},"image":{"@id":"https:\/\/revistaidees.cat\/es\/autors\/laura-viladevall-corominas\/#primaryimage"},"thumbnailUrl":"https:\/\/i0.wp.com\/revistaidees.cat\/wp-content\/uploads\/2021\/05\/Laura-Viladevall.png?fit=1600%2C900&ssl=1","datePublished":"2021-05-06T09:19:31+00:00","dateModified":"2021-05-10T11:40:52+00:00","breadcrumb":{"@id":"https:\/\/revistaidees.cat\/es\/autors\/laura-viladevall-corominas\/#breadcrumb"},"inLanguage":"es","potentialAction":[{"@type":"ReadAction","target":["https:\/\/revistaidees.cat\/es\/autors\/laura-viladevall-corominas\/"]}]},{"@type":"ImageObject","inLanguage":"es","@id":"https:\/\/revistaidees.cat\/es\/autors\/laura-viladevall-corominas\/#primaryimage","url":"https:\/\/i0.wp.com\/revistaidees.cat\/wp-content\/uploads\/2021\/05\/Laura-Viladevall.png?fit=1600%2C900&ssl=1","contentUrl":"https:\/\/i0.wp.com\/revistaidees.cat\/wp-content\/uploads\/2021\/05\/Laura-Viladevall.png?fit=1600%2C900&ssl=1","width":1600,"height":900},{"@type":"BreadcrumbList","@id":"https:\/\/revistaidees.cat\/es\/autors\/laura-viladevall-corominas\/#breadcrumb","itemListElement":[{"@type":"ListItem","position":1,"name":"Inici","item":"https:\/\/revistaidees.cat\/es\/"},{"@type":"ListItem","position":2,"name":"Autors","item":"https:\/\/revistaidees.cat\/autors\/"},{"@type":"ListItem","position":3,"name":"Laura Viladevall Corominas"}]},{"@type":"WebSite","@id":"https:\/\/revistaidees.cat\/#website","url":"https:\/\/revistaidees.cat\/","name":"IDEES","description":"Revista de temas contempor\u00e1neos","potentialAction":[{"@type":"SearchAction","target":{"@type":"EntryPoint","urlTemplate":"https:\/\/revistaidees.cat\/?s={search_term_string}"},"query-input":{"@type":"PropertyValueSpecification","valueRequired":true,"valueName":"search_term_string"}}],"inLanguage":"es"}]}},"jetpack_sharing_enabled":true,"_links":{"self":[{"href":"https:\/\/revistaidees.cat\/es\/wp-json\/wp\/v2\/autors\/41185","targetHints":{"allow":["GET"]}}],"collection":[{"href":"https:\/\/revistaidees.cat\/es\/wp-json\/wp\/v2\/autors"}],"about":[{"href":"https:\/\/revistaidees.cat\/es\/wp-json\/wp\/v2\/types\/autors"}],"version-history":[{"count":2,"href":"https:\/\/revistaidees.cat\/es\/wp-json\/wp\/v2\/autors\/41185\/revisions"}],"predecessor-version":[{"id":41316,"href":"https:\/\/revistaidees.cat\/es\/wp-json\/wp\/v2\/autors\/41185\/revisions\/41316"}],"wp:featuredmedia":[{"embeddable":true,"href":"https:\/\/revistaidees.cat\/es\/wp-json\/wp\/v2\/media\/41248"}],"wp:attachment":[{"href":"https:\/\/revistaidees.cat\/es\/wp-json\/wp\/v2\/media?parent=41185"}],"wp:term":[{"taxonomy":"category_autors","embeddable":true,"href":"https:\/\/revistaidees.cat\/es\/wp-json\/wp\/v2\/category_autors?post=41185"}],"curies":[{"name":"wp","href":"https:\/\/api.w.org\/{rel}","templated":true}]}}

<p>Laura Viladevall Corominas es técnica del área de incidencia política de la entidad Creación Positiva, principalmente en relación a la implementación de la Agenda 2030 y otras agendas e instrumentos internacionales de derechos humanos de las mujeres en Catalunya, el Estado español, Europa y Naciones Unidas. Forma parte del equipo coordinador de la Plataforma Agenda 2030 Feminista. Es Licenciada en Ciencias Políticas y de la Administración por la Universitat Autònoma de Barcelona y tiene un Máster en Derechos Humanos y Democracia por la Universitat Oberta de Catalunya. Ha desarrollado proyectos de participación ciudadana (principalmente de infancia) en Catalunya; ha gestionado y coordinado proyectos de cooperación europeos, entre otros, para la garantía de los derechos de las mujeres en El Salvador (ISDEMU y Programa Ciudad Mujer), y ha trabajado para el Gobierno de Argentina en Naciones Unidas.</p>

<!-- This site is optimized with the Yoast SEO plugin v27.4 - https://yoast.com/product/yoast-seo-wordpress/ -->
<title>Laura Viladevall Corominas &#8211; IDEES</title>
<meta name="robots" content="index, follow, max-snippet:-1, max-image-preview:large, max-video-preview:-1" />
<link rel="canonical" href="https://revistaidees.cat/es/autors/laura-viladevall-corominas/" />
<meta property="og:locale" content="es_ES" />
<meta property="og:type" content="article" />
<meta property="og:title" content="Laura Viladevall Corominas &#8211; IDEES" />
<meta property="og:description" content="Laura Viladevall Corominas es técnica del área de incidencia política de la entidad Creación Positiva, principalmente en relación a la implementación de la Agenda 2030 y otras agendas e instrumentos internacionales de derechos humanos de las mujeres en Catalunya, el Estado español, Europa y Naciones Unidas. Forma parte del equipo coordinador de la Plataforma Agenda 2030 Feminista. Es Licenciada en Ciencias Políticas y de la Administración por la Universitat Autònoma de Barcelona y tiene un Máster en Derechos Humanos y Democracia por la Universitat Oberta de Catalunya. Ha desarrollado proyectos de participación ciudadana (principalmente de infancia) en Catalunya; ha gestionado…" />
<meta property="og:url" content="https://revistaidees.cat/es/autors/laura-viladevall-corominas/" />
<meta property="og:site_name" content="IDEES" />
<meta property="article:modified_time" content="2021-05-10T11:40:52+00:00" />
<meta property="og:image" content="https://i0.wp.com/revistaidees.cat/wp-content/uploads/2021/05/Laura-Viladevall.png?fit=1600%2C900&ssl=1" />
	<meta property="og:image:width" content="1600" />
	<meta property="og:image:height" content="900" />
	<meta property="og:image:type" content="image/png" />
<meta name="twitter:card" content="summary_large_image" />
<meta name="twitter:label1" content="Tiempo de lectura" />
	<meta name="twitter:data1" content="1 minuto" />
<script type="application/ld+json" class="yoast-schema-graph">{"@context":"https:\/\/schema.org","@graph":[{"@type":"WebPage","@id":"https:\/\/revistaidees.cat\/es\/autors\/laura-viladevall-corominas\/","url":"https:\/\/revistaidees.cat\/es\/autors\/laura-viladevall-corominas\/","name":"Laura Viladevall Corominas &#8211; IDEES","isPartOf":{"@id":"https:\/\/revistaidees.cat\/#website"},"primaryImageOfPage":{"@id":"https:\/\/revistaidees.cat\/es\/autors\/laura-viladevall-corominas\/#primaryimage"},"image":{"@id":"https:\/\/revistaidees.cat\/es\/autors\/laura-viladevall-corominas\/#primaryimage"},"thumbnailUrl":"https:\/\/i0.wp.com\/revistaidees.cat\/wp-content\/uploads\/2021\/05\/Laura-Viladevall.png?fit=1600%2C900&ssl=1","datePublished":"2021-05-06T09:19:31+00:00","dateModified":"2021-05-10T11:40:52+00:00","breadcrumb":{"@id":"https:\/\/revistaidees.cat\/es\/autors\/laura-viladevall-corominas\/#breadcrumb"},"inLanguage":"es","potentialAction":[{"@type":"ReadAction","target":["https:\/\/revistaidees.cat\/es\/autors\/laura-viladevall-corominas\/"]}]},{"@type":"ImageObject","inLanguage":"es","@id":"https:\/\/revistaidees.cat\/es\/autors\/laura-viladevall-corominas\/#primaryimage","url":"https:\/\/i0.wp.com\/revistaidees.cat\/wp-content\/uploads\/2021\/05\/Laura-Viladevall.png?fit=1600%2C900&ssl=1","contentUrl":"https:\/\/i0.wp.com\/revistaidees.cat\/wp-content\/uploads\/2021\/05\/Laura-Viladevall.png?fit=1600%2C900&ssl=1","width":1600,"height":900},{"@type":"BreadcrumbList","@id":"https:\/\/revistaidees.cat\/es\/autors\/laura-viladevall-corominas\/#breadcrumb","itemListElement":[{"@type":"ListItem","position":1,"name":"Inici","item":"https:\/\/revistaidees.cat\/es\/"},{"@type":"ListItem","position":2,"name":"Autors","item":"https:\/\/revistaidees.cat\/autors\/"},{"@type":"ListItem","position":3,"name":"Laura Viladevall Corominas"}]},{"@type":"WebSite","@id":"https:\/\/revistaidees.cat\/#website","url":"https:\/\/revistaidees.cat\/","name":"IDEES","description":"Revista de temas contemporáneos","potentialAction":[{"@type":"SearchAction","target":{"@type":"EntryPoint","urlTemplate":"https:\/\/revistaidees.cat\/?s={search_term_string}"},"query-input":{"@type":"PropertyValueSpecification","valueRequired":true,"valueName":"search_term_string"}}],"inLanguage":"es"}]}</script>
<!-- / Yoast SEO plugin. -->

Laura Viladevall Corominas es técnica del área de incidencia política de la entidad Creación Positiva, principalmente en relación a la implementación de la Agenda 2030 y otras agendas e instrumentos internacionales de derechos humanos de las mujeres en Catalunya, el Estado español, Europa y Naciones Unidas. Forma parte del equipo coordinador de la Plataforma Agenda 2030 Feminista. Es Licenciada en Ciencias Políticas y de la Administración por la Universitat Autònoma de Barcelona y tiene un Máster en Derechos Humanos y Democracia por la Universitat Oberta de Catalunya. Ha desarrollado proyectos de participación ciudadana (principalmente de infancia) en Catalunya; ha gestionado…

Revista de temas contemporáneos
