{"id":44326,"date":"2021-07-01T14:49:02","date_gmt":"2021-07-01T14:49:02","guid":{"rendered":"https:\/\/revistaidees.cat\/?post_type=autors&#038;p=44326"},"modified":"2021-07-01T17:50:06","modified_gmt":"2021-07-01T17:50:06","slug":"gemma-torres-delgado","status":"publish","type":"autors","link":"https:\/\/revistaidees.cat\/es\/autors\/gemma-torres-delgado\/","title":{"rendered":"Gemma Torres Delgado"},"content":{"rendered":"\n<p>Gemma Torres Delgado es profesora lectora del departamento de Historia contempor\u00e1nea y Mundo actual de la Universidad de Barcelona. Licenciada en Humanidades, en 2016 obtuvo el t\u00edtulo de doctora en Historia contempor\u00e1nea en la misma universidad. Sus l\u00edneas de investigaci\u00f3n giran alrededor de los estudios coloniales y poscoloniales, los estudios de g\u00e9nero y las masculinidades contempor\u00e1neas. Es integrante del Grupo de Investigaci\u00f3n Multiculturalismo y G\u00e9nero del Centro de Estudios Hist\u00f3ricos Internacionales de la Universidad de Barcelona (GREC-CEHI). Ha participado en varios proyectos de investigaci\u00f3n universitarios sobre g\u00e9nero e inmigraci\u00f3n, turismo y g\u00e9nero e historia de las mujeres. Junto con Mary Nash, ha publicado los libros <em>Los l\u00edmites de la diferencia. Alteridad cultural, g\u00e9nero y pr\u00e1cticas sociales<\/em> (2009) y <em>Feminismos en la Transici\u00f3n<\/em> (2009). Entre sus publicaciones m\u00e1s recientes tambi\u00e9n hay \u00abLa naci\u00f3n viril. Im\u00e1genes masculinas de Espa\u00f1a en el africanismo reaccionario despu\u00e9s de la derrota de Annual\u00bb (2017), \u00abEmociones viriles y la experiencia de la naci\u00f3n imperial en las Guerras del Rif\u00bb (2020) y \u00abLa virilitat d&#8217;Espanya a l&#8217;\u00c0frica. Masculinitat i naci\u00f3 al colonialisme espanyol al Marroc\u00bb (2020).<\/p>\n","protected":false},"featured_media":42931,"template":"","category_autors":[],"class_list":["post-44326","autors","type-autors","status-publish","has-post-thumbnail","hentry"],"acf":[],"yoast_head":"<!-- This site is optimized with the Yoast SEO plugin v27.4 - https:\/\/yoast.com\/product\/yoast-seo-wordpress\/ -->\n<title>Gemma Torres Delgado &#8211; IDEES<\/title>\n<meta name=\"robots\" content=\"index, follow, max-snippet:-1, max-image-preview:large, max-video-preview:-1\" \/>\n<link rel=\"canonical\" href=\"https:\/\/revistaidees.cat\/es\/autors\/gemma-torres-delgado\/\" \/>\n<meta property=\"og:locale\" content=\"es_ES\" \/>\n<meta property=\"og:type\" content=\"article\" \/>\n<meta property=\"og:title\" content=\"Gemma Torres Delgado &#8211; IDEES\" \/>\n<meta property=\"og:description\" content=\"Gemma Torres Delgado es profesora lectora del departamento de Historia contempor\u00e1nea y Mundo actual de la Universidad de Barcelona. Licenciada en Humanidades, en 2016 obtuvo el t\u00edtulo de doctora en Historia contempor\u00e1nea en la misma universidad. Sus l\u00edneas de investigaci\u00f3n giran alrededor de los estudios coloniales y poscoloniales, los estudios de g\u00e9nero y las masculinidades contempor\u00e1neas. Es integrante del Grupo de Investigaci\u00f3n Multiculturalismo y G\u00e9nero del Centro de Estudios Hist\u00f3ricos Internacionales de la Universidad de Barcelona (GREC-CEHI). Ha participado en varios proyectos de investigaci\u00f3n universitarios sobre g\u00e9nero e inmigraci\u00f3n, turismo y g\u00e9nero e historia de las mujeres. Junto con Mary\u2026\" \/>\n<meta property=\"og:url\" content=\"https:\/\/revistaidees.cat\/es\/autors\/gemma-torres-delgado\/\" \/>\n<meta property=\"og:site_name\" content=\"IDEES\" \/>\n<meta property=\"article:modified_time\" content=\"2021-07-01T17:50:06+00:00\" \/>\n<meta property=\"og:image\" content=\"https:\/\/i0.wp.com\/revistaidees.cat\/wp-content\/uploads\/2021\/06\/Gemma-Torres.jpg?fit=931%2C682&ssl=1\" \/>\n\t<meta property=\"og:image:width\" content=\"931\" \/>\n\t<meta property=\"og:image:height\" content=\"682\" \/>\n\t<meta property=\"og:image:type\" content=\"image\/jpeg\" \/>\n<meta name=\"twitter:card\" content=\"summary_large_image\" \/>\n<meta name=\"twitter:label1\" content=\"Tiempo de lectura\" \/>\n\t<meta name=\"twitter:data1\" content=\"1 minuto\" \/>\n<script type=\"application\/ld+json\" class=\"yoast-schema-graph\">{\"@context\":\"https:\\\/\\\/schema.org\",\"@graph\":[{\"@type\":\"WebPage\",\"@id\":\"https:\\\/\\\/revistaidees.cat\\\/es\\\/autors\\\/gemma-torres-delgado\\\/\",\"url\":\"https:\\\/\\\/revistaidees.cat\\\/es\\\/autors\\\/gemma-torres-delgado\\\/\",\"name\":\"Gemma Torres Delgado &#8211; IDEES\",\"isPartOf\":{\"@id\":\"https:\\\/\\\/revistaidees.cat\\\/#website\"},\"primaryImageOfPage\":{\"@id\":\"https:\\\/\\\/revistaidees.cat\\\/es\\\/autors\\\/gemma-torres-delgado\\\/#primaryimage\"},\"image\":{\"@id\":\"https:\\\/\\\/revistaidees.cat\\\/es\\\/autors\\\/gemma-torres-delgado\\\/#primaryimage\"},\"thumbnailUrl\":\"https:\\\/\\\/i0.wp.com\\\/revistaidees.cat\\\/wp-content\\\/uploads\\\/2021\\\/06\\\/Gemma-Torres.jpg?fit=931%2C682&ssl=1\",\"datePublished\":\"2021-07-01T14:49:02+00:00\",\"dateModified\":\"2021-07-01T17:50:06+00:00\",\"breadcrumb\":{\"@id\":\"https:\\\/\\\/revistaidees.cat\\\/es\\\/autors\\\/gemma-torres-delgado\\\/#breadcrumb\"},\"inLanguage\":\"es\",\"potentialAction\":[{\"@type\":\"ReadAction\",\"target\":[\"https:\\\/\\\/revistaidees.cat\\\/es\\\/autors\\\/gemma-torres-delgado\\\/\"]}]},{\"@type\":\"ImageObject\",\"inLanguage\":\"es\",\"@id\":\"https:\\\/\\\/revistaidees.cat\\\/es\\\/autors\\\/gemma-torres-delgado\\\/#primaryimage\",\"url\":\"https:\\\/\\\/i0.wp.com\\\/revistaidees.cat\\\/wp-content\\\/uploads\\\/2021\\\/06\\\/Gemma-Torres.jpg?fit=931%2C682&ssl=1\",\"contentUrl\":\"https:\\\/\\\/i0.wp.com\\\/revistaidees.cat\\\/wp-content\\\/uploads\\\/2021\\\/06\\\/Gemma-Torres.jpg?fit=931%2C682&ssl=1\",\"width\":931,\"height\":682},{\"@type\":\"BreadcrumbList\",\"@id\":\"https:\\\/\\\/revistaidees.cat\\\/es\\\/autors\\\/gemma-torres-delgado\\\/#breadcrumb\",\"itemListElement\":[{\"@type\":\"ListItem\",\"position\":1,\"name\":\"Inici\",\"item\":\"https:\\\/\\\/revistaidees.cat\\\/es\\\/\"},{\"@type\":\"ListItem\",\"position\":2,\"name\":\"Autors\",\"item\":\"https:\\\/\\\/revistaidees.cat\\\/autors\\\/\"},{\"@type\":\"ListItem\",\"position\":3,\"name\":\"Gemma Torres Delgado\"}]},{\"@type\":\"WebSite\",\"@id\":\"https:\\\/\\\/revistaidees.cat\\\/#website\",\"url\":\"https:\\\/\\\/revistaidees.cat\\\/\",\"name\":\"IDEES\",\"description\":\"Revista de temas contempor\u00e1neos\",\"potentialAction\":[{\"@type\":\"SearchAction\",\"target\":{\"@type\":\"EntryPoint\",\"urlTemplate\":\"https:\\\/\\\/revistaidees.cat\\\/?s={search_term_string}\"},\"query-input\":{\"@type\":\"PropertyValueSpecification\",\"valueRequired\":true,\"valueName\":\"search_term_string\"}}],\"inLanguage\":\"es\"}]}<\/script>\n<!-- \/ Yoast SEO plugin. -->","yoast_head_json":{"title":"Gemma Torres Delgado &#8211; IDEES","robots":{"index":"index","follow":"follow","max-snippet":"max-snippet:-1","max-image-preview":"max-image-preview:large","max-video-preview":"max-video-preview:-1"},"canonical":"https:\/\/revistaidees.cat\/es\/autors\/gemma-torres-delgado\/","og_locale":"es_ES","og_type":"article","og_title":"Gemma Torres Delgado &#8211; IDEES","og_description":"Gemma Torres Delgado es profesora lectora del departamento de Historia contempor\u00e1nea y Mundo actual de la Universidad de Barcelona. Licenciada en Humanidades, en 2016 obtuvo el t\u00edtulo de doctora en Historia contempor\u00e1nea en la misma universidad. Sus l\u00edneas de investigaci\u00f3n giran alrededor de los estudios coloniales y poscoloniales, los estudios de g\u00e9nero y las masculinidades contempor\u00e1neas. Es integrante del Grupo de Investigaci\u00f3n Multiculturalismo y G\u00e9nero del Centro de Estudios Hist\u00f3ricos Internacionales de la Universidad de Barcelona (GREC-CEHI). Ha participado en varios proyectos de investigaci\u00f3n universitarios sobre g\u00e9nero e inmigraci\u00f3n, turismo y g\u00e9nero e historia de las mujeres. Junto con Mary\u2026","og_url":"https:\/\/revistaidees.cat\/es\/autors\/gemma-torres-delgado\/","og_site_name":"IDEES","article_modified_time":"2021-07-01T17:50:06+00:00","og_image":[{"width":931,"height":682,"url":"https:\/\/i0.wp.com\/revistaidees.cat\/wp-content\/uploads\/2021\/06\/Gemma-Torres.jpg?fit=931%2C682&ssl=1","type":"image\/jpeg"}],"twitter_card":"summary_large_image","twitter_misc":{"Tiempo de lectura":"1 minuto"},"schema":{"@context":"https:\/\/schema.org","@graph":[{"@type":"WebPage","@id":"https:\/\/revistaidees.cat\/es\/autors\/gemma-torres-delgado\/","url":"https:\/\/revistaidees.cat\/es\/autors\/gemma-torres-delgado\/","name":"Gemma Torres Delgado &#8211; IDEES","isPartOf":{"@id":"https:\/\/revistaidees.cat\/#website"},"primaryImageOfPage":{"@id":"https:\/\/revistaidees.cat\/es\/autors\/gemma-torres-delgado\/#primaryimage"},"image":{"@id":"https:\/\/revistaidees.cat\/es\/autors\/gemma-torres-delgado\/#primaryimage"},"thumbnailUrl":"https:\/\/i0.wp.com\/revistaidees.cat\/wp-content\/uploads\/2021\/06\/Gemma-Torres.jpg?fit=931%2C682&ssl=1","datePublished":"2021-07-01T14:49:02+00:00","dateModified":"2021-07-01T17:50:06+00:00","breadcrumb":{"@id":"https:\/\/revistaidees.cat\/es\/autors\/gemma-torres-delgado\/#breadcrumb"},"inLanguage":"es","potentialAction":[{"@type":"ReadAction","target":["https:\/\/revistaidees.cat\/es\/autors\/gemma-torres-delgado\/"]}]},{"@type":"ImageObject","inLanguage":"es","@id":"https:\/\/revistaidees.cat\/es\/autors\/gemma-torres-delgado\/#primaryimage","url":"https:\/\/i0.wp.com\/revistaidees.cat\/wp-content\/uploads\/2021\/06\/Gemma-Torres.jpg?fit=931%2C682&ssl=1","contentUrl":"https:\/\/i0.wp.com\/revistaidees.cat\/wp-content\/uploads\/2021\/06\/Gemma-Torres.jpg?fit=931%2C682&ssl=1","width":931,"height":682},{"@type":"BreadcrumbList","@id":"https:\/\/revistaidees.cat\/es\/autors\/gemma-torres-delgado\/#breadcrumb","itemListElement":[{"@type":"ListItem","position":1,"name":"Inici","item":"https:\/\/revistaidees.cat\/es\/"},{"@type":"ListItem","position":2,"name":"Autors","item":"https:\/\/revistaidees.cat\/autors\/"},{"@type":"ListItem","position":3,"name":"Gemma Torres Delgado"}]},{"@type":"WebSite","@id":"https:\/\/revistaidees.cat\/#website","url":"https:\/\/revistaidees.cat\/","name":"IDEES","description":"Revista de temas contempor\u00e1neos","potentialAction":[{"@type":"SearchAction","target":{"@type":"EntryPoint","urlTemplate":"https:\/\/revistaidees.cat\/?s={search_term_string}"},"query-input":{"@type":"PropertyValueSpecification","valueRequired":true,"valueName":"search_term_string"}}],"inLanguage":"es"}]}},"jetpack_sharing_enabled":true,"_links":{"self":[{"href":"https:\/\/revistaidees.cat\/es\/wp-json\/wp\/v2\/autors\/44326","targetHints":{"allow":["GET"]}}],"collection":[{"href":"https:\/\/revistaidees.cat\/es\/wp-json\/wp\/v2\/autors"}],"about":[{"href":"https:\/\/revistaidees.cat\/es\/wp-json\/wp\/v2\/types\/autors"}],"version-history":[{"count":2,"href":"https:\/\/revistaidees.cat\/es\/wp-json\/wp\/v2\/autors\/44326\/revisions"}],"predecessor-version":[{"id":44328,"href":"https:\/\/revistaidees.cat\/es\/wp-json\/wp\/v2\/autors\/44326\/revisions\/44328"}],"wp:featuredmedia":[{"embeddable":true,"href":"https:\/\/revistaidees.cat\/es\/wp-json\/wp\/v2\/media\/42931"}],"wp:attachment":[{"href":"https:\/\/revistaidees.cat\/es\/wp-json\/wp\/v2\/media?parent=44326"}],"wp:term":[{"taxonomy":"category_autors","embeddable":true,"href":"https:\/\/revistaidees.cat\/es\/wp-json\/wp\/v2\/category_autors?post=44326"}],"curies":[{"name":"wp","href":"https:\/\/api.w.org\/{rel}","templated":true}]}}

<p>Gemma Torres Delgado es profesora lectora del departamento de Historia contemporánea y Mundo actual de la Universidad de Barcelona. Licenciada en Humanidades, en 2016 obtuvo el título de doctora en Historia contemporánea en la misma universidad. Sus líneas de investigación giran alrededor de los estudios coloniales y poscoloniales, los estudios de género y las masculinidades contemporáneas. Es integrante del Grupo de Investigación Multiculturalismo y Género del Centro de Estudios Históricos Internacionales de la Universidad de Barcelona (GREC-CEHI). Ha participado en varios proyectos de investigación universitarios sobre género e inmigración, turismo y género e historia de las mujeres. Junto con Mary Nash, ha publicado los libros <em>Los límites de la diferencia. Alteridad cultural, género y prácticas sociales</em> (2009) y <em>Feminismos en la Transición</em> (2009). Entre sus publicaciones más recientes también hay «La nación viril. Imágenes masculinas de España en el africanismo reaccionario después de la derrota de Annual» (2017), «Emociones viriles y la experiencia de la nación imperial en las Guerras del Rif» (2020) y «La virilitat d&#8217;Espanya a l&#8217;Àfrica. Masculinitat i nació al colonialisme espanyol al Marroc» (2020).</p>

<!-- This site is optimized with the Yoast SEO plugin v27.4 - https://yoast.com/product/yoast-seo-wordpress/ -->
<title>Gemma Torres Delgado &#8211; IDEES</title>
<meta name="robots" content="index, follow, max-snippet:-1, max-image-preview:large, max-video-preview:-1" />
<link rel="canonical" href="https://revistaidees.cat/es/autors/gemma-torres-delgado/" />
<meta property="og:locale" content="es_ES" />
<meta property="og:type" content="article" />
<meta property="og:title" content="Gemma Torres Delgado &#8211; IDEES" />
<meta property="og:description" content="Gemma Torres Delgado es profesora lectora del departamento de Historia contemporánea y Mundo actual de la Universidad de Barcelona. Licenciada en Humanidades, en 2016 obtuvo el título de doctora en Historia contemporánea en la misma universidad. Sus líneas de investigación giran alrededor de los estudios coloniales y poscoloniales, los estudios de género y las masculinidades contemporáneas. Es integrante del Grupo de Investigación Multiculturalismo y Género del Centro de Estudios Históricos Internacionales de la Universidad de Barcelona (GREC-CEHI). Ha participado en varios proyectos de investigación universitarios sobre género e inmigración, turismo y género e historia de las mujeres. Junto con Mary…" />
<meta property="og:url" content="https://revistaidees.cat/es/autors/gemma-torres-delgado/" />
<meta property="og:site_name" content="IDEES" />
<meta property="article:modified_time" content="2021-07-01T17:50:06+00:00" />
<meta property="og:image" content="https://i0.wp.com/revistaidees.cat/wp-content/uploads/2021/06/Gemma-Torres.jpg?fit=931%2C682&ssl=1" />
	<meta property="og:image:width" content="931" />
	<meta property="og:image:height" content="682" />
	<meta property="og:image:type" content="image/jpeg" />
<meta name="twitter:card" content="summary_large_image" />
<meta name="twitter:label1" content="Tiempo de lectura" />
	<meta name="twitter:data1" content="1 minuto" />
<script type="application/ld+json" class="yoast-schema-graph">{"@context":"https:\/\/schema.org","@graph":[{"@type":"WebPage","@id":"https:\/\/revistaidees.cat\/es\/autors\/gemma-torres-delgado\/","url":"https:\/\/revistaidees.cat\/es\/autors\/gemma-torres-delgado\/","name":"Gemma Torres Delgado &#8211; IDEES","isPartOf":{"@id":"https:\/\/revistaidees.cat\/#website"},"primaryImageOfPage":{"@id":"https:\/\/revistaidees.cat\/es\/autors\/gemma-torres-delgado\/#primaryimage"},"image":{"@id":"https:\/\/revistaidees.cat\/es\/autors\/gemma-torres-delgado\/#primaryimage"},"thumbnailUrl":"https:\/\/i0.wp.com\/revistaidees.cat\/wp-content\/uploads\/2021\/06\/Gemma-Torres.jpg?fit=931%2C682&ssl=1","datePublished":"2021-07-01T14:49:02+00:00","dateModified":"2021-07-01T17:50:06+00:00","breadcrumb":{"@id":"https:\/\/revistaidees.cat\/es\/autors\/gemma-torres-delgado\/#breadcrumb"},"inLanguage":"es","potentialAction":[{"@type":"ReadAction","target":["https:\/\/revistaidees.cat\/es\/autors\/gemma-torres-delgado\/"]}]},{"@type":"ImageObject","inLanguage":"es","@id":"https:\/\/revistaidees.cat\/es\/autors\/gemma-torres-delgado\/#primaryimage","url":"https:\/\/i0.wp.com\/revistaidees.cat\/wp-content\/uploads\/2021\/06\/Gemma-Torres.jpg?fit=931%2C682&ssl=1","contentUrl":"https:\/\/i0.wp.com\/revistaidees.cat\/wp-content\/uploads\/2021\/06\/Gemma-Torres.jpg?fit=931%2C682&ssl=1","width":931,"height":682},{"@type":"BreadcrumbList","@id":"https:\/\/revistaidees.cat\/es\/autors\/gemma-torres-delgado\/#breadcrumb","itemListElement":[{"@type":"ListItem","position":1,"name":"Inici","item":"https:\/\/revistaidees.cat\/es\/"},{"@type":"ListItem","position":2,"name":"Autors","item":"https:\/\/revistaidees.cat\/autors\/"},{"@type":"ListItem","position":3,"name":"Gemma Torres Delgado"}]},{"@type":"WebSite","@id":"https:\/\/revistaidees.cat\/#website","url":"https:\/\/revistaidees.cat\/","name":"IDEES","description":"Revista de temas contemporáneos","potentialAction":[{"@type":"SearchAction","target":{"@type":"EntryPoint","urlTemplate":"https:\/\/revistaidees.cat\/?s={search_term_string}"},"query-input":{"@type":"PropertyValueSpecification","valueRequired":true,"valueName":"search_term_string"}}],"inLanguage":"es"}]}</script>
<!-- / Yoast SEO plugin. -->

Gemma Torres Delgado es profesora lectora del departamento de Historia contemporánea y Mundo actual de la Universidad de Barcelona. Licenciada en Humanidades, en 2016 obtuvo el título de doctora en Historia contemporánea en la misma universidad. Sus líneas de investigación giran alrededor de los estudios coloniales y poscoloniales, los estudios de género y las masculinidades contemporáneas. Es integrante del Grupo de Investigación Multiculturalismo y Género del Centro de Estudios Históricos Internacionales de la Universidad de Barcelona (GREC-CEHI). Ha participado en varios proyectos de investigación universitarios sobre género e inmigración, turismo y género e historia de las mujeres. Junto con Mary…

Revista de temas contemporáneos
