{"id":47607,"date":"2021-10-25T12:35:13","date_gmt":"2021-10-25T12:35:13","guid":{"rendered":"https:\/\/revistaidees.cat\/?post_type=autors&#038;p=47607"},"modified":"2021-10-27T11:05:05","modified_gmt":"2021-10-27T11:05:05","slug":"karina-batthyany","status":"publish","type":"autors","link":"https:\/\/revistaidees.cat\/es\/autors\/karina-batthyany\/","title":{"rendered":"Karina Batthy\u00e1ny"},"content":{"rendered":"\n<p>Karina Batthy\u00e1ny es Secretaria Ejecutiva de CLACSO, una red internacional creada en 1967 con estatuto asociativo en la UNESCO que re\u00fane m\u00e1s de 800 centros de investigaci\u00f3n y postgrado de 55 pa\u00edses de Am\u00e9rica Latina y otros continentes. Doctora en Sociolog\u00eda por la Universidad de Versalles Saint-Quentin-en-Yvelines (Francia), desde 1992 es docente en la Universidad de la Rep\u00fablica de Uruguay (UDELAR): actualmente es profesora titular de metodolog\u00eda de la investigaci\u00f3n y de sociolog\u00eda de g\u00e9nero e investigadora del Departamento de Sociolog\u00eda de la Facultad de Ciencias Sociales. Fue coordinadora del M\u00e1ster en Sociolog\u00eda entre 2010 y 2017 y ahora coordina el Doctorado en Sociolog\u00eda. Es Integrante del Sistema Nacional de Investigaci\u00f3n de Uruguay y consultora en varios organismos internacionales como el CEPAL, ONU Mujeres, OIT o EUROSOCIAL. Ha escrito numerosas publicaciones alrededor de las tem\u00e1ticas de bienestar social, g\u00e9nero, pol\u00edticas p\u00fablicas, trabajo no remunerado y cuidados.<\/p>\n","protected":false},"featured_media":47392,"template":"","category_autors":[],"class_list":["post-47607","autors","type-autors","status-publish","has-post-thumbnail","hentry"],"acf":[],"yoast_head":"<!-- This site is optimized with the Yoast SEO plugin v27.4 - https:\/\/yoast.com\/product\/yoast-seo-wordpress\/ -->\n<title>Karina Batthy\u00e1ny &#8211; IDEES<\/title>\n<meta name=\"robots\" content=\"index, follow, max-snippet:-1, max-image-preview:large, max-video-preview:-1\" \/>\n<link rel=\"canonical\" href=\"https:\/\/revistaidees.cat\/es\/autors\/karina-batthyany\/\" \/>\n<meta property=\"og:locale\" content=\"es_ES\" \/>\n<meta property=\"og:type\" content=\"article\" \/>\n<meta property=\"og:title\" content=\"Karina Batthy\u00e1ny &#8211; IDEES\" \/>\n<meta property=\"og:description\" content=\"Karina Batthy\u00e1ny es Secretaria Ejecutiva de CLACSO, una red internacional creada en 1967 con estatuto asociativo en la UNESCO que re\u00fane m\u00e1s de 800 centros de investigaci\u00f3n y postgrado de 55 pa\u00edses de Am\u00e9rica Latina y otros continentes. Doctora en Sociolog\u00eda por la Universidad de Versalles Saint-Quentin-en-Yvelines (Francia), desde 1992 es docente en la Universidad de la Rep\u00fablica de Uruguay (UDELAR): actualmente es profesora titular de metodolog\u00eda de la investigaci\u00f3n y de sociolog\u00eda de g\u00e9nero e investigadora del Departamento de Sociolog\u00eda de la Facultad de Ciencias Sociales. Fue coordinadora del M\u00e1ster en Sociolog\u00eda entre 2010 y 2017 y ahora coordina\u2026\" \/>\n<meta property=\"og:url\" content=\"https:\/\/revistaidees.cat\/es\/autors\/karina-batthyany\/\" \/>\n<meta property=\"og:site_name\" content=\"IDEES\" \/>\n<meta property=\"article:modified_time\" content=\"2021-10-27T11:05:05+00:00\" \/>\n<meta property=\"og:image\" content=\"https:\/\/i0.wp.com\/revistaidees.cat\/wp-content\/uploads\/2021\/10\/Karina-Batthyany.jpg?fit=400%2C300&ssl=1\" \/>\n\t<meta property=\"og:image:width\" content=\"400\" \/>\n\t<meta property=\"og:image:height\" content=\"300\" \/>\n\t<meta property=\"og:image:type\" content=\"image\/jpeg\" \/>\n<meta name=\"twitter:card\" content=\"summary_large_image\" \/>\n<meta name=\"twitter:label1\" content=\"Tiempo de lectura\" \/>\n\t<meta name=\"twitter:data1\" content=\"1 minuto\" \/>\n<script type=\"application\/ld+json\" class=\"yoast-schema-graph\">{\"@context\":\"https:\\\/\\\/schema.org\",\"@graph\":[{\"@type\":\"WebPage\",\"@id\":\"https:\\\/\\\/revistaidees.cat\\\/es\\\/autors\\\/karina-batthyany\\\/\",\"url\":\"https:\\\/\\\/revistaidees.cat\\\/es\\\/autors\\\/karina-batthyany\\\/\",\"name\":\"Karina Batthy\u00e1ny &#8211; IDEES\",\"isPartOf\":{\"@id\":\"https:\\\/\\\/revistaidees.cat\\\/#website\"},\"primaryImageOfPage\":{\"@id\":\"https:\\\/\\\/revistaidees.cat\\\/es\\\/autors\\\/karina-batthyany\\\/#primaryimage\"},\"image\":{\"@id\":\"https:\\\/\\\/revistaidees.cat\\\/es\\\/autors\\\/karina-batthyany\\\/#primaryimage\"},\"thumbnailUrl\":\"https:\\\/\\\/i0.wp.com\\\/revistaidees.cat\\\/wp-content\\\/uploads\\\/2021\\\/10\\\/Karina-Batthyany.jpg?fit=400%2C300&ssl=1\",\"datePublished\":\"2021-10-25T12:35:13+00:00\",\"dateModified\":\"2021-10-27T11:05:05+00:00\",\"breadcrumb\":{\"@id\":\"https:\\\/\\\/revistaidees.cat\\\/es\\\/autors\\\/karina-batthyany\\\/#breadcrumb\"},\"inLanguage\":\"es\",\"potentialAction\":[{\"@type\":\"ReadAction\",\"target\":[\"https:\\\/\\\/revistaidees.cat\\\/es\\\/autors\\\/karina-batthyany\\\/\"]}]},{\"@type\":\"ImageObject\",\"inLanguage\":\"es\",\"@id\":\"https:\\\/\\\/revistaidees.cat\\\/es\\\/autors\\\/karina-batthyany\\\/#primaryimage\",\"url\":\"https:\\\/\\\/i0.wp.com\\\/revistaidees.cat\\\/wp-content\\\/uploads\\\/2021\\\/10\\\/Karina-Batthyany.jpg?fit=400%2C300&ssl=1\",\"contentUrl\":\"https:\\\/\\\/i0.wp.com\\\/revistaidees.cat\\\/wp-content\\\/uploads\\\/2021\\\/10\\\/Karina-Batthyany.jpg?fit=400%2C300&ssl=1\",\"width\":400,\"height\":300},{\"@type\":\"BreadcrumbList\",\"@id\":\"https:\\\/\\\/revistaidees.cat\\\/es\\\/autors\\\/karina-batthyany\\\/#breadcrumb\",\"itemListElement\":[{\"@type\":\"ListItem\",\"position\":1,\"name\":\"Inici\",\"item\":\"https:\\\/\\\/revistaidees.cat\\\/es\\\/\"},{\"@type\":\"ListItem\",\"position\":2,\"name\":\"Autors\",\"item\":\"https:\\\/\\\/revistaidees.cat\\\/autors\\\/\"},{\"@type\":\"ListItem\",\"position\":3,\"name\":\"Karina Batthy\u00e1ny\"}]},{\"@type\":\"WebSite\",\"@id\":\"https:\\\/\\\/revistaidees.cat\\\/#website\",\"url\":\"https:\\\/\\\/revistaidees.cat\\\/\",\"name\":\"IDEES\",\"description\":\"Revista de temas contempor\u00e1neos\",\"potentialAction\":[{\"@type\":\"SearchAction\",\"target\":{\"@type\":\"EntryPoint\",\"urlTemplate\":\"https:\\\/\\\/revistaidees.cat\\\/?s={search_term_string}\"},\"query-input\":{\"@type\":\"PropertyValueSpecification\",\"valueRequired\":true,\"valueName\":\"search_term_string\"}}],\"inLanguage\":\"es\"}]}<\/script>\n<!-- \/ Yoast SEO plugin. -->","yoast_head_json":{"title":"Karina Batthy\u00e1ny &#8211; IDEES","robots":{"index":"index","follow":"follow","max-snippet":"max-snippet:-1","max-image-preview":"max-image-preview:large","max-video-preview":"max-video-preview:-1"},"canonical":"https:\/\/revistaidees.cat\/es\/autors\/karina-batthyany\/","og_locale":"es_ES","og_type":"article","og_title":"Karina Batthy\u00e1ny &#8211; IDEES","og_description":"Karina Batthy\u00e1ny es Secretaria Ejecutiva de CLACSO, una red internacional creada en 1967 con estatuto asociativo en la UNESCO que re\u00fane m\u00e1s de 800 centros de investigaci\u00f3n y postgrado de 55 pa\u00edses de Am\u00e9rica Latina y otros continentes. Doctora en Sociolog\u00eda por la Universidad de Versalles Saint-Quentin-en-Yvelines (Francia), desde 1992 es docente en la Universidad de la Rep\u00fablica de Uruguay (UDELAR): actualmente es profesora titular de metodolog\u00eda de la investigaci\u00f3n y de sociolog\u00eda de g\u00e9nero e investigadora del Departamento de Sociolog\u00eda de la Facultad de Ciencias Sociales. Fue coordinadora del M\u00e1ster en Sociolog\u00eda entre 2010 y 2017 y ahora coordina\u2026","og_url":"https:\/\/revistaidees.cat\/es\/autors\/karina-batthyany\/","og_site_name":"IDEES","article_modified_time":"2021-10-27T11:05:05+00:00","og_image":[{"width":400,"height":300,"url":"https:\/\/i0.wp.com\/revistaidees.cat\/wp-content\/uploads\/2021\/10\/Karina-Batthyany.jpg?fit=400%2C300&ssl=1","type":"image\/jpeg"}],"twitter_card":"summary_large_image","twitter_misc":{"Tiempo de lectura":"1 minuto"},"schema":{"@context":"https:\/\/schema.org","@graph":[{"@type":"WebPage","@id":"https:\/\/revistaidees.cat\/es\/autors\/karina-batthyany\/","url":"https:\/\/revistaidees.cat\/es\/autors\/karina-batthyany\/","name":"Karina Batthy\u00e1ny &#8211; IDEES","isPartOf":{"@id":"https:\/\/revistaidees.cat\/#website"},"primaryImageOfPage":{"@id":"https:\/\/revistaidees.cat\/es\/autors\/karina-batthyany\/#primaryimage"},"image":{"@id":"https:\/\/revistaidees.cat\/es\/autors\/karina-batthyany\/#primaryimage"},"thumbnailUrl":"https:\/\/i0.wp.com\/revistaidees.cat\/wp-content\/uploads\/2021\/10\/Karina-Batthyany.jpg?fit=400%2C300&ssl=1","datePublished":"2021-10-25T12:35:13+00:00","dateModified":"2021-10-27T11:05:05+00:00","breadcrumb":{"@id":"https:\/\/revistaidees.cat\/es\/autors\/karina-batthyany\/#breadcrumb"},"inLanguage":"es","potentialAction":[{"@type":"ReadAction","target":["https:\/\/revistaidees.cat\/es\/autors\/karina-batthyany\/"]}]},{"@type":"ImageObject","inLanguage":"es","@id":"https:\/\/revistaidees.cat\/es\/autors\/karina-batthyany\/#primaryimage","url":"https:\/\/i0.wp.com\/revistaidees.cat\/wp-content\/uploads\/2021\/10\/Karina-Batthyany.jpg?fit=400%2C300&ssl=1","contentUrl":"https:\/\/i0.wp.com\/revistaidees.cat\/wp-content\/uploads\/2021\/10\/Karina-Batthyany.jpg?fit=400%2C300&ssl=1","width":400,"height":300},{"@type":"BreadcrumbList","@id":"https:\/\/revistaidees.cat\/es\/autors\/karina-batthyany\/#breadcrumb","itemListElement":[{"@type":"ListItem","position":1,"name":"Inici","item":"https:\/\/revistaidees.cat\/es\/"},{"@type":"ListItem","position":2,"name":"Autors","item":"https:\/\/revistaidees.cat\/autors\/"},{"@type":"ListItem","position":3,"name":"Karina Batthy\u00e1ny"}]},{"@type":"WebSite","@id":"https:\/\/revistaidees.cat\/#website","url":"https:\/\/revistaidees.cat\/","name":"IDEES","description":"Revista de temas contempor\u00e1neos","potentialAction":[{"@type":"SearchAction","target":{"@type":"EntryPoint","urlTemplate":"https:\/\/revistaidees.cat\/?s={search_term_string}"},"query-input":{"@type":"PropertyValueSpecification","valueRequired":true,"valueName":"search_term_string"}}],"inLanguage":"es"}]}},"jetpack_sharing_enabled":true,"_links":{"self":[{"href":"https:\/\/revistaidees.cat\/es\/wp-json\/wp\/v2\/autors\/47607","targetHints":{"allow":["GET"]}}],"collection":[{"href":"https:\/\/revistaidees.cat\/es\/wp-json\/wp\/v2\/autors"}],"about":[{"href":"https:\/\/revistaidees.cat\/es\/wp-json\/wp\/v2\/types\/autors"}],"version-history":[{"count":2,"href":"https:\/\/revistaidees.cat\/es\/wp-json\/wp\/v2\/autors\/47607\/revisions"}],"predecessor-version":[{"id":47931,"href":"https:\/\/revistaidees.cat\/es\/wp-json\/wp\/v2\/autors\/47607\/revisions\/47931"}],"wp:featuredmedia":[{"embeddable":true,"href":"https:\/\/revistaidees.cat\/es\/wp-json\/wp\/v2\/media\/47392"}],"wp:attachment":[{"href":"https:\/\/revistaidees.cat\/es\/wp-json\/wp\/v2\/media?parent=47607"}],"wp:term":[{"taxonomy":"category_autors","embeddable":true,"href":"https:\/\/revistaidees.cat\/es\/wp-json\/wp\/v2\/category_autors?post=47607"}],"curies":[{"name":"wp","href":"https:\/\/api.w.org\/{rel}","templated":true}]}}

Karina Batthyány

<p>Karina Batthyány es Secretaria Ejecutiva de CLACSO, una red internacional creada en 1967 con estatuto asociativo en la UNESCO que reúne más de 800 centros de investigación y postgrado de 55 países de América Latina y otros continentes. Doctora en Sociología por la Universidad de Versalles Saint-Quentin-en-Yvelines (Francia), desde 1992 es docente en la Universidad de la República de Uruguay (UDELAR): actualmente es profesora titular de metodología de la investigación y de sociología de género e investigadora del Departamento de Sociología de la Facultad de Ciencias Sociales. Fue coordinadora del Máster en Sociología entre 2010 y 2017 y ahora coordina el Doctorado en Sociología. Es Integrante del Sistema Nacional de Investigación de Uruguay y consultora en varios organismos internacionales como el CEPAL, ONU Mujeres, OIT o EUROSOCIAL. Ha escrito numerosas publicaciones alrededor de las temáticas de bienestar social, género, políticas públicas, trabajo no remunerado y cuidados.</p>

<!-- This site is optimized with the Yoast SEO plugin v27.4 - https://yoast.com/product/yoast-seo-wordpress/ -->
<title>Karina Batthyány &#8211; IDEES</title>
<meta name="robots" content="index, follow, max-snippet:-1, max-image-preview:large, max-video-preview:-1" />
<link rel="canonical" href="https://revistaidees.cat/es/autors/karina-batthyany/" />
<meta property="og:locale" content="es_ES" />
<meta property="og:type" content="article" />
<meta property="og:title" content="Karina Batthyány &#8211; IDEES" />
<meta property="og:description" content="Karina Batthyány es Secretaria Ejecutiva de CLACSO, una red internacional creada en 1967 con estatuto asociativo en la UNESCO que reúne más de 800 centros de investigación y postgrado de 55 países de América Latina y otros continentes. Doctora en Sociología por la Universidad de Versalles Saint-Quentin-en-Yvelines (Francia), desde 1992 es docente en la Universidad de la República de Uruguay (UDELAR): actualmente es profesora titular de metodología de la investigación y de sociología de género e investigadora del Departamento de Sociología de la Facultad de Ciencias Sociales. Fue coordinadora del Máster en Sociología entre 2010 y 2017 y ahora coordina…" />
<meta property="og:url" content="https://revistaidees.cat/es/autors/karina-batthyany/" />
<meta property="og:site_name" content="IDEES" />
<meta property="article:modified_time" content="2021-10-27T11:05:05+00:00" />
<meta property="og:image" content="https://i0.wp.com/revistaidees.cat/wp-content/uploads/2021/10/Karina-Batthyany.jpg?fit=400%2C300&ssl=1" />
	<meta property="og:image:width" content="400" />
	<meta property="og:image:height" content="300" />
	<meta property="og:image:type" content="image/jpeg" />
<meta name="twitter:card" content="summary_large_image" />
<meta name="twitter:label1" content="Tiempo de lectura" />
	<meta name="twitter:data1" content="1 minuto" />
<script type="application/ld+json" class="yoast-schema-graph">{"@context":"https:\/\/schema.org","@graph":[{"@type":"WebPage","@id":"https:\/\/revistaidees.cat\/es\/autors\/karina-batthyany\/","url":"https:\/\/revistaidees.cat\/es\/autors\/karina-batthyany\/","name":"Karina Batthyány &#8211; IDEES","isPartOf":{"@id":"https:\/\/revistaidees.cat\/#website"},"primaryImageOfPage":{"@id":"https:\/\/revistaidees.cat\/es\/autors\/karina-batthyany\/#primaryimage"},"image":{"@id":"https:\/\/revistaidees.cat\/es\/autors\/karina-batthyany\/#primaryimage"},"thumbnailUrl":"https:\/\/i0.wp.com\/revistaidees.cat\/wp-content\/uploads\/2021\/10\/Karina-Batthyany.jpg?fit=400%2C300&ssl=1","datePublished":"2021-10-25T12:35:13+00:00","dateModified":"2021-10-27T11:05:05+00:00","breadcrumb":{"@id":"https:\/\/revistaidees.cat\/es\/autors\/karina-batthyany\/#breadcrumb"},"inLanguage":"es","potentialAction":[{"@type":"ReadAction","target":["https:\/\/revistaidees.cat\/es\/autors\/karina-batthyany\/"]}]},{"@type":"ImageObject","inLanguage":"es","@id":"https:\/\/revistaidees.cat\/es\/autors\/karina-batthyany\/#primaryimage","url":"https:\/\/i0.wp.com\/revistaidees.cat\/wp-content\/uploads\/2021\/10\/Karina-Batthyany.jpg?fit=400%2C300&ssl=1","contentUrl":"https:\/\/i0.wp.com\/revistaidees.cat\/wp-content\/uploads\/2021\/10\/Karina-Batthyany.jpg?fit=400%2C300&ssl=1","width":400,"height":300},{"@type":"BreadcrumbList","@id":"https:\/\/revistaidees.cat\/es\/autors\/karina-batthyany\/#breadcrumb","itemListElement":[{"@type":"ListItem","position":1,"name":"Inici","item":"https:\/\/revistaidees.cat\/es\/"},{"@type":"ListItem","position":2,"name":"Autors","item":"https:\/\/revistaidees.cat\/autors\/"},{"@type":"ListItem","position":3,"name":"Karina Batthyány"}]},{"@type":"WebSite","@id":"https:\/\/revistaidees.cat\/#website","url":"https:\/\/revistaidees.cat\/","name":"IDEES","description":"Revista de temas contemporáneos","potentialAction":[{"@type":"SearchAction","target":{"@type":"EntryPoint","urlTemplate":"https:\/\/revistaidees.cat\/?s={search_term_string}"},"query-input":{"@type":"PropertyValueSpecification","valueRequired":true,"valueName":"search_term_string"}}],"inLanguage":"es"}]}</script>
<!-- / Yoast SEO plugin. -->

Karina Batthyány &#8211; IDEES

Karina Batthyány es Secretaria Ejecutiva de CLACSO, una red internacional creada en 1967 con estatuto asociativo en la UNESCO que reúne más de 800 centros de investigación y postgrado de 55 países de América Latina y otros continentes. Doctora en Sociología por la Universidad de Versalles Saint-Quentin-en-Yvelines (Francia), desde 1992 es docente en la Universidad de la República de Uruguay (UDELAR): actualmente es profesora titular de metodología de la investigación y de sociología de género e investigadora del Departamento de Sociología de la Facultad de Ciencias Sociales. Fue coordinadora del Máster en Sociología entre 2010 y 2017 y ahora coordina…

Revista de temas contemporáneos
