{"id":48239,"date":"2021-10-27T07:00:45","date_gmt":"2021-10-27T07:00:45","guid":{"rendered":"https:\/\/revistaidees.cat\/?post_type=autors&#038;p=48239"},"modified":"2021-10-27T11:04:59","modified_gmt":"2021-10-27T11:04:59","slug":"hansel-obando","status":"publish","type":"autors","link":"https:\/\/revistaidees.cat\/es\/autors\/hansel-obando\/","title":{"rendered":"Hansel Obando"},"content":{"rendered":"\n<p>Hansel Obando es un artista e ilustrador colombiano especializado en la t\u00e9cnica del collage. Sus trabajos se centran en lo que \u00e9l describe como \u00abmicrouniversos\u00bb, donde la naturaleza es el elemento central a trav\u00e9s de cuestiones como el misticismo, los rituales antiguos y las pr\u00e1cticas religiosas no occidentales. Sus obras cuestionan el consumismo de los recursos naturales y defienden la protecci\u00f3n de las comunidades m\u00e1s vulnerables, como las poblaciones ind\u00edgenas y afro-colombianas de Colombia. Actualmente est\u00e1 trabajando en un conjunto de trabajos sobre cosmogon\u00eda, narraci\u00f3n e historias orales de los pueblos ind\u00edgenas de Colombia. Desde el a\u00f1o 2015 se ha centrado en el collage anal\u00f3gico y digital.<\/p>\n","protected":false},"featured_media":47748,"template":"","category_autors":[],"class_list":["post-48239","autors","type-autors","status-publish","has-post-thumbnail","hentry"],"acf":[],"yoast_head":"<!-- This site is optimized with the Yoast SEO plugin v27.5 - https:\/\/yoast.com\/product\/yoast-seo-wordpress\/ -->\n<title>Hansel Obando &#8211; IDEES<\/title>\n<meta name=\"robots\" content=\"index, follow, max-snippet:-1, max-image-preview:large, max-video-preview:-1\" \/>\n<link rel=\"canonical\" href=\"https:\/\/revistaidees.cat\/es\/autors\/hansel-obando\/\" \/>\n<meta property=\"og:locale\" content=\"es_ES\" \/>\n<meta property=\"og:type\" content=\"article\" \/>\n<meta property=\"og:title\" content=\"Hansel Obando &#8211; IDEES\" \/>\n<meta property=\"og:description\" content=\"Hansel Obando es un artista e ilustrador colombiano especializado en la t\u00e9cnica del collage. Sus trabajos se centran en lo que \u00e9l describe como \u00abmicrouniversos\u00bb, donde la naturaleza es el elemento central a trav\u00e9s de cuestiones como el misticismo, los rituales antiguos y las pr\u00e1cticas religiosas no occidentales. Sus obras cuestionan el consumismo de los recursos naturales y defienden la protecci\u00f3n de las comunidades m\u00e1s vulnerables, como las poblaciones ind\u00edgenas y afro-colombianas de Colombia. Actualmente est\u00e1 trabajando en un conjunto de trabajos sobre cosmogon\u00eda, narraci\u00f3n e historias orales de los pueblos ind\u00edgenas de Colombia. Desde el a\u00f1o 2015 se ha\u2026\" \/>\n<meta property=\"og:url\" content=\"https:\/\/revistaidees.cat\/es\/autors\/hansel-obando\/\" \/>\n<meta property=\"og:site_name\" content=\"IDEES\" \/>\n<meta property=\"article:modified_time\" content=\"2021-10-27T11:04:59+00:00\" \/>\n<meta property=\"og:image\" content=\"https:\/\/i0.wp.com\/revistaidees.cat\/wp-content\/uploads\/2021\/10\/Hansel-Obando.jpg?fit=626%2C438&ssl=1\" \/>\n\t<meta property=\"og:image:width\" content=\"626\" \/>\n\t<meta property=\"og:image:height\" content=\"438\" \/>\n\t<meta property=\"og:image:type\" content=\"image\/jpeg\" \/>\n<meta name=\"twitter:card\" content=\"summary_large_image\" \/>\n<meta name=\"twitter:label1\" content=\"Tiempo de lectura\" \/>\n\t<meta name=\"twitter:data1\" content=\"1 minuto\" \/>\n<script type=\"application\/ld+json\" class=\"yoast-schema-graph\">{\"@context\":\"https:\\\/\\\/schema.org\",\"@graph\":[{\"@type\":\"WebPage\",\"@id\":\"https:\\\/\\\/revistaidees.cat\\\/es\\\/autors\\\/hansel-obando\\\/\",\"url\":\"https:\\\/\\\/revistaidees.cat\\\/es\\\/autors\\\/hansel-obando\\\/\",\"name\":\"Hansel Obando &#8211; IDEES\",\"isPartOf\":{\"@id\":\"https:\\\/\\\/revistaidees.cat\\\/#website\"},\"primaryImageOfPage\":{\"@id\":\"https:\\\/\\\/revistaidees.cat\\\/es\\\/autors\\\/hansel-obando\\\/#primaryimage\"},\"image\":{\"@id\":\"https:\\\/\\\/revistaidees.cat\\\/es\\\/autors\\\/hansel-obando\\\/#primaryimage\"},\"thumbnailUrl\":\"https:\\\/\\\/i0.wp.com\\\/revistaidees.cat\\\/wp-content\\\/uploads\\\/2021\\\/10\\\/Hansel-Obando.jpg?fit=626%2C438&ssl=1\",\"datePublished\":\"2021-10-27T07:00:45+00:00\",\"dateModified\":\"2021-10-27T11:04:59+00:00\",\"breadcrumb\":{\"@id\":\"https:\\\/\\\/revistaidees.cat\\\/es\\\/autors\\\/hansel-obando\\\/#breadcrumb\"},\"inLanguage\":\"es\",\"potentialAction\":[{\"@type\":\"ReadAction\",\"target\":[\"https:\\\/\\\/revistaidees.cat\\\/es\\\/autors\\\/hansel-obando\\\/\"]}]},{\"@type\":\"ImageObject\",\"inLanguage\":\"es\",\"@id\":\"https:\\\/\\\/revistaidees.cat\\\/es\\\/autors\\\/hansel-obando\\\/#primaryimage\",\"url\":\"https:\\\/\\\/i0.wp.com\\\/revistaidees.cat\\\/wp-content\\\/uploads\\\/2021\\\/10\\\/Hansel-Obando.jpg?fit=626%2C438&ssl=1\",\"contentUrl\":\"https:\\\/\\\/i0.wp.com\\\/revistaidees.cat\\\/wp-content\\\/uploads\\\/2021\\\/10\\\/Hansel-Obando.jpg?fit=626%2C438&ssl=1\",\"width\":626,\"height\":438},{\"@type\":\"BreadcrumbList\",\"@id\":\"https:\\\/\\\/revistaidees.cat\\\/es\\\/autors\\\/hansel-obando\\\/#breadcrumb\",\"itemListElement\":[{\"@type\":\"ListItem\",\"position\":1,\"name\":\"Inici\",\"item\":\"https:\\\/\\\/revistaidees.cat\\\/es\\\/\"},{\"@type\":\"ListItem\",\"position\":2,\"name\":\"Autors\",\"item\":\"https:\\\/\\\/revistaidees.cat\\\/autors\\\/\"},{\"@type\":\"ListItem\",\"position\":3,\"name\":\"Hansel Obando\"}]},{\"@type\":\"WebSite\",\"@id\":\"https:\\\/\\\/revistaidees.cat\\\/#website\",\"url\":\"https:\\\/\\\/revistaidees.cat\\\/\",\"name\":\"IDEES\",\"description\":\"Revista de temas contempor\u00e1neos\",\"potentialAction\":[{\"@type\":\"SearchAction\",\"target\":{\"@type\":\"EntryPoint\",\"urlTemplate\":\"https:\\\/\\\/revistaidees.cat\\\/?s={search_term_string}\"},\"query-input\":{\"@type\":\"PropertyValueSpecification\",\"valueRequired\":true,\"valueName\":\"search_term_string\"}}],\"inLanguage\":\"es\"}]}<\/script>\n<!-- \/ Yoast SEO plugin. -->","yoast_head_json":{"title":"Hansel Obando &#8211; IDEES","robots":{"index":"index","follow":"follow","max-snippet":"max-snippet:-1","max-image-preview":"max-image-preview:large","max-video-preview":"max-video-preview:-1"},"canonical":"https:\/\/revistaidees.cat\/es\/autors\/hansel-obando\/","og_locale":"es_ES","og_type":"article","og_title":"Hansel Obando &#8211; IDEES","og_description":"Hansel Obando es un artista e ilustrador colombiano especializado en la t\u00e9cnica del collage. Sus trabajos se centran en lo que \u00e9l describe como \u00abmicrouniversos\u00bb, donde la naturaleza es el elemento central a trav\u00e9s de cuestiones como el misticismo, los rituales antiguos y las pr\u00e1cticas religiosas no occidentales. Sus obras cuestionan el consumismo de los recursos naturales y defienden la protecci\u00f3n de las comunidades m\u00e1s vulnerables, como las poblaciones ind\u00edgenas y afro-colombianas de Colombia. Actualmente est\u00e1 trabajando en un conjunto de trabajos sobre cosmogon\u00eda, narraci\u00f3n e historias orales de los pueblos ind\u00edgenas de Colombia. Desde el a\u00f1o 2015 se ha\u2026","og_url":"https:\/\/revistaidees.cat\/es\/autors\/hansel-obando\/","og_site_name":"IDEES","article_modified_time":"2021-10-27T11:04:59+00:00","og_image":[{"width":626,"height":438,"url":"https:\/\/i0.wp.com\/revistaidees.cat\/wp-content\/uploads\/2021\/10\/Hansel-Obando.jpg?fit=626%2C438&ssl=1","type":"image\/jpeg"}],"twitter_card":"summary_large_image","twitter_misc":{"Tiempo de lectura":"1 minuto"},"schema":{"@context":"https:\/\/schema.org","@graph":[{"@type":"WebPage","@id":"https:\/\/revistaidees.cat\/es\/autors\/hansel-obando\/","url":"https:\/\/revistaidees.cat\/es\/autors\/hansel-obando\/","name":"Hansel Obando &#8211; IDEES","isPartOf":{"@id":"https:\/\/revistaidees.cat\/#website"},"primaryImageOfPage":{"@id":"https:\/\/revistaidees.cat\/es\/autors\/hansel-obando\/#primaryimage"},"image":{"@id":"https:\/\/revistaidees.cat\/es\/autors\/hansel-obando\/#primaryimage"},"thumbnailUrl":"https:\/\/i0.wp.com\/revistaidees.cat\/wp-content\/uploads\/2021\/10\/Hansel-Obando.jpg?fit=626%2C438&ssl=1","datePublished":"2021-10-27T07:00:45+00:00","dateModified":"2021-10-27T11:04:59+00:00","breadcrumb":{"@id":"https:\/\/revistaidees.cat\/es\/autors\/hansel-obando\/#breadcrumb"},"inLanguage":"es","potentialAction":[{"@type":"ReadAction","target":["https:\/\/revistaidees.cat\/es\/autors\/hansel-obando\/"]}]},{"@type":"ImageObject","inLanguage":"es","@id":"https:\/\/revistaidees.cat\/es\/autors\/hansel-obando\/#primaryimage","url":"https:\/\/i0.wp.com\/revistaidees.cat\/wp-content\/uploads\/2021\/10\/Hansel-Obando.jpg?fit=626%2C438&ssl=1","contentUrl":"https:\/\/i0.wp.com\/revistaidees.cat\/wp-content\/uploads\/2021\/10\/Hansel-Obando.jpg?fit=626%2C438&ssl=1","width":626,"height":438},{"@type":"BreadcrumbList","@id":"https:\/\/revistaidees.cat\/es\/autors\/hansel-obando\/#breadcrumb","itemListElement":[{"@type":"ListItem","position":1,"name":"Inici","item":"https:\/\/revistaidees.cat\/es\/"},{"@type":"ListItem","position":2,"name":"Autors","item":"https:\/\/revistaidees.cat\/autors\/"},{"@type":"ListItem","position":3,"name":"Hansel Obando"}]},{"@type":"WebSite","@id":"https:\/\/revistaidees.cat\/#website","url":"https:\/\/revistaidees.cat\/","name":"IDEES","description":"Revista de temas contempor\u00e1neos","potentialAction":[{"@type":"SearchAction","target":{"@type":"EntryPoint","urlTemplate":"https:\/\/revistaidees.cat\/?s={search_term_string}"},"query-input":{"@type":"PropertyValueSpecification","valueRequired":true,"valueName":"search_term_string"}}],"inLanguage":"es"}]}},"jetpack_sharing_enabled":true,"_links":{"self":[{"href":"https:\/\/revistaidees.cat\/es\/wp-json\/wp\/v2\/autors\/48239","targetHints":{"allow":["GET"]}}],"collection":[{"href":"https:\/\/revistaidees.cat\/es\/wp-json\/wp\/v2\/autors"}],"about":[{"href":"https:\/\/revistaidees.cat\/es\/wp-json\/wp\/v2\/types\/autors"}],"version-history":[{"count":1,"href":"https:\/\/revistaidees.cat\/es\/wp-json\/wp\/v2\/autors\/48239\/revisions"}],"predecessor-version":[{"id":48243,"href":"https:\/\/revistaidees.cat\/es\/wp-json\/wp\/v2\/autors\/48239\/revisions\/48243"}],"wp:featuredmedia":[{"embeddable":true,"href":"https:\/\/revistaidees.cat\/es\/wp-json\/wp\/v2\/media\/47748"}],"wp:attachment":[{"href":"https:\/\/revistaidees.cat\/es\/wp-json\/wp\/v2\/media?parent=48239"}],"wp:term":[{"taxonomy":"category_autors","embeddable":true,"href":"https:\/\/revistaidees.cat\/es\/wp-json\/wp\/v2\/category_autors?post=48239"}],"curies":[{"name":"wp","href":"https:\/\/api.w.org\/{rel}","templated":true}]}}

<p>Hansel Obando es un artista e ilustrador colombiano especializado en la técnica del collage. Sus trabajos se centran en lo que él describe como «microuniversos», donde la naturaleza es el elemento central a través de cuestiones como el misticismo, los rituales antiguos y las prácticas religiosas no occidentales. Sus obras cuestionan el consumismo de los recursos naturales y defienden la protección de las comunidades más vulnerables, como las poblaciones indígenas y afro-colombianas de Colombia. Actualmente está trabajando en un conjunto de trabajos sobre cosmogonía, narración e historias orales de los pueblos indígenas de Colombia. Desde el año 2015 se ha centrado en el collage analógico y digital.</p>

<!-- This site is optimized with the Yoast SEO plugin v27.5 - https://yoast.com/product/yoast-seo-wordpress/ -->
<title>Hansel Obando &#8211; IDEES</title>
<meta name="robots" content="index, follow, max-snippet:-1, max-image-preview:large, max-video-preview:-1" />
<link rel="canonical" href="https://revistaidees.cat/es/autors/hansel-obando/" />
<meta property="og:locale" content="es_ES" />
<meta property="og:type" content="article" />
<meta property="og:title" content="Hansel Obando &#8211; IDEES" />
<meta property="og:description" content="Hansel Obando es un artista e ilustrador colombiano especializado en la técnica del collage. Sus trabajos se centran en lo que él describe como «microuniversos», donde la naturaleza es el elemento central a través de cuestiones como el misticismo, los rituales antiguos y las prácticas religiosas no occidentales. Sus obras cuestionan el consumismo de los recursos naturales y defienden la protección de las comunidades más vulnerables, como las poblaciones indígenas y afro-colombianas de Colombia. Actualmente está trabajando en un conjunto de trabajos sobre cosmogonía, narración e historias orales de los pueblos indígenas de Colombia. Desde el año 2015 se ha…" />
<meta property="og:url" content="https://revistaidees.cat/es/autors/hansel-obando/" />
<meta property="og:site_name" content="IDEES" />
<meta property="article:modified_time" content="2021-10-27T11:04:59+00:00" />
<meta property="og:image" content="https://i0.wp.com/revistaidees.cat/wp-content/uploads/2021/10/Hansel-Obando.jpg?fit=626%2C438&ssl=1" />
	<meta property="og:image:width" content="626" />
	<meta property="og:image:height" content="438" />
	<meta property="og:image:type" content="image/jpeg" />
<meta name="twitter:card" content="summary_large_image" />
<meta name="twitter:label1" content="Tiempo de lectura" />
	<meta name="twitter:data1" content="1 minuto" />
<script type="application/ld+json" class="yoast-schema-graph">{"@context":"https:\/\/schema.org","@graph":[{"@type":"WebPage","@id":"https:\/\/revistaidees.cat\/es\/autors\/hansel-obando\/","url":"https:\/\/revistaidees.cat\/es\/autors\/hansel-obando\/","name":"Hansel Obando &#8211; IDEES","isPartOf":{"@id":"https:\/\/revistaidees.cat\/#website"},"primaryImageOfPage":{"@id":"https:\/\/revistaidees.cat\/es\/autors\/hansel-obando\/#primaryimage"},"image":{"@id":"https:\/\/revistaidees.cat\/es\/autors\/hansel-obando\/#primaryimage"},"thumbnailUrl":"https:\/\/i0.wp.com\/revistaidees.cat\/wp-content\/uploads\/2021\/10\/Hansel-Obando.jpg?fit=626%2C438&ssl=1","datePublished":"2021-10-27T07:00:45+00:00","dateModified":"2021-10-27T11:04:59+00:00","breadcrumb":{"@id":"https:\/\/revistaidees.cat\/es\/autors\/hansel-obando\/#breadcrumb"},"inLanguage":"es","potentialAction":[{"@type":"ReadAction","target":["https:\/\/revistaidees.cat\/es\/autors\/hansel-obando\/"]}]},{"@type":"ImageObject","inLanguage":"es","@id":"https:\/\/revistaidees.cat\/es\/autors\/hansel-obando\/#primaryimage","url":"https:\/\/i0.wp.com\/revistaidees.cat\/wp-content\/uploads\/2021\/10\/Hansel-Obando.jpg?fit=626%2C438&ssl=1","contentUrl":"https:\/\/i0.wp.com\/revistaidees.cat\/wp-content\/uploads\/2021\/10\/Hansel-Obando.jpg?fit=626%2C438&ssl=1","width":626,"height":438},{"@type":"BreadcrumbList","@id":"https:\/\/revistaidees.cat\/es\/autors\/hansel-obando\/#breadcrumb","itemListElement":[{"@type":"ListItem","position":1,"name":"Inici","item":"https:\/\/revistaidees.cat\/es\/"},{"@type":"ListItem","position":2,"name":"Autors","item":"https:\/\/revistaidees.cat\/autors\/"},{"@type":"ListItem","position":3,"name":"Hansel Obando"}]},{"@type":"WebSite","@id":"https:\/\/revistaidees.cat\/#website","url":"https:\/\/revistaidees.cat\/","name":"IDEES","description":"Revista de temas contemporáneos","potentialAction":[{"@type":"SearchAction","target":{"@type":"EntryPoint","urlTemplate":"https:\/\/revistaidees.cat\/?s={search_term_string}"},"query-input":{"@type":"PropertyValueSpecification","valueRequired":true,"valueName":"search_term_string"}}],"inLanguage":"es"}]}</script>
<!-- / Yoast SEO plugin. -->

Hansel Obando es un artista e ilustrador colombiano especializado en la técnica del collage. Sus trabajos se centran en lo que él describe como «microuniversos», donde la naturaleza es el elemento central a través de cuestiones como el misticismo, los rituales antiguos y las prácticas religiosas no occidentales. Sus obras cuestionan el consumismo de los recursos naturales y defienden la protección de las comunidades más vulnerables, como las poblaciones indígenas y afro-colombianas de Colombia. Actualmente está trabajando en un conjunto de trabajos sobre cosmogonía, narración e historias orales de los pueblos indígenas de Colombia. Desde el año 2015 se ha…

Revista de temas contemporáneos
