{"id":49564,"date":"2021-11-17T13:01:06","date_gmt":"2021-11-17T13:01:06","guid":{"rendered":"https:\/\/revistaidees.cat\/?post_type=autors&#038;p=49564"},"modified":"2021-11-18T14:17:51","modified_gmt":"2021-11-18T14:17:51","slug":"derrick-ofosu-boateng","status":"publish","type":"autors","link":"https:\/\/revistaidees.cat\/es\/autors\/derrick-ofosu-boateng\/","title":{"rendered":"Derrick Ofosu Boateng"},"content":{"rendered":"\n<p class=\"wp-block-paragraph\">Derrick Ofosu Boateng es un fot\u00f3grafo art\u00edstico que se inscribe en un movimiento de arte africano que crea a trav\u00e9s de la lente del \u00abhueismo\u00bb. Inspirada en la riqueza del estilo de vida africano, la fotograf\u00eda contempor\u00e1nea de Derrick tiene como objetivo influir en la percepci\u00f3n que tiene el mundo de \u00c1frica y su arte, a menudo visto a trav\u00e9s de una mirada limitada en el cine y los medios. A trav\u00e9s del arte, Derrick se inspira para representar la belleza del color y la poes\u00eda visual de la cultura, los estilos de vida y los comportamientos africanos cotidianos, \u00abcambiando as\u00ed la historia que se cuenta de \u00c1frica\u00bb. Aunque fueron tomadas en Ghana, Derrick cree que las im\u00e1genes \u00edntimas que captura son una representaci\u00f3n de la vida en cualquier parte del continente. Derrick comenz\u00f3 a crear sus im\u00e1genes coloridas y conmovedoras, en el iPhone de su padre y editando sus fotos con Photoshop, Picsart, VSCO y la herramienta de edici\u00f3n de im\u00e1genes interna del iPhone. Su acercamiento creativo a la fotograf\u00eda se concibe met\u00f3dicamente y se autoproduce, y finalmente termina con su proceso de edici\u00f3n.<\/p>\n","protected":false},"featured_media":49633,"template":"","category_autors":[],"class_list":["post-49564","autors","type-autors","status-publish","has-post-thumbnail","hentry"],"acf":[],"yoast_head":"<!-- This site is optimized with the Yoast SEO plugin v28.3 - https:\/\/yoast.com\/product\/yoast-seo-wordpress\/ -->\n<title>Derrick Ofosu Boateng &#8211; IDEES<\/title>\n<meta name=\"robots\" content=\"index, follow, max-snippet:-1, max-image-preview:large, max-video-preview:-1\" \/>\n<link rel=\"canonical\" href=\"https:\/\/revistaidees.cat\/es\/autors\/derrick-ofosu-boateng\/\" \/>\n<meta property=\"og:locale\" content=\"es_ES\" \/>\n<meta property=\"og:type\" content=\"article\" \/>\n<meta property=\"og:title\" content=\"Derrick Ofosu Boateng &#8211; IDEES\" \/>\n<meta property=\"og:description\" content=\"Derrick Ofosu Boateng es un fot\u00f3grafo art\u00edstico que se inscribe en un movimiento de arte africano que crea a trav\u00e9s de la lente del \u00abhueismo\u00bb. Inspirada en la riqueza del estilo de vida africano, la fotograf\u00eda contempor\u00e1nea de Derrick tiene como objetivo influir en la percepci\u00f3n que tiene el mundo de \u00c1frica y su arte, a menudo visto a trav\u00e9s de una mirada limitada en el cine y los medios. A trav\u00e9s del arte, Derrick se inspira para representar la belleza del color y la poes\u00eda visual de la cultura, los estilos de vida y los comportamientos africanos cotidianos, \u00abcambiando\u2026\" \/>\n<meta property=\"og:url\" content=\"https:\/\/revistaidees.cat\/es\/autors\/derrick-ofosu-boateng\/\" \/>\n<meta property=\"og:site_name\" content=\"IDEES\" \/>\n<meta property=\"article:modified_time\" content=\"2021-11-18T14:17:51+00:00\" \/>\n<meta property=\"og:image\" content=\"https:\/\/revistaidees.cat\/wp-content\/uploads\/2021\/11\/Derrick-Ofosu-Boateng-1024x706.png\" \/>\n\t<meta property=\"og:image:width\" content=\"1024\" \/>\n\t<meta property=\"og:image:height\" content=\"706\" \/>\n\t<meta property=\"og:image:type\" content=\"image\/png\" \/>\n<meta name=\"twitter:card\" content=\"summary_large_image\" \/>\n<meta name=\"twitter:label1\" content=\"Tiempo de lectura\" \/>\n\t<meta name=\"twitter:data1\" content=\"1 minuto\" \/>\n<script type=\"application\/ld+json\" class=\"yoast-schema-graph\">{\"@context\":\"https:\\\/\\\/schema.org\",\"@graph\":[{\"@type\":\"WebPage\",\"@id\":\"https:\\\/\\\/revistaidees.cat\\\/es\\\/autors\\\/derrick-ofosu-boateng\\\/\",\"url\":\"https:\\\/\\\/revistaidees.cat\\\/es\\\/autors\\\/derrick-ofosu-boateng\\\/\",\"name\":\"Derrick Ofosu Boateng &#8211; IDEES\",\"isPartOf\":{\"@id\":\"https:\\\/\\\/revistaidees.cat\\\/#website\"},\"primaryImageOfPage\":{\"@id\":\"https:\\\/\\\/revistaidees.cat\\\/es\\\/autors\\\/derrick-ofosu-boateng\\\/#primaryimage\"},\"image\":{\"@id\":\"https:\\\/\\\/revistaidees.cat\\\/es\\\/autors\\\/derrick-ofosu-boateng\\\/#primaryimage\"},\"thumbnailUrl\":\"https:\\\/\\\/i0.wp.com\\\/revistaidees.cat\\\/wp-content\\\/uploads\\\/2021\\\/11\\\/Derrick-Ofosu-Boateng.png?fit=4398%2C3032&ssl=1\",\"datePublished\":\"2021-11-17T13:01:06+00:00\",\"dateModified\":\"2021-11-18T14:17:51+00:00\",\"breadcrumb\":{\"@id\":\"https:\\\/\\\/revistaidees.cat\\\/es\\\/autors\\\/derrick-ofosu-boateng\\\/#breadcrumb\"},\"inLanguage\":\"es\",\"potentialAction\":[{\"@type\":\"ReadAction\",\"target\":[\"https:\\\/\\\/revistaidees.cat\\\/es\\\/autors\\\/derrick-ofosu-boateng\\\/\"]}]},{\"@type\":\"ImageObject\",\"inLanguage\":\"es\",\"@id\":\"https:\\\/\\\/revistaidees.cat\\\/es\\\/autors\\\/derrick-ofosu-boateng\\\/#primaryimage\",\"url\":\"https:\\\/\\\/i0.wp.com\\\/revistaidees.cat\\\/wp-content\\\/uploads\\\/2021\\\/11\\\/Derrick-Ofosu-Boateng.png?fit=4398%2C3032&ssl=1\",\"contentUrl\":\"https:\\\/\\\/i0.wp.com\\\/revistaidees.cat\\\/wp-content\\\/uploads\\\/2021\\\/11\\\/Derrick-Ofosu-Boateng.png?fit=4398%2C3032&ssl=1\",\"width\":4398,\"height\":3032},{\"@type\":\"BreadcrumbList\",\"@id\":\"https:\\\/\\\/revistaidees.cat\\\/es\\\/autors\\\/derrick-ofosu-boateng\\\/#breadcrumb\",\"itemListElement\":[{\"@type\":\"ListItem\",\"position\":1,\"name\":\"Inici\",\"item\":\"https:\\\/\\\/revistaidees.cat\\\/es\\\/\"},{\"@type\":\"ListItem\",\"position\":2,\"name\":\"Autors\",\"item\":\"https:\\\/\\\/revistaidees.cat\\\/autors\\\/\"},{\"@type\":\"ListItem\",\"position\":3,\"name\":\"Derrick Ofosu Boateng\"}]},{\"@type\":\"WebSite\",\"@id\":\"https:\\\/\\\/revistaidees.cat\\\/#website\",\"url\":\"https:\\\/\\\/revistaidees.cat\\\/\",\"name\":\"IDEES\",\"description\":\"Revista de temas contempor\u00e1neos\",\"potentialAction\":[{\"@type\":\"SearchAction\",\"target\":{\"@type\":\"EntryPoint\",\"urlTemplate\":\"https:\\\/\\\/revistaidees.cat\\\/?s={search_term_string}\"},\"query-input\":{\"@type\":\"PropertyValueSpecification\",\"valueRequired\":true,\"valueName\":\"search_term_string\"}}],\"inLanguage\":\"es\"}]}<\/script>\n<!-- \/ Yoast SEO plugin. -->","yoast_head_json":{"title":"Derrick Ofosu Boateng &#8211; IDEES","robots":{"index":"index","follow":"follow","max-snippet":"max-snippet:-1","max-image-preview":"max-image-preview:large","max-video-preview":"max-video-preview:-1"},"canonical":"https:\/\/revistaidees.cat\/es\/autors\/derrick-ofosu-boateng\/","og_locale":"es_ES","og_type":"article","og_title":"Derrick Ofosu Boateng &#8211; IDEES","og_description":"Derrick Ofosu Boateng es un fot\u00f3grafo art\u00edstico que se inscribe en un movimiento de arte africano que crea a trav\u00e9s de la lente del \u00abhueismo\u00bb. Inspirada en la riqueza del estilo de vida africano, la fotograf\u00eda contempor\u00e1nea de Derrick tiene como objetivo influir en la percepci\u00f3n que tiene el mundo de \u00c1frica y su arte, a menudo visto a trav\u00e9s de una mirada limitada en el cine y los medios. A trav\u00e9s del arte, Derrick se inspira para representar la belleza del color y la poes\u00eda visual de la cultura, los estilos de vida y los comportamientos africanos cotidianos, \u00abcambiando\u2026","og_url":"https:\/\/revistaidees.cat\/es\/autors\/derrick-ofosu-boateng\/","og_site_name":"IDEES","article_modified_time":"2021-11-18T14:17:51+00:00","og_image":[{"width":1024,"height":706,"url":"https:\/\/revistaidees.cat\/wp-content\/uploads\/2021\/11\/Derrick-Ofosu-Boateng-1024x706.png","type":"image\/png"}],"twitter_card":"summary_large_image","twitter_misc":{"Tiempo de lectura":"1 minuto"},"schema":{"@context":"https:\/\/schema.org","@graph":[{"@type":"WebPage","@id":"https:\/\/revistaidees.cat\/es\/autors\/derrick-ofosu-boateng\/","url":"https:\/\/revistaidees.cat\/es\/autors\/derrick-ofosu-boateng\/","name":"Derrick Ofosu Boateng &#8211; IDEES","isPartOf":{"@id":"https:\/\/revistaidees.cat\/#website"},"primaryImageOfPage":{"@id":"https:\/\/revistaidees.cat\/es\/autors\/derrick-ofosu-boateng\/#primaryimage"},"image":{"@id":"https:\/\/revistaidees.cat\/es\/autors\/derrick-ofosu-boateng\/#primaryimage"},"thumbnailUrl":"https:\/\/i0.wp.com\/revistaidees.cat\/wp-content\/uploads\/2021\/11\/Derrick-Ofosu-Boateng.png?fit=4398%2C3032&ssl=1","datePublished":"2021-11-17T13:01:06+00:00","dateModified":"2021-11-18T14:17:51+00:00","breadcrumb":{"@id":"https:\/\/revistaidees.cat\/es\/autors\/derrick-ofosu-boateng\/#breadcrumb"},"inLanguage":"es","potentialAction":[{"@type":"ReadAction","target":["https:\/\/revistaidees.cat\/es\/autors\/derrick-ofosu-boateng\/"]}]},{"@type":"ImageObject","inLanguage":"es","@id":"https:\/\/revistaidees.cat\/es\/autors\/derrick-ofosu-boateng\/#primaryimage","url":"https:\/\/i0.wp.com\/revistaidees.cat\/wp-content\/uploads\/2021\/11\/Derrick-Ofosu-Boateng.png?fit=4398%2C3032&ssl=1","contentUrl":"https:\/\/i0.wp.com\/revistaidees.cat\/wp-content\/uploads\/2021\/11\/Derrick-Ofosu-Boateng.png?fit=4398%2C3032&ssl=1","width":4398,"height":3032},{"@type":"BreadcrumbList","@id":"https:\/\/revistaidees.cat\/es\/autors\/derrick-ofosu-boateng\/#breadcrumb","itemListElement":[{"@type":"ListItem","position":1,"name":"Inici","item":"https:\/\/revistaidees.cat\/es\/"},{"@type":"ListItem","position":2,"name":"Autors","item":"https:\/\/revistaidees.cat\/autors\/"},{"@type":"ListItem","position":3,"name":"Derrick Ofosu Boateng"}]},{"@type":"WebSite","@id":"https:\/\/revistaidees.cat\/#website","url":"https:\/\/revistaidees.cat\/","name":"IDEES","description":"Revista de temas contempor\u00e1neos","potentialAction":[{"@type":"SearchAction","target":{"@type":"EntryPoint","urlTemplate":"https:\/\/revistaidees.cat\/?s={search_term_string}"},"query-input":{"@type":"PropertyValueSpecification","valueRequired":true,"valueName":"search_term_string"}}],"inLanguage":"es"}]}},"jetpack_sharing_enabled":true,"_links":{"self":[{"href":"https:\/\/revistaidees.cat\/es\/wp-json\/wp\/v2\/autors\/49564","targetHints":{"allow":["GET"]}}],"collection":[{"href":"https:\/\/revistaidees.cat\/es\/wp-json\/wp\/v2\/autors"}],"about":[{"href":"https:\/\/revistaidees.cat\/es\/wp-json\/wp\/v2\/types\/autors"}],"version-history":[{"count":1,"href":"https:\/\/revistaidees.cat\/es\/wp-json\/wp\/v2\/autors\/49564\/revisions"}],"predecessor-version":[{"id":49565,"href":"https:\/\/revistaidees.cat\/es\/wp-json\/wp\/v2\/autors\/49564\/revisions\/49565"}],"wp:featuredmedia":[{"embeddable":true,"href":"https:\/\/revistaidees.cat\/es\/wp-json\/wp\/v2\/media\/49633"}],"wp:attachment":[{"href":"https:\/\/revistaidees.cat\/es\/wp-json\/wp\/v2\/media?parent=49564"}],"wp:term":[{"taxonomy":"category_autors","embeddable":true,"href":"https:\/\/revistaidees.cat\/es\/wp-json\/wp\/v2\/category_autors?post=49564"}],"curies":[{"name":"wp","href":"https:\/\/api.w.org\/{rel}","templated":true}]}}

<p class="wp-block-paragraph">Derrick Ofosu Boateng es un fotógrafo artístico que se inscribe en un movimiento de arte africano que crea a través de la lente del «hueismo». Inspirada en la riqueza del estilo de vida africano, la fotografía contemporánea de Derrick tiene como objetivo influir en la percepción que tiene el mundo de África y su arte, a menudo visto a través de una mirada limitada en el cine y los medios. A través del arte, Derrick se inspira para representar la belleza del color y la poesía visual de la cultura, los estilos de vida y los comportamientos africanos cotidianos, «cambiando así la historia que se cuenta de África». Aunque fueron tomadas en Ghana, Derrick cree que las imágenes íntimas que captura son una representación de la vida en cualquier parte del continente. Derrick comenzó a crear sus imágenes coloridas y conmovedoras, en el iPhone de su padre y editando sus fotos con Photoshop, Picsart, VSCO y la herramienta de edición de imágenes interna del iPhone. Su acercamiento creativo a la fotografía se concibe metódicamente y se autoproduce, y finalmente termina con su proceso de edición.</p>

<!-- This site is optimized with the Yoast SEO plugin v28.3 - https://yoast.com/product/yoast-seo-wordpress/ -->
<title>Derrick Ofosu Boateng &#8211; IDEES</title>
<meta name="robots" content="index, follow, max-snippet:-1, max-image-preview:large, max-video-preview:-1" />
<link rel="canonical" href="https://revistaidees.cat/es/autors/derrick-ofosu-boateng/" />
<meta property="og:locale" content="es_ES" />
<meta property="og:type" content="article" />
<meta property="og:title" content="Derrick Ofosu Boateng &#8211; IDEES" />
<meta property="og:description" content="Derrick Ofosu Boateng es un fotógrafo artístico que se inscribe en un movimiento de arte africano que crea a través de la lente del «hueismo». Inspirada en la riqueza del estilo de vida africano, la fotografía contemporánea de Derrick tiene como objetivo influir en la percepción que tiene el mundo de África y su arte, a menudo visto a través de una mirada limitada en el cine y los medios. A través del arte, Derrick se inspira para representar la belleza del color y la poesía visual de la cultura, los estilos de vida y los comportamientos africanos cotidianos, «cambiando…" />
<meta property="og:url" content="https://revistaidees.cat/es/autors/derrick-ofosu-boateng/" />
<meta property="og:site_name" content="IDEES" />
<meta property="article:modified_time" content="2021-11-18T14:17:51+00:00" />
<meta property="og:image" content="https://revistaidees.cat/wp-content/uploads/2021/11/Derrick-Ofosu-Boateng-1024x706.png" />
	<meta property="og:image:width" content="1024" />
	<meta property="og:image:height" content="706" />
	<meta property="og:image:type" content="image/png" />
<meta name="twitter:card" content="summary_large_image" />
<meta name="twitter:label1" content="Tiempo de lectura" />
	<meta name="twitter:data1" content="1 minuto" />
<script type="application/ld+json" class="yoast-schema-graph">{"@context":"https:\/\/schema.org","@graph":[{"@type":"WebPage","@id":"https:\/\/revistaidees.cat\/es\/autors\/derrick-ofosu-boateng\/","url":"https:\/\/revistaidees.cat\/es\/autors\/derrick-ofosu-boateng\/","name":"Derrick Ofosu Boateng &#8211; IDEES","isPartOf":{"@id":"https:\/\/revistaidees.cat\/#website"},"primaryImageOfPage":{"@id":"https:\/\/revistaidees.cat\/es\/autors\/derrick-ofosu-boateng\/#primaryimage"},"image":{"@id":"https:\/\/revistaidees.cat\/es\/autors\/derrick-ofosu-boateng\/#primaryimage"},"thumbnailUrl":"https:\/\/i0.wp.com\/revistaidees.cat\/wp-content\/uploads\/2021\/11\/Derrick-Ofosu-Boateng.png?fit=4398%2C3032&ssl=1","datePublished":"2021-11-17T13:01:06+00:00","dateModified":"2021-11-18T14:17:51+00:00","breadcrumb":{"@id":"https:\/\/revistaidees.cat\/es\/autors\/derrick-ofosu-boateng\/#breadcrumb"},"inLanguage":"es","potentialAction":[{"@type":"ReadAction","target":["https:\/\/revistaidees.cat\/es\/autors\/derrick-ofosu-boateng\/"]}]},{"@type":"ImageObject","inLanguage":"es","@id":"https:\/\/revistaidees.cat\/es\/autors\/derrick-ofosu-boateng\/#primaryimage","url":"https:\/\/i0.wp.com\/revistaidees.cat\/wp-content\/uploads\/2021\/11\/Derrick-Ofosu-Boateng.png?fit=4398%2C3032&ssl=1","contentUrl":"https:\/\/i0.wp.com\/revistaidees.cat\/wp-content\/uploads\/2021\/11\/Derrick-Ofosu-Boateng.png?fit=4398%2C3032&ssl=1","width":4398,"height":3032},{"@type":"BreadcrumbList","@id":"https:\/\/revistaidees.cat\/es\/autors\/derrick-ofosu-boateng\/#breadcrumb","itemListElement":[{"@type":"ListItem","position":1,"name":"Inici","item":"https:\/\/revistaidees.cat\/es\/"},{"@type":"ListItem","position":2,"name":"Autors","item":"https:\/\/revistaidees.cat\/autors\/"},{"@type":"ListItem","position":3,"name":"Derrick Ofosu Boateng"}]},{"@type":"WebSite","@id":"https:\/\/revistaidees.cat\/#website","url":"https:\/\/revistaidees.cat\/","name":"IDEES","description":"Revista de temas contemporáneos","potentialAction":[{"@type":"SearchAction","target":{"@type":"EntryPoint","urlTemplate":"https:\/\/revistaidees.cat\/?s={search_term_string}"},"query-input":{"@type":"PropertyValueSpecification","valueRequired":true,"valueName":"search_term_string"}}],"inLanguage":"es"}]}</script>
<!-- / Yoast SEO plugin. -->

Derrick Ofosu Boateng es un fotógrafo artístico que se inscribe en un movimiento de arte africano que crea a través de la lente del «hueismo». Inspirada en la riqueza del estilo de vida africano, la fotografía contemporánea de Derrick tiene como objetivo influir en la percepción que tiene el mundo de África y su arte, a menudo visto a través de una mirada limitada en el cine y los medios. A través del arte, Derrick se inspira para representar la belleza del color y la poesía visual de la cultura, los estilos de vida y los comportamientos africanos cotidianos, «cambiando…

Revista de temas contemporáneos
