{"id":49600,"date":"2021-11-17T16:21:29","date_gmt":"2021-11-17T16:21:29","guid":{"rendered":"https:\/\/revistaidees.cat\/?post_type=autors&#038;p=49600"},"modified":"2021-11-18T14:17:26","modified_gmt":"2021-11-18T14:17:26","slug":"liesl-louw-vaudran","status":"publish","type":"autors","link":"https:\/\/revistaidees.cat\/es\/autors\/liesl-louw-vaudran\/","title":{"rendered":"Liesl Louw-Vaudran"},"content":{"rendered":"\n<p>Liesl Louw-Vaudran es jefa de investigaci\u00f3n y directora de proyectos del Instituto de Estudios de Seguridad (ISS) de Pretoria, Sud\u00e1frica. Tambi\u00e9n es editora de la publicaci\u00f3n mensual que edita esta instituci\u00f3n sobre la Uni\u00f3n Africana, <em>The PSC Report<\/em>. Licenciada en Ciencias Pol\u00edticas por la Universidad de Pretoria, es autora de dos libros y de varios art\u00edculos como \u00abLeading through consensus: South Africa chairs the AU\u00bb (ISS, 2019), \u00abThe meaning of Morocco\u2019s return to the AU\u00bb (informe sobre \u00c1frica Septentrional, ISS, 2018) o \u00abCan South Africa regain its gravitas in Africa?\u00bb (Security Institute for Governance and Leadership in Africa \u2013 Universidad de Stellenbosch, 2017). Su libro sobre pol\u00edtica exterior sudafricana, <em>South Africa in Africa: Superpower or Neocolonialist?<\/em>, se public\u00f3 en 2016. Tambi\u00e9n es integrante de la junta del proyecto <em>In Transformation Initiative<\/em>, una organizaci\u00f3n sin \u00e1nimo de lucro centrada en la construcci\u00f3n de la paz en \u00c1frica y en el mundo.<\/p>\n","protected":false},"featured_media":49526,"template":"","category_autors":[],"class_list":["post-49600","autors","type-autors","status-publish","has-post-thumbnail","hentry"],"acf":[],"yoast_head":"<!-- This site is optimized with the Yoast SEO plugin v27.4 - https:\/\/yoast.com\/product\/yoast-seo-wordpress\/ -->\n<title>Liesl Louw-Vaudran &#8211; IDEES<\/title>\n<meta name=\"robots\" content=\"index, follow, max-snippet:-1, max-image-preview:large, max-video-preview:-1\" \/>\n<link rel=\"canonical\" href=\"https:\/\/revistaidees.cat\/es\/autors\/liesl-louw-vaudran\/\" \/>\n<meta property=\"og:locale\" content=\"es_ES\" \/>\n<meta property=\"og:type\" content=\"article\" \/>\n<meta property=\"og:title\" content=\"Liesl Louw-Vaudran &#8211; IDEES\" \/>\n<meta property=\"og:description\" content=\"Liesl Louw-Vaudran es jefa de investigaci\u00f3n y directora de proyectos del Instituto de Estudios de Seguridad (ISS) de Pretoria, Sud\u00e1frica. Tambi\u00e9n es editora de la publicaci\u00f3n mensual que edita esta instituci\u00f3n sobre la Uni\u00f3n Africana, The PSC Report. Licenciada en Ciencias Pol\u00edticas por la Universidad de Pretoria, es autora de dos libros y de varios art\u00edculos como \u00abLeading through consensus: South Africa chairs the AU\u00bb (ISS, 2019), \u00abThe meaning of Morocco\u2019s return to the AU\u00bb (informe sobre \u00c1frica Septentrional, ISS, 2018) o \u00abCan South Africa regain its gravitas in Africa?\u00bb (Security Institute for Governance and Leadership in Africa \u2013 Universidad\u2026\" \/>\n<meta property=\"og:url\" content=\"https:\/\/revistaidees.cat\/es\/autors\/liesl-louw-vaudran\/\" \/>\n<meta property=\"og:site_name\" content=\"IDEES\" \/>\n<meta property=\"article:modified_time\" content=\"2021-11-18T14:17:26+00:00\" \/>\n<meta property=\"og:image\" content=\"https:\/\/i0.wp.com\/revistaidees.cat\/wp-content\/uploads\/2021\/11\/Liesl-Louw-Vaudran.png?fit=400%2C306&ssl=1\" \/>\n\t<meta property=\"og:image:width\" content=\"400\" \/>\n\t<meta property=\"og:image:height\" content=\"306\" \/>\n\t<meta property=\"og:image:type\" content=\"image\/png\" \/>\n<meta name=\"twitter:card\" content=\"summary_large_image\" \/>\n<meta name=\"twitter:label1\" content=\"Tiempo de lectura\" \/>\n\t<meta name=\"twitter:data1\" content=\"1 minuto\" \/>\n<script type=\"application\/ld+json\" class=\"yoast-schema-graph\">{\"@context\":\"https:\\\/\\\/schema.org\",\"@graph\":[{\"@type\":\"WebPage\",\"@id\":\"https:\\\/\\\/revistaidees.cat\\\/es\\\/autors\\\/liesl-louw-vaudran\\\/\",\"url\":\"https:\\\/\\\/revistaidees.cat\\\/es\\\/autors\\\/liesl-louw-vaudran\\\/\",\"name\":\"Liesl Louw-Vaudran &#8211; IDEES\",\"isPartOf\":{\"@id\":\"https:\\\/\\\/revistaidees.cat\\\/#website\"},\"primaryImageOfPage\":{\"@id\":\"https:\\\/\\\/revistaidees.cat\\\/es\\\/autors\\\/liesl-louw-vaudran\\\/#primaryimage\"},\"image\":{\"@id\":\"https:\\\/\\\/revistaidees.cat\\\/es\\\/autors\\\/liesl-louw-vaudran\\\/#primaryimage\"},\"thumbnailUrl\":\"https:\\\/\\\/i0.wp.com\\\/revistaidees.cat\\\/wp-content\\\/uploads\\\/2021\\\/11\\\/Liesl-Louw-Vaudran.png?fit=400%2C306&ssl=1\",\"datePublished\":\"2021-11-17T16:21:29+00:00\",\"dateModified\":\"2021-11-18T14:17:26+00:00\",\"breadcrumb\":{\"@id\":\"https:\\\/\\\/revistaidees.cat\\\/es\\\/autors\\\/liesl-louw-vaudran\\\/#breadcrumb\"},\"inLanguage\":\"es\",\"potentialAction\":[{\"@type\":\"ReadAction\",\"target\":[\"https:\\\/\\\/revistaidees.cat\\\/es\\\/autors\\\/liesl-louw-vaudran\\\/\"]}]},{\"@type\":\"ImageObject\",\"inLanguage\":\"es\",\"@id\":\"https:\\\/\\\/revistaidees.cat\\\/es\\\/autors\\\/liesl-louw-vaudran\\\/#primaryimage\",\"url\":\"https:\\\/\\\/i0.wp.com\\\/revistaidees.cat\\\/wp-content\\\/uploads\\\/2021\\\/11\\\/Liesl-Louw-Vaudran.png?fit=400%2C306&ssl=1\",\"contentUrl\":\"https:\\\/\\\/i0.wp.com\\\/revistaidees.cat\\\/wp-content\\\/uploads\\\/2021\\\/11\\\/Liesl-Louw-Vaudran.png?fit=400%2C306&ssl=1\",\"width\":400,\"height\":306},{\"@type\":\"BreadcrumbList\",\"@id\":\"https:\\\/\\\/revistaidees.cat\\\/es\\\/autors\\\/liesl-louw-vaudran\\\/#breadcrumb\",\"itemListElement\":[{\"@type\":\"ListItem\",\"position\":1,\"name\":\"Inici\",\"item\":\"https:\\\/\\\/revistaidees.cat\\\/es\\\/\"},{\"@type\":\"ListItem\",\"position\":2,\"name\":\"Autors\",\"item\":\"https:\\\/\\\/revistaidees.cat\\\/autors\\\/\"},{\"@type\":\"ListItem\",\"position\":3,\"name\":\"Liesl Louw-Vaudran\"}]},{\"@type\":\"WebSite\",\"@id\":\"https:\\\/\\\/revistaidees.cat\\\/#website\",\"url\":\"https:\\\/\\\/revistaidees.cat\\\/\",\"name\":\"IDEES\",\"description\":\"Revista de temas contempor\u00e1neos\",\"potentialAction\":[{\"@type\":\"SearchAction\",\"target\":{\"@type\":\"EntryPoint\",\"urlTemplate\":\"https:\\\/\\\/revistaidees.cat\\\/?s={search_term_string}\"},\"query-input\":{\"@type\":\"PropertyValueSpecification\",\"valueRequired\":true,\"valueName\":\"search_term_string\"}}],\"inLanguage\":\"es\"}]}<\/script>\n<!-- \/ Yoast SEO plugin. -->","yoast_head_json":{"title":"Liesl Louw-Vaudran &#8211; IDEES","robots":{"index":"index","follow":"follow","max-snippet":"max-snippet:-1","max-image-preview":"max-image-preview:large","max-video-preview":"max-video-preview:-1"},"canonical":"https:\/\/revistaidees.cat\/es\/autors\/liesl-louw-vaudran\/","og_locale":"es_ES","og_type":"article","og_title":"Liesl Louw-Vaudran &#8211; IDEES","og_description":"Liesl Louw-Vaudran es jefa de investigaci\u00f3n y directora de proyectos del Instituto de Estudios de Seguridad (ISS) de Pretoria, Sud\u00e1frica. Tambi\u00e9n es editora de la publicaci\u00f3n mensual que edita esta instituci\u00f3n sobre la Uni\u00f3n Africana, The PSC Report. Licenciada en Ciencias Pol\u00edticas por la Universidad de Pretoria, es autora de dos libros y de varios art\u00edculos como \u00abLeading through consensus: South Africa chairs the AU\u00bb (ISS, 2019), \u00abThe meaning of Morocco\u2019s return to the AU\u00bb (informe sobre \u00c1frica Septentrional, ISS, 2018) o \u00abCan South Africa regain its gravitas in Africa?\u00bb (Security Institute for Governance and Leadership in Africa \u2013 Universidad\u2026","og_url":"https:\/\/revistaidees.cat\/es\/autors\/liesl-louw-vaudran\/","og_site_name":"IDEES","article_modified_time":"2021-11-18T14:17:26+00:00","og_image":[{"width":400,"height":306,"url":"https:\/\/i0.wp.com\/revistaidees.cat\/wp-content\/uploads\/2021\/11\/Liesl-Louw-Vaudran.png?fit=400%2C306&ssl=1","type":"image\/png"}],"twitter_card":"summary_large_image","twitter_misc":{"Tiempo de lectura":"1 minuto"},"schema":{"@context":"https:\/\/schema.org","@graph":[{"@type":"WebPage","@id":"https:\/\/revistaidees.cat\/es\/autors\/liesl-louw-vaudran\/","url":"https:\/\/revistaidees.cat\/es\/autors\/liesl-louw-vaudran\/","name":"Liesl Louw-Vaudran &#8211; IDEES","isPartOf":{"@id":"https:\/\/revistaidees.cat\/#website"},"primaryImageOfPage":{"@id":"https:\/\/revistaidees.cat\/es\/autors\/liesl-louw-vaudran\/#primaryimage"},"image":{"@id":"https:\/\/revistaidees.cat\/es\/autors\/liesl-louw-vaudran\/#primaryimage"},"thumbnailUrl":"https:\/\/i0.wp.com\/revistaidees.cat\/wp-content\/uploads\/2021\/11\/Liesl-Louw-Vaudran.png?fit=400%2C306&ssl=1","datePublished":"2021-11-17T16:21:29+00:00","dateModified":"2021-11-18T14:17:26+00:00","breadcrumb":{"@id":"https:\/\/revistaidees.cat\/es\/autors\/liesl-louw-vaudran\/#breadcrumb"},"inLanguage":"es","potentialAction":[{"@type":"ReadAction","target":["https:\/\/revistaidees.cat\/es\/autors\/liesl-louw-vaudran\/"]}]},{"@type":"ImageObject","inLanguage":"es","@id":"https:\/\/revistaidees.cat\/es\/autors\/liesl-louw-vaudran\/#primaryimage","url":"https:\/\/i0.wp.com\/revistaidees.cat\/wp-content\/uploads\/2021\/11\/Liesl-Louw-Vaudran.png?fit=400%2C306&ssl=1","contentUrl":"https:\/\/i0.wp.com\/revistaidees.cat\/wp-content\/uploads\/2021\/11\/Liesl-Louw-Vaudran.png?fit=400%2C306&ssl=1","width":400,"height":306},{"@type":"BreadcrumbList","@id":"https:\/\/revistaidees.cat\/es\/autors\/liesl-louw-vaudran\/#breadcrumb","itemListElement":[{"@type":"ListItem","position":1,"name":"Inici","item":"https:\/\/revistaidees.cat\/es\/"},{"@type":"ListItem","position":2,"name":"Autors","item":"https:\/\/revistaidees.cat\/autors\/"},{"@type":"ListItem","position":3,"name":"Liesl Louw-Vaudran"}]},{"@type":"WebSite","@id":"https:\/\/revistaidees.cat\/#website","url":"https:\/\/revistaidees.cat\/","name":"IDEES","description":"Revista de temas contempor\u00e1neos","potentialAction":[{"@type":"SearchAction","target":{"@type":"EntryPoint","urlTemplate":"https:\/\/revistaidees.cat\/?s={search_term_string}"},"query-input":{"@type":"PropertyValueSpecification","valueRequired":true,"valueName":"search_term_string"}}],"inLanguage":"es"}]}},"jetpack_sharing_enabled":true,"_links":{"self":[{"href":"https:\/\/revistaidees.cat\/es\/wp-json\/wp\/v2\/autors\/49600","targetHints":{"allow":["GET"]}}],"collection":[{"href":"https:\/\/revistaidees.cat\/es\/wp-json\/wp\/v2\/autors"}],"about":[{"href":"https:\/\/revistaidees.cat\/es\/wp-json\/wp\/v2\/types\/autors"}],"version-history":[{"count":3,"href":"https:\/\/revistaidees.cat\/es\/wp-json\/wp\/v2\/autors\/49600\/revisions"}],"predecessor-version":[{"id":49609,"href":"https:\/\/revistaidees.cat\/es\/wp-json\/wp\/v2\/autors\/49600\/revisions\/49609"}],"wp:featuredmedia":[{"embeddable":true,"href":"https:\/\/revistaidees.cat\/es\/wp-json\/wp\/v2\/media\/49526"}],"wp:attachment":[{"href":"https:\/\/revistaidees.cat\/es\/wp-json\/wp\/v2\/media?parent=49600"}],"wp:term":[{"taxonomy":"category_autors","embeddable":true,"href":"https:\/\/revistaidees.cat\/es\/wp-json\/wp\/v2\/category_autors?post=49600"}],"curies":[{"name":"wp","href":"https:\/\/api.w.org\/{rel}","templated":true}]}}

<p>Liesl Louw-Vaudran es jefa de investigación y directora de proyectos del Instituto de Estudios de Seguridad (ISS) de Pretoria, Sudáfrica. También es editora de la publicación mensual que edita esta institución sobre la Unión Africana, <em>The PSC Report</em>. Licenciada en Ciencias Políticas por la Universidad de Pretoria, es autora de dos libros y de varios artículos como «Leading through consensus: South Africa chairs the AU» (ISS, 2019), «The meaning of Morocco’s return to the AU» (informe sobre África Septentrional, ISS, 2018) o «Can South Africa regain its gravitas in Africa?» (Security Institute for Governance and Leadership in Africa – Universidad de Stellenbosch, 2017). Su libro sobre política exterior sudafricana, <em>South Africa in Africa: Superpower or Neocolonialist?</em>, se publicó en 2016. También es integrante de la junta del proyecto <em>In Transformation Initiative</em>, una organización sin ánimo de lucro centrada en la construcción de la paz en África y en el mundo.</p>

<!-- This site is optimized with the Yoast SEO plugin v27.4 - https://yoast.com/product/yoast-seo-wordpress/ -->
<title>Liesl Louw-Vaudran &#8211; IDEES</title>
<meta name="robots" content="index, follow, max-snippet:-1, max-image-preview:large, max-video-preview:-1" />
<link rel="canonical" href="https://revistaidees.cat/es/autors/liesl-louw-vaudran/" />
<meta property="og:locale" content="es_ES" />
<meta property="og:type" content="article" />
<meta property="og:title" content="Liesl Louw-Vaudran &#8211; IDEES" />
<meta property="og:description" content="Liesl Louw-Vaudran es jefa de investigación y directora de proyectos del Instituto de Estudios de Seguridad (ISS) de Pretoria, Sudáfrica. También es editora de la publicación mensual que edita esta institución sobre la Unión Africana, The PSC Report. Licenciada en Ciencias Políticas por la Universidad de Pretoria, es autora de dos libros y de varios artículos como «Leading through consensus: South Africa chairs the AU» (ISS, 2019), «The meaning of Morocco’s return to the AU» (informe sobre África Septentrional, ISS, 2018) o «Can South Africa regain its gravitas in Africa?» (Security Institute for Governance and Leadership in Africa – Universidad…" />
<meta property="og:url" content="https://revistaidees.cat/es/autors/liesl-louw-vaudran/" />
<meta property="og:site_name" content="IDEES" />
<meta property="article:modified_time" content="2021-11-18T14:17:26+00:00" />
<meta property="og:image" content="https://i0.wp.com/revistaidees.cat/wp-content/uploads/2021/11/Liesl-Louw-Vaudran.png?fit=400%2C306&ssl=1" />
	<meta property="og:image:width" content="400" />
	<meta property="og:image:height" content="306" />
	<meta property="og:image:type" content="image/png" />
<meta name="twitter:card" content="summary_large_image" />
<meta name="twitter:label1" content="Tiempo de lectura" />
	<meta name="twitter:data1" content="1 minuto" />
<script type="application/ld+json" class="yoast-schema-graph">{"@context":"https:\/\/schema.org","@graph":[{"@type":"WebPage","@id":"https:\/\/revistaidees.cat\/es\/autors\/liesl-louw-vaudran\/","url":"https:\/\/revistaidees.cat\/es\/autors\/liesl-louw-vaudran\/","name":"Liesl Louw-Vaudran &#8211; IDEES","isPartOf":{"@id":"https:\/\/revistaidees.cat\/#website"},"primaryImageOfPage":{"@id":"https:\/\/revistaidees.cat\/es\/autors\/liesl-louw-vaudran\/#primaryimage"},"image":{"@id":"https:\/\/revistaidees.cat\/es\/autors\/liesl-louw-vaudran\/#primaryimage"},"thumbnailUrl":"https:\/\/i0.wp.com\/revistaidees.cat\/wp-content\/uploads\/2021\/11\/Liesl-Louw-Vaudran.png?fit=400%2C306&ssl=1","datePublished":"2021-11-17T16:21:29+00:00","dateModified":"2021-11-18T14:17:26+00:00","breadcrumb":{"@id":"https:\/\/revistaidees.cat\/es\/autors\/liesl-louw-vaudran\/#breadcrumb"},"inLanguage":"es","potentialAction":[{"@type":"ReadAction","target":["https:\/\/revistaidees.cat\/es\/autors\/liesl-louw-vaudran\/"]}]},{"@type":"ImageObject","inLanguage":"es","@id":"https:\/\/revistaidees.cat\/es\/autors\/liesl-louw-vaudran\/#primaryimage","url":"https:\/\/i0.wp.com\/revistaidees.cat\/wp-content\/uploads\/2021\/11\/Liesl-Louw-Vaudran.png?fit=400%2C306&ssl=1","contentUrl":"https:\/\/i0.wp.com\/revistaidees.cat\/wp-content\/uploads\/2021\/11\/Liesl-Louw-Vaudran.png?fit=400%2C306&ssl=1","width":400,"height":306},{"@type":"BreadcrumbList","@id":"https:\/\/revistaidees.cat\/es\/autors\/liesl-louw-vaudran\/#breadcrumb","itemListElement":[{"@type":"ListItem","position":1,"name":"Inici","item":"https:\/\/revistaidees.cat\/es\/"},{"@type":"ListItem","position":2,"name":"Autors","item":"https:\/\/revistaidees.cat\/autors\/"},{"@type":"ListItem","position":3,"name":"Liesl Louw-Vaudran"}]},{"@type":"WebSite","@id":"https:\/\/revistaidees.cat\/#website","url":"https:\/\/revistaidees.cat\/","name":"IDEES","description":"Revista de temas contemporáneos","potentialAction":[{"@type":"SearchAction","target":{"@type":"EntryPoint","urlTemplate":"https:\/\/revistaidees.cat\/?s={search_term_string}"},"query-input":{"@type":"PropertyValueSpecification","valueRequired":true,"valueName":"search_term_string"}}],"inLanguage":"es"}]}</script>
<!-- / Yoast SEO plugin. -->

Liesl Louw-Vaudran es jefa de investigación y directora de proyectos del Instituto de Estudios de Seguridad (ISS) de Pretoria, Sudáfrica. También es editora de la publicación mensual que edita esta institución sobre la Unión Africana, The PSC Report. Licenciada en Ciencias Políticas por la Universidad de Pretoria, es autora de dos libros y de varios artículos como «Leading through consensus: South Africa chairs the AU» (ISS, 2019), «The meaning of Morocco’s return to the AU» (informe sobre África Septentrional, ISS, 2018) o «Can South Africa regain its gravitas in Africa?» (Security Institute for Governance and Leadership in Africa – Universidad…

Revista de temas contemporáneos
