{"id":51067,"date":"2021-12-01T11:29:15","date_gmt":"2021-12-01T11:29:15","guid":{"rendered":"https:\/\/revistaidees.cat\/?post_type=autors&#038;p=51067"},"modified":"2021-12-10T11:26:53","modified_gmt":"2021-12-10T11:26:53","slug":"belen-aguero","status":"publish","type":"autors","link":"https:\/\/revistaidees.cat\/es\/autors\/belen-aguero\/","title":{"rendered":"Bel\u00e9n Ag\u00fcero"},"content":{"rendered":"\n<p>M. Bel\u00e9n Ag\u00fcero es Licenciada en Relaciones Internacionales por la Universidad Cat\u00f3lica de Salta, Argentina, y cuenta con un M\u00e1ster en Cooperaci\u00f3n Internacional y Gesti\u00f3n de Pol\u00edticas P\u00fablicas, Programas y Proyectos de Desarrollo por la Universidad Internacional Men\u00e9ndez Pelayo, en alianza con el Instituto Ortega y Gasset. Acumula experiencia en consultor\u00edas de cooperaci\u00f3n y an\u00e1lisis de pol\u00edticas p\u00fablicas, en el \u00e1rea de evaluaci\u00f3n ex ante y post de proyectos de cooperaci\u00f3n descentralizada al desarrollo, as\u00ed como en consultor\u00edas de investigaci\u00f3n y an\u00e1lisis de pol\u00edticas de desarrollo, trabajando para instituciones espa\u00f1olas e internacionales. Sus \u00e1reas de especializaci\u00f3n son la coherencia en las pol\u00edticas p\u00fablicas, la cooperaci\u00f3n descentralizada, la Agenda 2030 y el uso de la tecnolog\u00eda para la promoci\u00f3n de la rendici\u00f3n de cuentas. Actualmente trabaja como investigadora en Political Watch y colabora con el \u00e1rea de comunicaci\u00f3n del Instituto de Cooperaci\u00f3n Internacional y Desarrollo Municipal (INCIDEM).<\/p>\n","protected":false},"featured_media":50988,"template":"","category_autors":[],"class_list":["post-51067","autors","type-autors","status-publish","has-post-thumbnail","hentry"],"acf":[],"yoast_head":"<!-- This site is optimized with the Yoast SEO plugin v27.5 - https:\/\/yoast.com\/product\/yoast-seo-wordpress\/ -->\n<title>Bel\u00e9n Ag\u00fcero &#8211; IDEES<\/title>\n<meta name=\"robots\" content=\"index, follow, max-snippet:-1, max-image-preview:large, max-video-preview:-1\" \/>\n<link rel=\"canonical\" href=\"https:\/\/revistaidees.cat\/es\/autors\/belen-aguero\/\" \/>\n<meta property=\"og:locale\" content=\"es_ES\" \/>\n<meta property=\"og:type\" content=\"article\" \/>\n<meta property=\"og:title\" content=\"Bel\u00e9n Ag\u00fcero &#8211; IDEES\" \/>\n<meta property=\"og:description\" content=\"M. Bel\u00e9n Ag\u00fcero es Licenciada en Relaciones Internacionales por la Universidad Cat\u00f3lica de Salta, Argentina, y cuenta con un M\u00e1ster en Cooperaci\u00f3n Internacional y Gesti\u00f3n de Pol\u00edticas P\u00fablicas, Programas y Proyectos de Desarrollo por la Universidad Internacional Men\u00e9ndez Pelayo, en alianza con el Instituto Ortega y Gasset. Acumula experiencia en consultor\u00edas de cooperaci\u00f3n y an\u00e1lisis de pol\u00edticas p\u00fablicas, en el \u00e1rea de evaluaci\u00f3n ex ante y post de proyectos de cooperaci\u00f3n descentralizada al desarrollo, as\u00ed como en consultor\u00edas de investigaci\u00f3n y an\u00e1lisis de pol\u00edticas de desarrollo, trabajando para instituciones espa\u00f1olas e internacionales. Sus \u00e1reas de especializaci\u00f3n son la coherencia en\u2026\" \/>\n<meta property=\"og:url\" content=\"https:\/\/revistaidees.cat\/es\/autors\/belen-aguero\/\" \/>\n<meta property=\"og:site_name\" content=\"IDEES\" \/>\n<meta property=\"article:modified_time\" content=\"2021-12-10T11:26:53+00:00\" \/>\n<meta property=\"og:image\" content=\"https:\/\/i0.wp.com\/revistaidees.cat\/wp-content\/uploads\/2021\/12\/Belen-Aguero.jpg?fit=448%2C328&ssl=1\" \/>\n\t<meta property=\"og:image:width\" content=\"448\" \/>\n\t<meta property=\"og:image:height\" content=\"328\" \/>\n\t<meta property=\"og:image:type\" content=\"image\/jpeg\" \/>\n<meta name=\"twitter:card\" content=\"summary_large_image\" \/>\n<meta name=\"twitter:label1\" content=\"Tiempo de lectura\" \/>\n\t<meta name=\"twitter:data1\" content=\"1 minuto\" \/>\n<script type=\"application\/ld+json\" class=\"yoast-schema-graph\">{\"@context\":\"https:\\\/\\\/schema.org\",\"@graph\":[{\"@type\":\"WebPage\",\"@id\":\"https:\\\/\\\/revistaidees.cat\\\/es\\\/autors\\\/belen-aguero\\\/\",\"url\":\"https:\\\/\\\/revistaidees.cat\\\/es\\\/autors\\\/belen-aguero\\\/\",\"name\":\"Bel\u00e9n Ag\u00fcero &#8211; IDEES\",\"isPartOf\":{\"@id\":\"https:\\\/\\\/revistaidees.cat\\\/#website\"},\"primaryImageOfPage\":{\"@id\":\"https:\\\/\\\/revistaidees.cat\\\/es\\\/autors\\\/belen-aguero\\\/#primaryimage\"},\"image\":{\"@id\":\"https:\\\/\\\/revistaidees.cat\\\/es\\\/autors\\\/belen-aguero\\\/#primaryimage\"},\"thumbnailUrl\":\"https:\\\/\\\/i0.wp.com\\\/revistaidees.cat\\\/wp-content\\\/uploads\\\/2021\\\/12\\\/Belen-Aguero.jpg?fit=448%2C328&ssl=1\",\"datePublished\":\"2021-12-01T11:29:15+00:00\",\"dateModified\":\"2021-12-10T11:26:53+00:00\",\"breadcrumb\":{\"@id\":\"https:\\\/\\\/revistaidees.cat\\\/es\\\/autors\\\/belen-aguero\\\/#breadcrumb\"},\"inLanguage\":\"es\",\"potentialAction\":[{\"@type\":\"ReadAction\",\"target\":[\"https:\\\/\\\/revistaidees.cat\\\/es\\\/autors\\\/belen-aguero\\\/\"]}]},{\"@type\":\"ImageObject\",\"inLanguage\":\"es\",\"@id\":\"https:\\\/\\\/revistaidees.cat\\\/es\\\/autors\\\/belen-aguero\\\/#primaryimage\",\"url\":\"https:\\\/\\\/i0.wp.com\\\/revistaidees.cat\\\/wp-content\\\/uploads\\\/2021\\\/12\\\/Belen-Aguero.jpg?fit=448%2C328&ssl=1\",\"contentUrl\":\"https:\\\/\\\/i0.wp.com\\\/revistaidees.cat\\\/wp-content\\\/uploads\\\/2021\\\/12\\\/Belen-Aguero.jpg?fit=448%2C328&ssl=1\",\"width\":448,\"height\":328},{\"@type\":\"BreadcrumbList\",\"@id\":\"https:\\\/\\\/revistaidees.cat\\\/es\\\/autors\\\/belen-aguero\\\/#breadcrumb\",\"itemListElement\":[{\"@type\":\"ListItem\",\"position\":1,\"name\":\"Inici\",\"item\":\"https:\\\/\\\/revistaidees.cat\\\/es\\\/\"},{\"@type\":\"ListItem\",\"position\":2,\"name\":\"Autors\",\"item\":\"https:\\\/\\\/revistaidees.cat\\\/autors\\\/\"},{\"@type\":\"ListItem\",\"position\":3,\"name\":\"Bel\u00e9n Ag\u00fcero\"}]},{\"@type\":\"WebSite\",\"@id\":\"https:\\\/\\\/revistaidees.cat\\\/#website\",\"url\":\"https:\\\/\\\/revistaidees.cat\\\/\",\"name\":\"IDEES\",\"description\":\"Revista de temas contempor\u00e1neos\",\"potentialAction\":[{\"@type\":\"SearchAction\",\"target\":{\"@type\":\"EntryPoint\",\"urlTemplate\":\"https:\\\/\\\/revistaidees.cat\\\/?s={search_term_string}\"},\"query-input\":{\"@type\":\"PropertyValueSpecification\",\"valueRequired\":true,\"valueName\":\"search_term_string\"}}],\"inLanguage\":\"es\"}]}<\/script>\n<!-- \/ Yoast SEO plugin. -->","yoast_head_json":{"title":"Bel\u00e9n Ag\u00fcero &#8211; IDEES","robots":{"index":"index","follow":"follow","max-snippet":"max-snippet:-1","max-image-preview":"max-image-preview:large","max-video-preview":"max-video-preview:-1"},"canonical":"https:\/\/revistaidees.cat\/es\/autors\/belen-aguero\/","og_locale":"es_ES","og_type":"article","og_title":"Bel\u00e9n Ag\u00fcero &#8211; IDEES","og_description":"M. Bel\u00e9n Ag\u00fcero es Licenciada en Relaciones Internacionales por la Universidad Cat\u00f3lica de Salta, Argentina, y cuenta con un M\u00e1ster en Cooperaci\u00f3n Internacional y Gesti\u00f3n de Pol\u00edticas P\u00fablicas, Programas y Proyectos de Desarrollo por la Universidad Internacional Men\u00e9ndez Pelayo, en alianza con el Instituto Ortega y Gasset. Acumula experiencia en consultor\u00edas de cooperaci\u00f3n y an\u00e1lisis de pol\u00edticas p\u00fablicas, en el \u00e1rea de evaluaci\u00f3n ex ante y post de proyectos de cooperaci\u00f3n descentralizada al desarrollo, as\u00ed como en consultor\u00edas de investigaci\u00f3n y an\u00e1lisis de pol\u00edticas de desarrollo, trabajando para instituciones espa\u00f1olas e internacionales. Sus \u00e1reas de especializaci\u00f3n son la coherencia en\u2026","og_url":"https:\/\/revistaidees.cat\/es\/autors\/belen-aguero\/","og_site_name":"IDEES","article_modified_time":"2021-12-10T11:26:53+00:00","og_image":[{"width":448,"height":328,"url":"https:\/\/i0.wp.com\/revistaidees.cat\/wp-content\/uploads\/2021\/12\/Belen-Aguero.jpg?fit=448%2C328&ssl=1","type":"image\/jpeg"}],"twitter_card":"summary_large_image","twitter_misc":{"Tiempo de lectura":"1 minuto"},"schema":{"@context":"https:\/\/schema.org","@graph":[{"@type":"WebPage","@id":"https:\/\/revistaidees.cat\/es\/autors\/belen-aguero\/","url":"https:\/\/revistaidees.cat\/es\/autors\/belen-aguero\/","name":"Bel\u00e9n Ag\u00fcero &#8211; IDEES","isPartOf":{"@id":"https:\/\/revistaidees.cat\/#website"},"primaryImageOfPage":{"@id":"https:\/\/revistaidees.cat\/es\/autors\/belen-aguero\/#primaryimage"},"image":{"@id":"https:\/\/revistaidees.cat\/es\/autors\/belen-aguero\/#primaryimage"},"thumbnailUrl":"https:\/\/i0.wp.com\/revistaidees.cat\/wp-content\/uploads\/2021\/12\/Belen-Aguero.jpg?fit=448%2C328&ssl=1","datePublished":"2021-12-01T11:29:15+00:00","dateModified":"2021-12-10T11:26:53+00:00","breadcrumb":{"@id":"https:\/\/revistaidees.cat\/es\/autors\/belen-aguero\/#breadcrumb"},"inLanguage":"es","potentialAction":[{"@type":"ReadAction","target":["https:\/\/revistaidees.cat\/es\/autors\/belen-aguero\/"]}]},{"@type":"ImageObject","inLanguage":"es","@id":"https:\/\/revistaidees.cat\/es\/autors\/belen-aguero\/#primaryimage","url":"https:\/\/i0.wp.com\/revistaidees.cat\/wp-content\/uploads\/2021\/12\/Belen-Aguero.jpg?fit=448%2C328&ssl=1","contentUrl":"https:\/\/i0.wp.com\/revistaidees.cat\/wp-content\/uploads\/2021\/12\/Belen-Aguero.jpg?fit=448%2C328&ssl=1","width":448,"height":328},{"@type":"BreadcrumbList","@id":"https:\/\/revistaidees.cat\/es\/autors\/belen-aguero\/#breadcrumb","itemListElement":[{"@type":"ListItem","position":1,"name":"Inici","item":"https:\/\/revistaidees.cat\/es\/"},{"@type":"ListItem","position":2,"name":"Autors","item":"https:\/\/revistaidees.cat\/autors\/"},{"@type":"ListItem","position":3,"name":"Bel\u00e9n Ag\u00fcero"}]},{"@type":"WebSite","@id":"https:\/\/revistaidees.cat\/#website","url":"https:\/\/revistaidees.cat\/","name":"IDEES","description":"Revista de temas contempor\u00e1neos","potentialAction":[{"@type":"SearchAction","target":{"@type":"EntryPoint","urlTemplate":"https:\/\/revistaidees.cat\/?s={search_term_string}"},"query-input":{"@type":"PropertyValueSpecification","valueRequired":true,"valueName":"search_term_string"}}],"inLanguage":"es"}]}},"jetpack_sharing_enabled":true,"_links":{"self":[{"href":"https:\/\/revistaidees.cat\/es\/wp-json\/wp\/v2\/autors\/51067","targetHints":{"allow":["GET"]}}],"collection":[{"href":"https:\/\/revistaidees.cat\/es\/wp-json\/wp\/v2\/autors"}],"about":[{"href":"https:\/\/revistaidees.cat\/es\/wp-json\/wp\/v2\/types\/autors"}],"version-history":[{"count":1,"href":"https:\/\/revistaidees.cat\/es\/wp-json\/wp\/v2\/autors\/51067\/revisions"}],"predecessor-version":[{"id":51069,"href":"https:\/\/revistaidees.cat\/es\/wp-json\/wp\/v2\/autors\/51067\/revisions\/51069"}],"wp:featuredmedia":[{"embeddable":true,"href":"https:\/\/revistaidees.cat\/es\/wp-json\/wp\/v2\/media\/50988"}],"wp:attachment":[{"href":"https:\/\/revistaidees.cat\/es\/wp-json\/wp\/v2\/media?parent=51067"}],"wp:term":[{"taxonomy":"category_autors","embeddable":true,"href":"https:\/\/revistaidees.cat\/es\/wp-json\/wp\/v2\/category_autors?post=51067"}],"curies":[{"name":"wp","href":"https:\/\/api.w.org\/{rel}","templated":true}]}}

Belén Agüero

<p>M. Belén Agüero es Licenciada en Relaciones Internacionales por la Universidad Católica de Salta, Argentina, y cuenta con un Máster en Cooperación Internacional y Gestión de Políticas Públicas, Programas y Proyectos de Desarrollo por la Universidad Internacional Menéndez Pelayo, en alianza con el Instituto Ortega y Gasset. Acumula experiencia en consultorías de cooperación y análisis de políticas públicas, en el área de evaluación ex ante y post de proyectos de cooperación descentralizada al desarrollo, así como en consultorías de investigación y análisis de políticas de desarrollo, trabajando para instituciones españolas e internacionales. Sus áreas de especialización son la coherencia en las políticas públicas, la cooperación descentralizada, la Agenda 2030 y el uso de la tecnología para la promoción de la rendición de cuentas. Actualmente trabaja como investigadora en Political Watch y colabora con el área de comunicación del Instituto de Cooperación Internacional y Desarrollo Municipal (INCIDEM).</p>

<!-- This site is optimized with the Yoast SEO plugin v27.5 - https://yoast.com/product/yoast-seo-wordpress/ -->
<title>Belén Agüero &#8211; IDEES</title>
<meta name="robots" content="index, follow, max-snippet:-1, max-image-preview:large, max-video-preview:-1" />
<link rel="canonical" href="https://revistaidees.cat/es/autors/belen-aguero/" />
<meta property="og:locale" content="es_ES" />
<meta property="og:type" content="article" />
<meta property="og:title" content="Belén Agüero &#8211; IDEES" />
<meta property="og:description" content="M. Belén Agüero es Licenciada en Relaciones Internacionales por la Universidad Católica de Salta, Argentina, y cuenta con un Máster en Cooperación Internacional y Gestión de Políticas Públicas, Programas y Proyectos de Desarrollo por la Universidad Internacional Menéndez Pelayo, en alianza con el Instituto Ortega y Gasset. Acumula experiencia en consultorías de cooperación y análisis de políticas públicas, en el área de evaluación ex ante y post de proyectos de cooperación descentralizada al desarrollo, así como en consultorías de investigación y análisis de políticas de desarrollo, trabajando para instituciones españolas e internacionales. Sus áreas de especialización son la coherencia en…" />
<meta property="og:url" content="https://revistaidees.cat/es/autors/belen-aguero/" />
<meta property="og:site_name" content="IDEES" />
<meta property="article:modified_time" content="2021-12-10T11:26:53+00:00" />
<meta property="og:image" content="https://i0.wp.com/revistaidees.cat/wp-content/uploads/2021/12/Belen-Aguero.jpg?fit=448%2C328&ssl=1" />
	<meta property="og:image:width" content="448" />
	<meta property="og:image:height" content="328" />
	<meta property="og:image:type" content="image/jpeg" />
<meta name="twitter:card" content="summary_large_image" />
<meta name="twitter:label1" content="Tiempo de lectura" />
	<meta name="twitter:data1" content="1 minuto" />
<script type="application/ld+json" class="yoast-schema-graph">{"@context":"https:\/\/schema.org","@graph":[{"@type":"WebPage","@id":"https:\/\/revistaidees.cat\/es\/autors\/belen-aguero\/","url":"https:\/\/revistaidees.cat\/es\/autors\/belen-aguero\/","name":"Belén Agüero &#8211; IDEES","isPartOf":{"@id":"https:\/\/revistaidees.cat\/#website"},"primaryImageOfPage":{"@id":"https:\/\/revistaidees.cat\/es\/autors\/belen-aguero\/#primaryimage"},"image":{"@id":"https:\/\/revistaidees.cat\/es\/autors\/belen-aguero\/#primaryimage"},"thumbnailUrl":"https:\/\/i0.wp.com\/revistaidees.cat\/wp-content\/uploads\/2021\/12\/Belen-Aguero.jpg?fit=448%2C328&ssl=1","datePublished":"2021-12-01T11:29:15+00:00","dateModified":"2021-12-10T11:26:53+00:00","breadcrumb":{"@id":"https:\/\/revistaidees.cat\/es\/autors\/belen-aguero\/#breadcrumb"},"inLanguage":"es","potentialAction":[{"@type":"ReadAction","target":["https:\/\/revistaidees.cat\/es\/autors\/belen-aguero\/"]}]},{"@type":"ImageObject","inLanguage":"es","@id":"https:\/\/revistaidees.cat\/es\/autors\/belen-aguero\/#primaryimage","url":"https:\/\/i0.wp.com\/revistaidees.cat\/wp-content\/uploads\/2021\/12\/Belen-Aguero.jpg?fit=448%2C328&ssl=1","contentUrl":"https:\/\/i0.wp.com\/revistaidees.cat\/wp-content\/uploads\/2021\/12\/Belen-Aguero.jpg?fit=448%2C328&ssl=1","width":448,"height":328},{"@type":"BreadcrumbList","@id":"https:\/\/revistaidees.cat\/es\/autors\/belen-aguero\/#breadcrumb","itemListElement":[{"@type":"ListItem","position":1,"name":"Inici","item":"https:\/\/revistaidees.cat\/es\/"},{"@type":"ListItem","position":2,"name":"Autors","item":"https:\/\/revistaidees.cat\/autors\/"},{"@type":"ListItem","position":3,"name":"Belén Agüero"}]},{"@type":"WebSite","@id":"https:\/\/revistaidees.cat\/#website","url":"https:\/\/revistaidees.cat\/","name":"IDEES","description":"Revista de temas contemporáneos","potentialAction":[{"@type":"SearchAction","target":{"@type":"EntryPoint","urlTemplate":"https:\/\/revistaidees.cat\/?s={search_term_string}"},"query-input":{"@type":"PropertyValueSpecification","valueRequired":true,"valueName":"search_term_string"}}],"inLanguage":"es"}]}</script>
<!-- / Yoast SEO plugin. -->

Belén Agüero &#8211; IDEES

M. Belén Agüero es Licenciada en Relaciones Internacionales por la Universidad Católica de Salta, Argentina, y cuenta con un Máster en Cooperación Internacional y Gestión de Políticas Públicas, Programas y Proyectos de Desarrollo por la Universidad Internacional Menéndez Pelayo, en alianza con el Instituto Ortega y Gasset. Acumula experiencia en consultorías de cooperación y análisis de políticas públicas, en el área de evaluación ex ante y post de proyectos de cooperación descentralizada al desarrollo, así como en consultorías de investigación y análisis de políticas de desarrollo, trabajando para instituciones españolas e internacionales. Sus áreas de especialización son la coherencia en…

Revista de temas contemporáneos
