{"id":53221,"date":"2022-01-17T11:49:31","date_gmt":"2022-01-17T11:49:31","guid":{"rendered":"https:\/\/revistaidees.cat\/autors\/samira-sawlani\/"},"modified":"2022-01-31T15:56:50","modified_gmt":"2022-01-31T15:56:50","slug":"samira-sawlani","status":"publish","type":"autors","link":"https:\/\/revistaidees.cat\/es\/autors\/samira-sawlani\/","title":{"rendered":"Samira Sawlani"},"content":{"rendered":"\n<p class=\"wp-block-paragraph\">Samira Sawlani es periodista, escritora, columnista y analista especializada en temas relacionados con \u00c1frica Oriental. Tiene un m\u00e1ster en Estudios Internacionales y Diplomacia por la School of Oriental and African Studies (SOAS) y tambi\u00e9n ha trabajado en el sector de la ayuda humanitaria. Sus art\u00edculos se han publicado en varias cabeceras como Al Jazeera, The Guardian, Mail and Guardian y African Arguments.<\/p>\n","protected":false},"featured_media":52729,"template":"","category_autors":[],"class_list":["post-53221","autors","type-autors","status-publish","has-post-thumbnail","hentry"],"acf":[],"yoast_head":"<!-- This site is optimized with the Yoast SEO plugin v28.3 - https:\/\/yoast.com\/product\/yoast-seo-wordpress\/ -->\n<title>Samira Sawlani &#8211; IDEES<\/title>\n<meta name=\"robots\" content=\"index, follow, max-snippet:-1, max-image-preview:large, max-video-preview:-1\" \/>\n<link rel=\"canonical\" href=\"https:\/\/revistaidees.cat\/es\/autors\/samira-sawlani\/\" \/>\n<meta property=\"og:locale\" content=\"es_ES\" \/>\n<meta property=\"og:type\" content=\"article\" \/>\n<meta property=\"og:title\" content=\"Samira Sawlani &#8211; IDEES\" \/>\n<meta property=\"og:description\" content=\"Samira Sawlani es periodista, escritora, columnista y analista especializada en temas relacionados con \u00c1frica Oriental. Tiene un m\u00e1ster en Estudios Internacionales y Diplomacia por la School of Oriental and African Studies (SOAS) y tambi\u00e9n ha trabajado en el sector de la ayuda humanitaria. Sus art\u00edculos se han publicado en varias cabeceras como Al Jazeera, The Guardian, Mail and Guardian y African Arguments.\" \/>\n<meta property=\"og:url\" content=\"https:\/\/revistaidees.cat\/es\/autors\/samira-sawlani\/\" \/>\n<meta property=\"og:site_name\" content=\"IDEES\" \/>\n<meta property=\"article:modified_time\" content=\"2022-01-31T15:56:50+00:00\" \/>\n<meta property=\"og:image\" content=\"https:\/\/i0.wp.com\/revistaidees.cat\/wp-content\/uploads\/2022\/01\/Samira-Sawlani.png?fit=750%2C549&ssl=1\" \/>\n\t<meta property=\"og:image:width\" content=\"750\" \/>\n\t<meta property=\"og:image:height\" content=\"549\" \/>\n\t<meta property=\"og:image:type\" content=\"image\/png\" \/>\n<meta name=\"twitter:card\" content=\"summary_large_image\" \/>\n<meta name=\"twitter:label1\" content=\"Tiempo de lectura\" \/>\n\t<meta name=\"twitter:data1\" content=\"1 minuto\" \/>\n<script type=\"application\/ld+json\" class=\"yoast-schema-graph\">{\"@context\":\"https:\\\/\\\/schema.org\",\"@graph\":[{\"@type\":\"WebPage\",\"@id\":\"https:\\\/\\\/revistaidees.cat\\\/es\\\/autors\\\/samira-sawlani\\\/\",\"url\":\"https:\\\/\\\/revistaidees.cat\\\/es\\\/autors\\\/samira-sawlani\\\/\",\"name\":\"Samira Sawlani &#8211; IDEES\",\"isPartOf\":{\"@id\":\"https:\\\/\\\/revistaidees.cat\\\/#website\"},\"primaryImageOfPage\":{\"@id\":\"https:\\\/\\\/revistaidees.cat\\\/es\\\/autors\\\/samira-sawlani\\\/#primaryimage\"},\"image\":{\"@id\":\"https:\\\/\\\/revistaidees.cat\\\/es\\\/autors\\\/samira-sawlani\\\/#primaryimage\"},\"thumbnailUrl\":\"https:\\\/\\\/i0.wp.com\\\/revistaidees.cat\\\/wp-content\\\/uploads\\\/2022\\\/01\\\/Samira-Sawlani.png?fit=750%2C549&ssl=1\",\"datePublished\":\"2022-01-17T11:49:31+00:00\",\"dateModified\":\"2022-01-31T15:56:50+00:00\",\"breadcrumb\":{\"@id\":\"https:\\\/\\\/revistaidees.cat\\\/es\\\/autors\\\/samira-sawlani\\\/#breadcrumb\"},\"inLanguage\":\"es\",\"potentialAction\":[{\"@type\":\"ReadAction\",\"target\":[\"https:\\\/\\\/revistaidees.cat\\\/es\\\/autors\\\/samira-sawlani\\\/\"]}]},{\"@type\":\"ImageObject\",\"inLanguage\":\"es\",\"@id\":\"https:\\\/\\\/revistaidees.cat\\\/es\\\/autors\\\/samira-sawlani\\\/#primaryimage\",\"url\":\"https:\\\/\\\/i0.wp.com\\\/revistaidees.cat\\\/wp-content\\\/uploads\\\/2022\\\/01\\\/Samira-Sawlani.png?fit=750%2C549&ssl=1\",\"contentUrl\":\"https:\\\/\\\/i0.wp.com\\\/revistaidees.cat\\\/wp-content\\\/uploads\\\/2022\\\/01\\\/Samira-Sawlani.png?fit=750%2C549&ssl=1\",\"width\":750,\"height\":549},{\"@type\":\"BreadcrumbList\",\"@id\":\"https:\\\/\\\/revistaidees.cat\\\/es\\\/autors\\\/samira-sawlani\\\/#breadcrumb\",\"itemListElement\":[{\"@type\":\"ListItem\",\"position\":1,\"name\":\"Inici\",\"item\":\"https:\\\/\\\/revistaidees.cat\\\/es\\\/\"},{\"@type\":\"ListItem\",\"position\":2,\"name\":\"Autors\",\"item\":\"https:\\\/\\\/revistaidees.cat\\\/autors\\\/\"},{\"@type\":\"ListItem\",\"position\":3,\"name\":\"Samira Sawlani\"}]},{\"@type\":\"WebSite\",\"@id\":\"https:\\\/\\\/revistaidees.cat\\\/#website\",\"url\":\"https:\\\/\\\/revistaidees.cat\\\/\",\"name\":\"IDEES\",\"description\":\"Revista de temas contempor\u00e1neos\",\"potentialAction\":[{\"@type\":\"SearchAction\",\"target\":{\"@type\":\"EntryPoint\",\"urlTemplate\":\"https:\\\/\\\/revistaidees.cat\\\/?s={search_term_string}\"},\"query-input\":{\"@type\":\"PropertyValueSpecification\",\"valueRequired\":true,\"valueName\":\"search_term_string\"}}],\"inLanguage\":\"es\"}]}<\/script>\n<!-- \/ Yoast SEO plugin. -->","yoast_head_json":{"title":"Samira Sawlani &#8211; IDEES","robots":{"index":"index","follow":"follow","max-snippet":"max-snippet:-1","max-image-preview":"max-image-preview:large","max-video-preview":"max-video-preview:-1"},"canonical":"https:\/\/revistaidees.cat\/es\/autors\/samira-sawlani\/","og_locale":"es_ES","og_type":"article","og_title":"Samira Sawlani &#8211; IDEES","og_description":"Samira Sawlani es periodista, escritora, columnista y analista especializada en temas relacionados con \u00c1frica Oriental. Tiene un m\u00e1ster en Estudios Internacionales y Diplomacia por la School of Oriental and African Studies (SOAS) y tambi\u00e9n ha trabajado en el sector de la ayuda humanitaria. Sus art\u00edculos se han publicado en varias cabeceras como Al Jazeera, The Guardian, Mail and Guardian y African Arguments.","og_url":"https:\/\/revistaidees.cat\/es\/autors\/samira-sawlani\/","og_site_name":"IDEES","article_modified_time":"2022-01-31T15:56:50+00:00","og_image":[{"width":750,"height":549,"url":"https:\/\/i0.wp.com\/revistaidees.cat\/wp-content\/uploads\/2022\/01\/Samira-Sawlani.png?fit=750%2C549&ssl=1","type":"image\/png"}],"twitter_card":"summary_large_image","twitter_misc":{"Tiempo de lectura":"1 minuto"},"schema":{"@context":"https:\/\/schema.org","@graph":[{"@type":"WebPage","@id":"https:\/\/revistaidees.cat\/es\/autors\/samira-sawlani\/","url":"https:\/\/revistaidees.cat\/es\/autors\/samira-sawlani\/","name":"Samira Sawlani &#8211; IDEES","isPartOf":{"@id":"https:\/\/revistaidees.cat\/#website"},"primaryImageOfPage":{"@id":"https:\/\/revistaidees.cat\/es\/autors\/samira-sawlani\/#primaryimage"},"image":{"@id":"https:\/\/revistaidees.cat\/es\/autors\/samira-sawlani\/#primaryimage"},"thumbnailUrl":"https:\/\/i0.wp.com\/revistaidees.cat\/wp-content\/uploads\/2022\/01\/Samira-Sawlani.png?fit=750%2C549&ssl=1","datePublished":"2022-01-17T11:49:31+00:00","dateModified":"2022-01-31T15:56:50+00:00","breadcrumb":{"@id":"https:\/\/revistaidees.cat\/es\/autors\/samira-sawlani\/#breadcrumb"},"inLanguage":"es","potentialAction":[{"@type":"ReadAction","target":["https:\/\/revistaidees.cat\/es\/autors\/samira-sawlani\/"]}]},{"@type":"ImageObject","inLanguage":"es","@id":"https:\/\/revistaidees.cat\/es\/autors\/samira-sawlani\/#primaryimage","url":"https:\/\/i0.wp.com\/revistaidees.cat\/wp-content\/uploads\/2022\/01\/Samira-Sawlani.png?fit=750%2C549&ssl=1","contentUrl":"https:\/\/i0.wp.com\/revistaidees.cat\/wp-content\/uploads\/2022\/01\/Samira-Sawlani.png?fit=750%2C549&ssl=1","width":750,"height":549},{"@type":"BreadcrumbList","@id":"https:\/\/revistaidees.cat\/es\/autors\/samira-sawlani\/#breadcrumb","itemListElement":[{"@type":"ListItem","position":1,"name":"Inici","item":"https:\/\/revistaidees.cat\/es\/"},{"@type":"ListItem","position":2,"name":"Autors","item":"https:\/\/revistaidees.cat\/autors\/"},{"@type":"ListItem","position":3,"name":"Samira Sawlani"}]},{"@type":"WebSite","@id":"https:\/\/revistaidees.cat\/#website","url":"https:\/\/revistaidees.cat\/","name":"IDEES","description":"Revista de temas contempor\u00e1neos","potentialAction":[{"@type":"SearchAction","target":{"@type":"EntryPoint","urlTemplate":"https:\/\/revistaidees.cat\/?s={search_term_string}"},"query-input":{"@type":"PropertyValueSpecification","valueRequired":true,"valueName":"search_term_string"}}],"inLanguage":"es"}]}},"jetpack_sharing_enabled":true,"_links":{"self":[{"href":"https:\/\/revistaidees.cat\/es\/wp-json\/wp\/v2\/autors\/53221","targetHints":{"allow":["GET"]}}],"collection":[{"href":"https:\/\/revistaidees.cat\/es\/wp-json\/wp\/v2\/autors"}],"about":[{"href":"https:\/\/revistaidees.cat\/es\/wp-json\/wp\/v2\/types\/autors"}],"version-history":[{"count":2,"href":"https:\/\/revistaidees.cat\/es\/wp-json\/wp\/v2\/autors\/53221\/revisions"}],"predecessor-version":[{"id":53223,"href":"https:\/\/revistaidees.cat\/es\/wp-json\/wp\/v2\/autors\/53221\/revisions\/53223"}],"wp:featuredmedia":[{"embeddable":true,"href":"https:\/\/revistaidees.cat\/es\/wp-json\/wp\/v2\/media\/52729"}],"wp:attachment":[{"href":"https:\/\/revistaidees.cat\/es\/wp-json\/wp\/v2\/media?parent=53221"}],"wp:term":[{"taxonomy":"category_autors","embeddable":true,"href":"https:\/\/revistaidees.cat\/es\/wp-json\/wp\/v2\/category_autors?post=53221"}],"curies":[{"name":"wp","href":"https:\/\/api.w.org\/{rel}","templated":true}]}}

<p class="wp-block-paragraph">Samira Sawlani es periodista, escritora, columnista y analista especializada en temas relacionados con África Oriental. Tiene un máster en Estudios Internacionales y Diplomacia por la School of Oriental and African Studies (SOAS) y también ha trabajado en el sector de la ayuda humanitaria. Sus artículos se han publicado en varias cabeceras como Al Jazeera, The Guardian, Mail and Guardian y African Arguments.</p>

<!-- This site is optimized with the Yoast SEO plugin v28.3 - https://yoast.com/product/yoast-seo-wordpress/ -->
<title>Samira Sawlani &#8211; IDEES</title>
<meta name="robots" content="index, follow, max-snippet:-1, max-image-preview:large, max-video-preview:-1" />
<link rel="canonical" href="https://revistaidees.cat/es/autors/samira-sawlani/" />
<meta property="og:locale" content="es_ES" />
<meta property="og:type" content="article" />
<meta property="og:title" content="Samira Sawlani &#8211; IDEES" />
<meta property="og:description" content="Samira Sawlani es periodista, escritora, columnista y analista especializada en temas relacionados con África Oriental. Tiene un máster en Estudios Internacionales y Diplomacia por la School of Oriental and African Studies (SOAS) y también ha trabajado en el sector de la ayuda humanitaria. Sus artículos se han publicado en varias cabeceras como Al Jazeera, The Guardian, Mail and Guardian y African Arguments." />
<meta property="og:url" content="https://revistaidees.cat/es/autors/samira-sawlani/" />
<meta property="og:site_name" content="IDEES" />
<meta property="article:modified_time" content="2022-01-31T15:56:50+00:00" />
<meta property="og:image" content="https://i0.wp.com/revistaidees.cat/wp-content/uploads/2022/01/Samira-Sawlani.png?fit=750%2C549&ssl=1" />
	<meta property="og:image:width" content="750" />
	<meta property="og:image:height" content="549" />
	<meta property="og:image:type" content="image/png" />
<meta name="twitter:card" content="summary_large_image" />
<meta name="twitter:label1" content="Tiempo de lectura" />
	<meta name="twitter:data1" content="1 minuto" />
<script type="application/ld+json" class="yoast-schema-graph">{"@context":"https:\/\/schema.org","@graph":[{"@type":"WebPage","@id":"https:\/\/revistaidees.cat\/es\/autors\/samira-sawlani\/","url":"https:\/\/revistaidees.cat\/es\/autors\/samira-sawlani\/","name":"Samira Sawlani &#8211; IDEES","isPartOf":{"@id":"https:\/\/revistaidees.cat\/#website"},"primaryImageOfPage":{"@id":"https:\/\/revistaidees.cat\/es\/autors\/samira-sawlani\/#primaryimage"},"image":{"@id":"https:\/\/revistaidees.cat\/es\/autors\/samira-sawlani\/#primaryimage"},"thumbnailUrl":"https:\/\/i0.wp.com\/revistaidees.cat\/wp-content\/uploads\/2022\/01\/Samira-Sawlani.png?fit=750%2C549&ssl=1","datePublished":"2022-01-17T11:49:31+00:00","dateModified":"2022-01-31T15:56:50+00:00","breadcrumb":{"@id":"https:\/\/revistaidees.cat\/es\/autors\/samira-sawlani\/#breadcrumb"},"inLanguage":"es","potentialAction":[{"@type":"ReadAction","target":["https:\/\/revistaidees.cat\/es\/autors\/samira-sawlani\/"]}]},{"@type":"ImageObject","inLanguage":"es","@id":"https:\/\/revistaidees.cat\/es\/autors\/samira-sawlani\/#primaryimage","url":"https:\/\/i0.wp.com\/revistaidees.cat\/wp-content\/uploads\/2022\/01\/Samira-Sawlani.png?fit=750%2C549&ssl=1","contentUrl":"https:\/\/i0.wp.com\/revistaidees.cat\/wp-content\/uploads\/2022\/01\/Samira-Sawlani.png?fit=750%2C549&ssl=1","width":750,"height":549},{"@type":"BreadcrumbList","@id":"https:\/\/revistaidees.cat\/es\/autors\/samira-sawlani\/#breadcrumb","itemListElement":[{"@type":"ListItem","position":1,"name":"Inici","item":"https:\/\/revistaidees.cat\/es\/"},{"@type":"ListItem","position":2,"name":"Autors","item":"https:\/\/revistaidees.cat\/autors\/"},{"@type":"ListItem","position":3,"name":"Samira Sawlani"}]},{"@type":"WebSite","@id":"https:\/\/revistaidees.cat\/#website","url":"https:\/\/revistaidees.cat\/","name":"IDEES","description":"Revista de temas contemporáneos","potentialAction":[{"@type":"SearchAction","target":{"@type":"EntryPoint","urlTemplate":"https:\/\/revistaidees.cat\/?s={search_term_string}"},"query-input":{"@type":"PropertyValueSpecification","valueRequired":true,"valueName":"search_term_string"}}],"inLanguage":"es"}]}</script>
<!-- / Yoast SEO plugin. -->

Samira Sawlani es periodista, escritora, columnista y analista especializada en temas relacionados con África Oriental. Tiene un máster en Estudios Internacionales y Diplomacia por la School of Oriental and African Studies (SOAS) y también ha trabajado en el sector de la ayuda humanitaria. Sus artículos se han publicado en varias cabeceras como Al Jazeera, The Guardian, Mail and Guardian y African Arguments.

Revista de temas contemporáneos
