{"id":58080,"date":"2022-06-30T10:19:19","date_gmt":"2022-06-30T10:19:19","guid":{"rendered":"https:\/\/revistaidees.cat\/?post_type=autors&#038;p=58080"},"modified":"2022-07-07T11:15:35","modified_gmt":"2022-07-07T11:15:35","slug":"maria-corominas","status":"publish","type":"autors","link":"https:\/\/revistaidees.cat\/es\/autors\/maria-corominas\/","title":{"rendered":"Maria Corominas"},"content":{"rendered":"\n<p>Maria Corominas Piulats es profesora titular en el Departamento de Medios, Comunicaci\u00f3n y Cultura de la Universidad Aut\u00f3noma de Barcelona. Desde el a\u00f1o 2020, es coordinadora del M\u00e1ster Oficial en Medios, Comunicaci\u00f3n y Cultura. Sus investigaciones se han centrado en las transformaciones del sistema comunicativo y de los medios de comunicaci\u00f3n en el contexto de la digitalizaci\u00f3n y las pol\u00edticas de comunicaci\u00f3n. Tambi\u00e9n ha analizado la evoluci\u00f3n en la lengua en los medios. Ha sido subdirectora del Instituto de la Comunicaci\u00f3n (InCom) de la UAB (1999-2005), jefa del \u00c1rea de Estudios e Investigaci\u00f3n del Consejo Audiovisual de Catalu\u00f1a (CAC) entre 2007 y 2013 y presidente de la Secci\u00f3n de Filosof\u00eda y Ciencias Sociales del Instituto de Estudios Catalanes (2016-2020), instituci\u00f3n de la cual es vicepresidenta desde 2021.<\/p>\n","protected":false},"featured_media":58129,"template":"","category_autors":[],"class_list":["post-58080","autors","type-autors","status-publish","has-post-thumbnail","hentry"],"acf":[],"yoast_head":"<!-- This site is optimized with the Yoast SEO plugin v27.5 - https:\/\/yoast.com\/product\/yoast-seo-wordpress\/ -->\n<title>Maria Corominas &#8211; IDEES<\/title>\n<meta name=\"robots\" content=\"index, follow, max-snippet:-1, max-image-preview:large, max-video-preview:-1\" \/>\n<link rel=\"canonical\" href=\"https:\/\/revistaidees.cat\/es\/autors\/maria-corominas\/\" \/>\n<meta property=\"og:locale\" content=\"es_ES\" \/>\n<meta property=\"og:type\" content=\"article\" \/>\n<meta property=\"og:title\" content=\"Maria Corominas &#8211; IDEES\" \/>\n<meta property=\"og:description\" content=\"Maria Corominas Piulats es profesora titular en el Departamento de Medios, Comunicaci\u00f3n y Cultura de la Universidad Aut\u00f3noma de Barcelona. Desde el a\u00f1o 2020, es coordinadora del M\u00e1ster Oficial en Medios, Comunicaci\u00f3n y Cultura. Sus investigaciones se han centrado en las transformaciones del sistema comunicativo y de los medios de comunicaci\u00f3n en el contexto de la digitalizaci\u00f3n y las pol\u00edticas de comunicaci\u00f3n. Tambi\u00e9n ha analizado la evoluci\u00f3n en la lengua en los medios. Ha sido subdirectora del Instituto de la Comunicaci\u00f3n (InCom) de la UAB (1999-2005), jefa del \u00c1rea de Estudios e Investigaci\u00f3n del Consejo Audiovisual de Catalu\u00f1a (CAC) entre\u2026\" \/>\n<meta property=\"og:url\" content=\"https:\/\/revistaidees.cat\/es\/autors\/maria-corominas\/\" \/>\n<meta property=\"og:site_name\" content=\"IDEES\" \/>\n<meta property=\"article:modified_time\" content=\"2022-07-07T11:15:35+00:00\" \/>\n<meta property=\"og:image\" content=\"https:\/\/i0.wp.com\/revistaidees.cat\/wp-content\/uploads\/2022\/06\/Maria-Corominas-def.jpg?fit=2309%2C1692&ssl=1\" \/>\n\t<meta property=\"og:image:width\" content=\"2309\" \/>\n\t<meta property=\"og:image:height\" content=\"1692\" \/>\n\t<meta property=\"og:image:type\" content=\"image\/jpeg\" \/>\n<meta name=\"twitter:card\" content=\"summary_large_image\" \/>\n<meta name=\"twitter:label1\" content=\"Tiempo de lectura\" \/>\n\t<meta name=\"twitter:data1\" content=\"1 minuto\" \/>\n<script type=\"application\/ld+json\" class=\"yoast-schema-graph\">{\"@context\":\"https:\\\/\\\/schema.org\",\"@graph\":[{\"@type\":\"WebPage\",\"@id\":\"https:\\\/\\\/revistaidees.cat\\\/es\\\/autors\\\/maria-corominas\\\/\",\"url\":\"https:\\\/\\\/revistaidees.cat\\\/es\\\/autors\\\/maria-corominas\\\/\",\"name\":\"Maria Corominas &#8211; IDEES\",\"isPartOf\":{\"@id\":\"https:\\\/\\\/revistaidees.cat\\\/#website\"},\"primaryImageOfPage\":{\"@id\":\"https:\\\/\\\/revistaidees.cat\\\/es\\\/autors\\\/maria-corominas\\\/#primaryimage\"},\"image\":{\"@id\":\"https:\\\/\\\/revistaidees.cat\\\/es\\\/autors\\\/maria-corominas\\\/#primaryimage\"},\"thumbnailUrl\":\"https:\\\/\\\/i0.wp.com\\\/revistaidees.cat\\\/wp-content\\\/uploads\\\/2022\\\/06\\\/Maria-Corominas-def.jpg?fit=2309%2C1692&ssl=1\",\"datePublished\":\"2022-06-30T10:19:19+00:00\",\"dateModified\":\"2022-07-07T11:15:35+00:00\",\"breadcrumb\":{\"@id\":\"https:\\\/\\\/revistaidees.cat\\\/es\\\/autors\\\/maria-corominas\\\/#breadcrumb\"},\"inLanguage\":\"es\",\"potentialAction\":[{\"@type\":\"ReadAction\",\"target\":[\"https:\\\/\\\/revistaidees.cat\\\/es\\\/autors\\\/maria-corominas\\\/\"]}]},{\"@type\":\"ImageObject\",\"inLanguage\":\"es\",\"@id\":\"https:\\\/\\\/revistaidees.cat\\\/es\\\/autors\\\/maria-corominas\\\/#primaryimage\",\"url\":\"https:\\\/\\\/i0.wp.com\\\/revistaidees.cat\\\/wp-content\\\/uploads\\\/2022\\\/06\\\/Maria-Corominas-def.jpg?fit=2309%2C1692&ssl=1\",\"contentUrl\":\"https:\\\/\\\/i0.wp.com\\\/revistaidees.cat\\\/wp-content\\\/uploads\\\/2022\\\/06\\\/Maria-Corominas-def.jpg?fit=2309%2C1692&ssl=1\",\"width\":2309,\"height\":1692,\"caption\":\"Maria Corominas\"},{\"@type\":\"BreadcrumbList\",\"@id\":\"https:\\\/\\\/revistaidees.cat\\\/es\\\/autors\\\/maria-corominas\\\/#breadcrumb\",\"itemListElement\":[{\"@type\":\"ListItem\",\"position\":1,\"name\":\"Inici\",\"item\":\"https:\\\/\\\/revistaidees.cat\\\/es\\\/\"},{\"@type\":\"ListItem\",\"position\":2,\"name\":\"Autors\",\"item\":\"https:\\\/\\\/revistaidees.cat\\\/autors\\\/\"},{\"@type\":\"ListItem\",\"position\":3,\"name\":\"Maria Corominas\"}]},{\"@type\":\"WebSite\",\"@id\":\"https:\\\/\\\/revistaidees.cat\\\/#website\",\"url\":\"https:\\\/\\\/revistaidees.cat\\\/\",\"name\":\"IDEES\",\"description\":\"Revista de temas contempor\u00e1neos\",\"potentialAction\":[{\"@type\":\"SearchAction\",\"target\":{\"@type\":\"EntryPoint\",\"urlTemplate\":\"https:\\\/\\\/revistaidees.cat\\\/?s={search_term_string}\"},\"query-input\":{\"@type\":\"PropertyValueSpecification\",\"valueRequired\":true,\"valueName\":\"search_term_string\"}}],\"inLanguage\":\"es\"}]}<\/script>\n<!-- \/ Yoast SEO plugin. -->","yoast_head_json":{"title":"Maria Corominas &#8211; IDEES","robots":{"index":"index","follow":"follow","max-snippet":"max-snippet:-1","max-image-preview":"max-image-preview:large","max-video-preview":"max-video-preview:-1"},"canonical":"https:\/\/revistaidees.cat\/es\/autors\/maria-corominas\/","og_locale":"es_ES","og_type":"article","og_title":"Maria Corominas &#8211; IDEES","og_description":"Maria Corominas Piulats es profesora titular en el Departamento de Medios, Comunicaci\u00f3n y Cultura de la Universidad Aut\u00f3noma de Barcelona. Desde el a\u00f1o 2020, es coordinadora del M\u00e1ster Oficial en Medios, Comunicaci\u00f3n y Cultura. Sus investigaciones se han centrado en las transformaciones del sistema comunicativo y de los medios de comunicaci\u00f3n en el contexto de la digitalizaci\u00f3n y las pol\u00edticas de comunicaci\u00f3n. Tambi\u00e9n ha analizado la evoluci\u00f3n en la lengua en los medios. Ha sido subdirectora del Instituto de la Comunicaci\u00f3n (InCom) de la UAB (1999-2005), jefa del \u00c1rea de Estudios e Investigaci\u00f3n del Consejo Audiovisual de Catalu\u00f1a (CAC) entre\u2026","og_url":"https:\/\/revistaidees.cat\/es\/autors\/maria-corominas\/","og_site_name":"IDEES","article_modified_time":"2022-07-07T11:15:35+00:00","og_image":[{"width":2309,"height":1692,"url":"https:\/\/i0.wp.com\/revistaidees.cat\/wp-content\/uploads\/2022\/06\/Maria-Corominas-def.jpg?fit=2309%2C1692&ssl=1","type":"image\/jpeg"}],"twitter_card":"summary_large_image","twitter_misc":{"Tiempo de lectura":"1 minuto"},"schema":{"@context":"https:\/\/schema.org","@graph":[{"@type":"WebPage","@id":"https:\/\/revistaidees.cat\/es\/autors\/maria-corominas\/","url":"https:\/\/revistaidees.cat\/es\/autors\/maria-corominas\/","name":"Maria Corominas &#8211; IDEES","isPartOf":{"@id":"https:\/\/revistaidees.cat\/#website"},"primaryImageOfPage":{"@id":"https:\/\/revistaidees.cat\/es\/autors\/maria-corominas\/#primaryimage"},"image":{"@id":"https:\/\/revistaidees.cat\/es\/autors\/maria-corominas\/#primaryimage"},"thumbnailUrl":"https:\/\/i0.wp.com\/revistaidees.cat\/wp-content\/uploads\/2022\/06\/Maria-Corominas-def.jpg?fit=2309%2C1692&ssl=1","datePublished":"2022-06-30T10:19:19+00:00","dateModified":"2022-07-07T11:15:35+00:00","breadcrumb":{"@id":"https:\/\/revistaidees.cat\/es\/autors\/maria-corominas\/#breadcrumb"},"inLanguage":"es","potentialAction":[{"@type":"ReadAction","target":["https:\/\/revistaidees.cat\/es\/autors\/maria-corominas\/"]}]},{"@type":"ImageObject","inLanguage":"es","@id":"https:\/\/revistaidees.cat\/es\/autors\/maria-corominas\/#primaryimage","url":"https:\/\/i0.wp.com\/revistaidees.cat\/wp-content\/uploads\/2022\/06\/Maria-Corominas-def.jpg?fit=2309%2C1692&ssl=1","contentUrl":"https:\/\/i0.wp.com\/revistaidees.cat\/wp-content\/uploads\/2022\/06\/Maria-Corominas-def.jpg?fit=2309%2C1692&ssl=1","width":2309,"height":1692,"caption":"Maria Corominas"},{"@type":"BreadcrumbList","@id":"https:\/\/revistaidees.cat\/es\/autors\/maria-corominas\/#breadcrumb","itemListElement":[{"@type":"ListItem","position":1,"name":"Inici","item":"https:\/\/revistaidees.cat\/es\/"},{"@type":"ListItem","position":2,"name":"Autors","item":"https:\/\/revistaidees.cat\/autors\/"},{"@type":"ListItem","position":3,"name":"Maria Corominas"}]},{"@type":"WebSite","@id":"https:\/\/revistaidees.cat\/#website","url":"https:\/\/revistaidees.cat\/","name":"IDEES","description":"Revista de temas contempor\u00e1neos","potentialAction":[{"@type":"SearchAction","target":{"@type":"EntryPoint","urlTemplate":"https:\/\/revistaidees.cat\/?s={search_term_string}"},"query-input":{"@type":"PropertyValueSpecification","valueRequired":true,"valueName":"search_term_string"}}],"inLanguage":"es"}]}},"jetpack_sharing_enabled":true,"_links":{"self":[{"href":"https:\/\/revistaidees.cat\/es\/wp-json\/wp\/v2\/autors\/58080","targetHints":{"allow":["GET"]}}],"collection":[{"href":"https:\/\/revistaidees.cat\/es\/wp-json\/wp\/v2\/autors"}],"about":[{"href":"https:\/\/revistaidees.cat\/es\/wp-json\/wp\/v2\/types\/autors"}],"version-history":[{"count":2,"href":"https:\/\/revistaidees.cat\/es\/wp-json\/wp\/v2\/autors\/58080\/revisions"}],"predecessor-version":[{"id":58109,"href":"https:\/\/revistaidees.cat\/es\/wp-json\/wp\/v2\/autors\/58080\/revisions\/58109"}],"wp:featuredmedia":[{"embeddable":true,"href":"https:\/\/revistaidees.cat\/es\/wp-json\/wp\/v2\/media\/58129"}],"wp:attachment":[{"href":"https:\/\/revistaidees.cat\/es\/wp-json\/wp\/v2\/media?parent=58080"}],"wp:term":[{"taxonomy":"category_autors","embeddable":true,"href":"https:\/\/revistaidees.cat\/es\/wp-json\/wp\/v2\/category_autors?post=58080"}],"curies":[{"name":"wp","href":"https:\/\/api.w.org\/{rel}","templated":true}]}}

<p>Maria Corominas Piulats es profesora titular en el Departamento de Medios, Comunicación y Cultura de la Universidad Autónoma de Barcelona. Desde el año 2020, es coordinadora del Máster Oficial en Medios, Comunicación y Cultura. Sus investigaciones se han centrado en las transformaciones del sistema comunicativo y de los medios de comunicación en el contexto de la digitalización y las políticas de comunicación. También ha analizado la evolución en la lengua en los medios. Ha sido subdirectora del Instituto de la Comunicación (InCom) de la UAB (1999-2005), jefa del Área de Estudios e Investigación del Consejo Audiovisual de Cataluña (CAC) entre 2007 y 2013 y presidente de la Sección de Filosofía y Ciencias Sociales del Instituto de Estudios Catalanes (2016-2020), institución de la cual es vicepresidenta desde 2021.</p>

<!-- This site is optimized with the Yoast SEO plugin v27.5 - https://yoast.com/product/yoast-seo-wordpress/ -->
<title>Maria Corominas &#8211; IDEES</title>
<meta name="robots" content="index, follow, max-snippet:-1, max-image-preview:large, max-video-preview:-1" />
<link rel="canonical" href="https://revistaidees.cat/es/autors/maria-corominas/" />
<meta property="og:locale" content="es_ES" />
<meta property="og:type" content="article" />
<meta property="og:title" content="Maria Corominas &#8211; IDEES" />
<meta property="og:description" content="Maria Corominas Piulats es profesora titular en el Departamento de Medios, Comunicación y Cultura de la Universidad Autónoma de Barcelona. Desde el año 2020, es coordinadora del Máster Oficial en Medios, Comunicación y Cultura. Sus investigaciones se han centrado en las transformaciones del sistema comunicativo y de los medios de comunicación en el contexto de la digitalización y las políticas de comunicación. También ha analizado la evolución en la lengua en los medios. Ha sido subdirectora del Instituto de la Comunicación (InCom) de la UAB (1999-2005), jefa del Área de Estudios e Investigación del Consejo Audiovisual de Cataluña (CAC) entre…" />
<meta property="og:url" content="https://revistaidees.cat/es/autors/maria-corominas/" />
<meta property="og:site_name" content="IDEES" />
<meta property="article:modified_time" content="2022-07-07T11:15:35+00:00" />
<meta property="og:image" content="https://i0.wp.com/revistaidees.cat/wp-content/uploads/2022/06/Maria-Corominas-def.jpg?fit=2309%2C1692&ssl=1" />
	<meta property="og:image:width" content="2309" />
	<meta property="og:image:height" content="1692" />
	<meta property="og:image:type" content="image/jpeg" />
<meta name="twitter:card" content="summary_large_image" />
<meta name="twitter:label1" content="Tiempo de lectura" />
	<meta name="twitter:data1" content="1 minuto" />
<script type="application/ld+json" class="yoast-schema-graph">{"@context":"https:\/\/schema.org","@graph":[{"@type":"WebPage","@id":"https:\/\/revistaidees.cat\/es\/autors\/maria-corominas\/","url":"https:\/\/revistaidees.cat\/es\/autors\/maria-corominas\/","name":"Maria Corominas &#8211; IDEES","isPartOf":{"@id":"https:\/\/revistaidees.cat\/#website"},"primaryImageOfPage":{"@id":"https:\/\/revistaidees.cat\/es\/autors\/maria-corominas\/#primaryimage"},"image":{"@id":"https:\/\/revistaidees.cat\/es\/autors\/maria-corominas\/#primaryimage"},"thumbnailUrl":"https:\/\/i0.wp.com\/revistaidees.cat\/wp-content\/uploads\/2022\/06\/Maria-Corominas-def.jpg?fit=2309%2C1692&ssl=1","datePublished":"2022-06-30T10:19:19+00:00","dateModified":"2022-07-07T11:15:35+00:00","breadcrumb":{"@id":"https:\/\/revistaidees.cat\/es\/autors\/maria-corominas\/#breadcrumb"},"inLanguage":"es","potentialAction":[{"@type":"ReadAction","target":["https:\/\/revistaidees.cat\/es\/autors\/maria-corominas\/"]}]},{"@type":"ImageObject","inLanguage":"es","@id":"https:\/\/revistaidees.cat\/es\/autors\/maria-corominas\/#primaryimage","url":"https:\/\/i0.wp.com\/revistaidees.cat\/wp-content\/uploads\/2022\/06\/Maria-Corominas-def.jpg?fit=2309%2C1692&ssl=1","contentUrl":"https:\/\/i0.wp.com\/revistaidees.cat\/wp-content\/uploads\/2022\/06\/Maria-Corominas-def.jpg?fit=2309%2C1692&ssl=1","width":2309,"height":1692,"caption":"Maria Corominas"},{"@type":"BreadcrumbList","@id":"https:\/\/revistaidees.cat\/es\/autors\/maria-corominas\/#breadcrumb","itemListElement":[{"@type":"ListItem","position":1,"name":"Inici","item":"https:\/\/revistaidees.cat\/es\/"},{"@type":"ListItem","position":2,"name":"Autors","item":"https:\/\/revistaidees.cat\/autors\/"},{"@type":"ListItem","position":3,"name":"Maria Corominas"}]},{"@type":"WebSite","@id":"https:\/\/revistaidees.cat\/#website","url":"https:\/\/revistaidees.cat\/","name":"IDEES","description":"Revista de temas contemporáneos","potentialAction":[{"@type":"SearchAction","target":{"@type":"EntryPoint","urlTemplate":"https:\/\/revistaidees.cat\/?s={search_term_string}"},"query-input":{"@type":"PropertyValueSpecification","valueRequired":true,"valueName":"search_term_string"}}],"inLanguage":"es"}]}</script>
<!-- / Yoast SEO plugin. -->

Maria Corominas Piulats es profesora titular en el Departamento de Medios, Comunicación y Cultura de la Universidad Autónoma de Barcelona. Desde el año 2020, es coordinadora del Máster Oficial en Medios, Comunicación y Cultura. Sus investigaciones se han centrado en las transformaciones del sistema comunicativo y de los medios de comunicación en el contexto de la digitalización y las políticas de comunicación. También ha analizado la evolución en la lengua en los medios. Ha sido subdirectora del Instituto de la Comunicación (InCom) de la UAB (1999-2005), jefa del Área de Estudios e Investigación del Consejo Audiovisual de Cataluña (CAC) entre…

Revista de temas contemporáneos
