{"id":78910,"date":"2025-01-23T14:41:37","date_gmt":"2025-01-23T12:41:37","guid":{"rendered":"https:\/\/revistaidees.cat\/autors\/ioannis-armakolas\/"},"modified":"2025-02-04T23:26:47","modified_gmt":"2025-02-04T21:26:47","slug":"ioannis-armakolas","status":"publish","type":"autors","link":"https:\/\/revistaidees.cat\/es\/autors\/ioannis-armakolas\/","title":{"rendered":"Ioannis Armakolas"},"content":{"rendered":"\n<p>Ioannis Armakolas es profesor asociado de Pol\u00edtica Comparada del sudeste de Europa en el Departamento de Estudios Balc\u00e1nicos, Eslavos y Orientales de la Universidad de Macedonia (Tesal\u00f3nica) e investigador en la Fundaci\u00f3n Hel\u00e9nica para la Pol\u00edtica Europea y Exterior (ELIAMEP), donde lidera el programa de investigaci\u00f3n sobre el sudeste de Europa. Tambi\u00e9n es investigador visitante en el Centro Robert Schuman del Instituto Universitario Europeo de Florencia y miembro de la red Europe&#8217;s Futures de la fundaci\u00f3n Erste. Es integrante del grupo independiente de alto nivel sobre interdependencias de vecindad de la Uni\u00f3n Europea y miembro del grupo de trabajo para la formaci\u00f3n de la Oficina Bilateral de Cooperaci\u00f3n Juvenil entre Grecia y Macedonia del Norte. Junto con Ruth Ferrero-Turri\u00f3n, ha coordinado el n\u00famero de la Revista IDEES \u00abLos Balcanes, en la encrucijada\u00bb.<\/p>\n","protected":false},"featured_media":0,"template":"","category_autors":[],"class_list":["post-78910","autors","type-autors","status-publish","hentry"],"acf":[],"yoast_head":"<!-- This site is optimized with the Yoast SEO plugin v27.4 - https:\/\/yoast.com\/product\/yoast-seo-wordpress\/ -->\n<title>Ioannis Armakolas &#8211; IDEES<\/title>\n<meta name=\"robots\" content=\"index, follow, max-snippet:-1, max-image-preview:large, max-video-preview:-1\" \/>\n<link rel=\"canonical\" href=\"https:\/\/revistaidees.cat\/es\/autors\/ioannis-armakolas\/\" \/>\n<meta property=\"og:locale\" content=\"es_ES\" \/>\n<meta property=\"og:type\" content=\"article\" \/>\n<meta property=\"og:title\" content=\"Ioannis Armakolas &#8211; IDEES\" \/>\n<meta property=\"og:description\" content=\"Ioannis Armakolas es profesor asociado de Pol\u00edtica Comparada del sudeste de Europa en el Departamento de Estudios Balc\u00e1nicos, Eslavos y Orientales de la Universidad de Macedonia (Tesal\u00f3nica) e investigador en la Fundaci\u00f3n Hel\u00e9nica para la Pol\u00edtica Europea y Exterior (ELIAMEP), donde lidera el programa de investigaci\u00f3n sobre el sudeste de Europa. Tambi\u00e9n es investigador visitante en el Centro Robert Schuman del Instituto Universitario Europeo de Florencia y miembro de la red Europe&#8217;s Futures de la fundaci\u00f3n Erste. Es integrante del grupo independiente de alto nivel sobre interdependencias de vecindad de la Uni\u00f3n Europea y miembro del grupo de trabajo para\u2026\" \/>\n<meta property=\"og:url\" content=\"https:\/\/revistaidees.cat\/es\/autors\/ioannis-armakolas\/\" \/>\n<meta property=\"og:site_name\" content=\"IDEES\" \/>\n<meta property=\"article:modified_time\" content=\"2025-02-04T21:26:47+00:00\" \/>\n<meta name=\"twitter:card\" content=\"summary_large_image\" \/>\n<meta name=\"twitter:label1\" content=\"Tiempo de lectura\" \/>\n\t<meta name=\"twitter:data1\" content=\"1 minuto\" \/>\n<script type=\"application\/ld+json\" class=\"yoast-schema-graph\">{\"@context\":\"https:\\\/\\\/schema.org\",\"@graph\":[{\"@type\":\"WebPage\",\"@id\":\"https:\\\/\\\/revistaidees.cat\\\/es\\\/autors\\\/ioannis-armakolas\\\/\",\"url\":\"https:\\\/\\\/revistaidees.cat\\\/es\\\/autors\\\/ioannis-armakolas\\\/\",\"name\":\"Ioannis Armakolas &#8211; IDEES\",\"isPartOf\":{\"@id\":\"https:\\\/\\\/revistaidees.cat\\\/#website\"},\"datePublished\":\"2025-01-23T12:41:37+00:00\",\"dateModified\":\"2025-02-04T21:26:47+00:00\",\"breadcrumb\":{\"@id\":\"https:\\\/\\\/revistaidees.cat\\\/es\\\/autors\\\/ioannis-armakolas\\\/#breadcrumb\"},\"inLanguage\":\"es\",\"potentialAction\":[{\"@type\":\"ReadAction\",\"target\":[\"https:\\\/\\\/revistaidees.cat\\\/es\\\/autors\\\/ioannis-armakolas\\\/\"]}]},{\"@type\":\"BreadcrumbList\",\"@id\":\"https:\\\/\\\/revistaidees.cat\\\/es\\\/autors\\\/ioannis-armakolas\\\/#breadcrumb\",\"itemListElement\":[{\"@type\":\"ListItem\",\"position\":1,\"name\":\"Inici\",\"item\":\"https:\\\/\\\/revistaidees.cat\\\/es\\\/\"},{\"@type\":\"ListItem\",\"position\":2,\"name\":\"Autors\",\"item\":\"https:\\\/\\\/revistaidees.cat\\\/autors\\\/\"},{\"@type\":\"ListItem\",\"position\":3,\"name\":\"Ioannis Armakolas\"}]},{\"@type\":\"WebSite\",\"@id\":\"https:\\\/\\\/revistaidees.cat\\\/#website\",\"url\":\"https:\\\/\\\/revistaidees.cat\\\/\",\"name\":\"IDEES\",\"description\":\"Revista de temas contempor\u00e1neos\",\"potentialAction\":[{\"@type\":\"SearchAction\",\"target\":{\"@type\":\"EntryPoint\",\"urlTemplate\":\"https:\\\/\\\/revistaidees.cat\\\/?s={search_term_string}\"},\"query-input\":{\"@type\":\"PropertyValueSpecification\",\"valueRequired\":true,\"valueName\":\"search_term_string\"}}],\"inLanguage\":\"es\"}]}<\/script>\n<!-- \/ Yoast SEO plugin. -->","yoast_head_json":{"title":"Ioannis Armakolas &#8211; IDEES","robots":{"index":"index","follow":"follow","max-snippet":"max-snippet:-1","max-image-preview":"max-image-preview:large","max-video-preview":"max-video-preview:-1"},"canonical":"https:\/\/revistaidees.cat\/es\/autors\/ioannis-armakolas\/","og_locale":"es_ES","og_type":"article","og_title":"Ioannis Armakolas &#8211; IDEES","og_description":"Ioannis Armakolas es profesor asociado de Pol\u00edtica Comparada del sudeste de Europa en el Departamento de Estudios Balc\u00e1nicos, Eslavos y Orientales de la Universidad de Macedonia (Tesal\u00f3nica) e investigador en la Fundaci\u00f3n Hel\u00e9nica para la Pol\u00edtica Europea y Exterior (ELIAMEP), donde lidera el programa de investigaci\u00f3n sobre el sudeste de Europa. Tambi\u00e9n es investigador visitante en el Centro Robert Schuman del Instituto Universitario Europeo de Florencia y miembro de la red Europe&#8217;s Futures de la fundaci\u00f3n Erste. Es integrante del grupo independiente de alto nivel sobre interdependencias de vecindad de la Uni\u00f3n Europea y miembro del grupo de trabajo para\u2026","og_url":"https:\/\/revistaidees.cat\/es\/autors\/ioannis-armakolas\/","og_site_name":"IDEES","article_modified_time":"2025-02-04T21:26:47+00:00","twitter_card":"summary_large_image","twitter_misc":{"Tiempo de lectura":"1 minuto"},"schema":{"@context":"https:\/\/schema.org","@graph":[{"@type":"WebPage","@id":"https:\/\/revistaidees.cat\/es\/autors\/ioannis-armakolas\/","url":"https:\/\/revistaidees.cat\/es\/autors\/ioannis-armakolas\/","name":"Ioannis Armakolas &#8211; IDEES","isPartOf":{"@id":"https:\/\/revistaidees.cat\/#website"},"datePublished":"2025-01-23T12:41:37+00:00","dateModified":"2025-02-04T21:26:47+00:00","breadcrumb":{"@id":"https:\/\/revistaidees.cat\/es\/autors\/ioannis-armakolas\/#breadcrumb"},"inLanguage":"es","potentialAction":[{"@type":"ReadAction","target":["https:\/\/revistaidees.cat\/es\/autors\/ioannis-armakolas\/"]}]},{"@type":"BreadcrumbList","@id":"https:\/\/revistaidees.cat\/es\/autors\/ioannis-armakolas\/#breadcrumb","itemListElement":[{"@type":"ListItem","position":1,"name":"Inici","item":"https:\/\/revistaidees.cat\/es\/"},{"@type":"ListItem","position":2,"name":"Autors","item":"https:\/\/revistaidees.cat\/autors\/"},{"@type":"ListItem","position":3,"name":"Ioannis Armakolas"}]},{"@type":"WebSite","@id":"https:\/\/revistaidees.cat\/#website","url":"https:\/\/revistaidees.cat\/","name":"IDEES","description":"Revista de temas contempor\u00e1neos","potentialAction":[{"@type":"SearchAction","target":{"@type":"EntryPoint","urlTemplate":"https:\/\/revistaidees.cat\/?s={search_term_string}"},"query-input":{"@type":"PropertyValueSpecification","valueRequired":true,"valueName":"search_term_string"}}],"inLanguage":"es"}]}},"jetpack_sharing_enabled":true,"_links":{"self":[{"href":"https:\/\/revistaidees.cat\/es\/wp-json\/wp\/v2\/autors\/78910","targetHints":{"allow":["GET"]}}],"collection":[{"href":"https:\/\/revistaidees.cat\/es\/wp-json\/wp\/v2\/autors"}],"about":[{"href":"https:\/\/revistaidees.cat\/es\/wp-json\/wp\/v2\/types\/autors"}],"version-history":[{"count":2,"href":"https:\/\/revistaidees.cat\/es\/wp-json\/wp\/v2\/autors\/78910\/revisions"}],"predecessor-version":[{"id":78919,"href":"https:\/\/revistaidees.cat\/es\/wp-json\/wp\/v2\/autors\/78910\/revisions\/78919"}],"wp:attachment":[{"href":"https:\/\/revistaidees.cat\/es\/wp-json\/wp\/v2\/media?parent=78910"}],"wp:term":[{"taxonomy":"category_autors","embeddable":true,"href":"https:\/\/revistaidees.cat\/es\/wp-json\/wp\/v2\/category_autors?post=78910"}],"curies":[{"name":"wp","href":"https:\/\/api.w.org\/{rel}","templated":true}]}}

<p>Ioannis Armakolas es profesor asociado de Política Comparada del sudeste de Europa en el Departamento de Estudios Balcánicos, Eslavos y Orientales de la Universidad de Macedonia (Tesalónica) e investigador en la Fundación Helénica para la Política Europea y Exterior (ELIAMEP), donde lidera el programa de investigación sobre el sudeste de Europa. También es investigador visitante en el Centro Robert Schuman del Instituto Universitario Europeo de Florencia y miembro de la red Europe&#8217;s Futures de la fundación Erste. Es integrante del grupo independiente de alto nivel sobre interdependencias de vecindad de la Unión Europea y miembro del grupo de trabajo para la formación de la Oficina Bilateral de Cooperación Juvenil entre Grecia y Macedonia del Norte. Junto con Ruth Ferrero-Turrión, ha coordinado el número de la Revista IDEES «Los Balcanes, en la encrucijada».</p>

<!-- This site is optimized with the Yoast SEO plugin v27.4 - https://yoast.com/product/yoast-seo-wordpress/ -->
<title>Ioannis Armakolas &#8211; IDEES</title>
<meta name="robots" content="index, follow, max-snippet:-1, max-image-preview:large, max-video-preview:-1" />
<link rel="canonical" href="https://revistaidees.cat/es/autors/ioannis-armakolas/" />
<meta property="og:locale" content="es_ES" />
<meta property="og:type" content="article" />
<meta property="og:title" content="Ioannis Armakolas &#8211; IDEES" />
<meta property="og:description" content="Ioannis Armakolas es profesor asociado de Política Comparada del sudeste de Europa en el Departamento de Estudios Balcánicos, Eslavos y Orientales de la Universidad de Macedonia (Tesalónica) e investigador en la Fundación Helénica para la Política Europea y Exterior (ELIAMEP), donde lidera el programa de investigación sobre el sudeste de Europa. También es investigador visitante en el Centro Robert Schuman del Instituto Universitario Europeo de Florencia y miembro de la red Europe&#8217;s Futures de la fundación Erste. Es integrante del grupo independiente de alto nivel sobre interdependencias de vecindad de la Unión Europea y miembro del grupo de trabajo para…" />
<meta property="og:url" content="https://revistaidees.cat/es/autors/ioannis-armakolas/" />
<meta property="og:site_name" content="IDEES" />
<meta property="article:modified_time" content="2025-02-04T21:26:47+00:00" />
<meta name="twitter:card" content="summary_large_image" />
<meta name="twitter:label1" content="Tiempo de lectura" />
	<meta name="twitter:data1" content="1 minuto" />
<script type="application/ld+json" class="yoast-schema-graph">{"@context":"https:\/\/schema.org","@graph":[{"@type":"WebPage","@id":"https:\/\/revistaidees.cat\/es\/autors\/ioannis-armakolas\/","url":"https:\/\/revistaidees.cat\/es\/autors\/ioannis-armakolas\/","name":"Ioannis Armakolas &#8211; IDEES","isPartOf":{"@id":"https:\/\/revistaidees.cat\/#website"},"datePublished":"2025-01-23T12:41:37+00:00","dateModified":"2025-02-04T21:26:47+00:00","breadcrumb":{"@id":"https:\/\/revistaidees.cat\/es\/autors\/ioannis-armakolas\/#breadcrumb"},"inLanguage":"es","potentialAction":[{"@type":"ReadAction","target":["https:\/\/revistaidees.cat\/es\/autors\/ioannis-armakolas\/"]}]},{"@type":"BreadcrumbList","@id":"https:\/\/revistaidees.cat\/es\/autors\/ioannis-armakolas\/#breadcrumb","itemListElement":[{"@type":"ListItem","position":1,"name":"Inici","item":"https:\/\/revistaidees.cat\/es\/"},{"@type":"ListItem","position":2,"name":"Autors","item":"https:\/\/revistaidees.cat\/autors\/"},{"@type":"ListItem","position":3,"name":"Ioannis Armakolas"}]},{"@type":"WebSite","@id":"https:\/\/revistaidees.cat\/#website","url":"https:\/\/revistaidees.cat\/","name":"IDEES","description":"Revista de temas contemporáneos","potentialAction":[{"@type":"SearchAction","target":{"@type":"EntryPoint","urlTemplate":"https:\/\/revistaidees.cat\/?s={search_term_string}"},"query-input":{"@type":"PropertyValueSpecification","valueRequired":true,"valueName":"search_term_string"}}],"inLanguage":"es"}]}</script>
<!-- / Yoast SEO plugin. -->

Ioannis Armakolas es profesor asociado de Política Comparada del sudeste de Europa en el Departamento de Estudios Balcánicos, Eslavos y Orientales de la Universidad de Macedonia (Tesalónica) e investigador en la Fundación Helénica para la Política Europea y Exterior (ELIAMEP), donde lidera el programa de investigación sobre el sudeste de Europa. También es investigador visitante en el Centro Robert Schuman del Instituto Universitario Europeo de Florencia y miembro de la red Europe&#8217;s Futures de la fundación Erste. Es integrante del grupo independiente de alto nivel sobre interdependencias de vecindad de la Unión Europea y miembro del grupo de trabajo para…

Revista de temas contemporáneos
