{"id":78943,"date":"2025-01-23T14:41:30","date_gmt":"2025-01-23T12:41:30","guid":{"rendered":"https:\/\/revistaidees.cat\/autors\/ana-krstinovska\/"},"modified":"2025-02-05T11:04:13","modified_gmt":"2025-02-05T09:04:13","slug":"ana-krstinovska","status":"publish","type":"autors","link":"https:\/\/revistaidees.cat\/es\/autors\/ana-krstinovska\/","title":{"rendered":"Ana Krstinovska"},"content":{"rendered":"\n<p>Ana Krstinovska es acad\u00e9mica experta en China y en asuntos de la Uni\u00f3n Europea, especialmente en pol\u00edtica exterior china y en las relaciones de China con Europa y con los Balcanes occidentales. Es presidenta de ESTIMA, un think tank con sede en Macedonia del Norte. Tambi\u00e9n es investigadora en la Fundaci\u00f3n Hel\u00e9nica de Pol\u00edtica Exterior y Europea (ELIAMEP) e investigadora en CHOICE (China Observers in Central and Eastern Europe). Entre 2013 y 2018, ocup\u00f3 cargos en el Gobierno de Macedonia del Norte: trabaj\u00f3 como asesora del primer ministro, primera secretaria en la Misi\u00f3n Permanente del pa\u00eds en Bruselas y secretaria de Estado de Asuntos Europeos. Es doctora en Relaciones Internacionales por la Universidad Sts. Cyril y Methodius de Skopje, tiene un m\u00e1ster en Estudios de Pol\u00edtica Europea por el College of Europe de Brujas y una especializaci\u00f3n en Lengua y Cultura Chinas por la Universidad de Estudios Extranjeros de Pek\u00edn.<\/p>\n","protected":false},"featured_media":0,"template":"","category_autors":[],"class_list":["post-78943","autors","type-autors","status-publish","hentry"],"acf":[],"yoast_head":"<!-- This site is optimized with the Yoast SEO plugin v27.5 - https:\/\/yoast.com\/product\/yoast-seo-wordpress\/ -->\n<title>Ana Krstinovska &#8211; IDEES<\/title>\n<meta name=\"robots\" content=\"index, follow, max-snippet:-1, max-image-preview:large, max-video-preview:-1\" \/>\n<link rel=\"canonical\" href=\"https:\/\/revistaidees.cat\/es\/autors\/ana-krstinovska\/\" \/>\n<meta property=\"og:locale\" content=\"es_ES\" \/>\n<meta property=\"og:type\" content=\"article\" \/>\n<meta property=\"og:title\" content=\"Ana Krstinovska &#8211; IDEES\" \/>\n<meta property=\"og:description\" content=\"Ana Krstinovska es acad\u00e9mica experta en China y en asuntos de la Uni\u00f3n Europea, especialmente en pol\u00edtica exterior china y en las relaciones de China con Europa y con los Balcanes occidentales. Es presidenta de ESTIMA, un think tank con sede en Macedonia del Norte. Tambi\u00e9n es investigadora en la Fundaci\u00f3n Hel\u00e9nica de Pol\u00edtica Exterior y Europea (ELIAMEP) e investigadora en CHOICE (China Observers in Central and Eastern Europe). Entre 2013 y 2018, ocup\u00f3 cargos en el Gobierno de Macedonia del Norte: trabaj\u00f3 como asesora del primer ministro, primera secretaria en la Misi\u00f3n Permanente del pa\u00eds en Bruselas y secretaria\u2026\" \/>\n<meta property=\"og:url\" content=\"https:\/\/revistaidees.cat\/es\/autors\/ana-krstinovska\/\" \/>\n<meta property=\"og:site_name\" content=\"IDEES\" \/>\n<meta property=\"article:modified_time\" content=\"2025-02-05T09:04:13+00:00\" \/>\n<meta name=\"twitter:card\" content=\"summary_large_image\" \/>\n<meta name=\"twitter:label1\" content=\"Tiempo de lectura\" \/>\n\t<meta name=\"twitter:data1\" content=\"1 minuto\" \/>\n<script type=\"application\/ld+json\" class=\"yoast-schema-graph\">{\"@context\":\"https:\\\/\\\/schema.org\",\"@graph\":[{\"@type\":\"WebPage\",\"@id\":\"https:\\\/\\\/revistaidees.cat\\\/es\\\/autors\\\/ana-krstinovska\\\/\",\"url\":\"https:\\\/\\\/revistaidees.cat\\\/es\\\/autors\\\/ana-krstinovska\\\/\",\"name\":\"Ana Krstinovska &#8211; IDEES\",\"isPartOf\":{\"@id\":\"https:\\\/\\\/revistaidees.cat\\\/#website\"},\"datePublished\":\"2025-01-23T12:41:30+00:00\",\"dateModified\":\"2025-02-05T09:04:13+00:00\",\"breadcrumb\":{\"@id\":\"https:\\\/\\\/revistaidees.cat\\\/es\\\/autors\\\/ana-krstinovska\\\/#breadcrumb\"},\"inLanguage\":\"es\",\"potentialAction\":[{\"@type\":\"ReadAction\",\"target\":[\"https:\\\/\\\/revistaidees.cat\\\/es\\\/autors\\\/ana-krstinovska\\\/\"]}]},{\"@type\":\"BreadcrumbList\",\"@id\":\"https:\\\/\\\/revistaidees.cat\\\/es\\\/autors\\\/ana-krstinovska\\\/#breadcrumb\",\"itemListElement\":[{\"@type\":\"ListItem\",\"position\":1,\"name\":\"Inici\",\"item\":\"https:\\\/\\\/revistaidees.cat\\\/es\\\/\"},{\"@type\":\"ListItem\",\"position\":2,\"name\":\"Autors\",\"item\":\"https:\\\/\\\/revistaidees.cat\\\/autors\\\/\"},{\"@type\":\"ListItem\",\"position\":3,\"name\":\"Ana Krstinovska\"}]},{\"@type\":\"WebSite\",\"@id\":\"https:\\\/\\\/revistaidees.cat\\\/#website\",\"url\":\"https:\\\/\\\/revistaidees.cat\\\/\",\"name\":\"IDEES\",\"description\":\"Revista de temas contempor\u00e1neos\",\"potentialAction\":[{\"@type\":\"SearchAction\",\"target\":{\"@type\":\"EntryPoint\",\"urlTemplate\":\"https:\\\/\\\/revistaidees.cat\\\/?s={search_term_string}\"},\"query-input\":{\"@type\":\"PropertyValueSpecification\",\"valueRequired\":true,\"valueName\":\"search_term_string\"}}],\"inLanguage\":\"es\"}]}<\/script>\n<!-- \/ Yoast SEO plugin. -->","yoast_head_json":{"title":"Ana Krstinovska &#8211; IDEES","robots":{"index":"index","follow":"follow","max-snippet":"max-snippet:-1","max-image-preview":"max-image-preview:large","max-video-preview":"max-video-preview:-1"},"canonical":"https:\/\/revistaidees.cat\/es\/autors\/ana-krstinovska\/","og_locale":"es_ES","og_type":"article","og_title":"Ana Krstinovska &#8211; IDEES","og_description":"Ana Krstinovska es acad\u00e9mica experta en China y en asuntos de la Uni\u00f3n Europea, especialmente en pol\u00edtica exterior china y en las relaciones de China con Europa y con los Balcanes occidentales. Es presidenta de ESTIMA, un think tank con sede en Macedonia del Norte. Tambi\u00e9n es investigadora en la Fundaci\u00f3n Hel\u00e9nica de Pol\u00edtica Exterior y Europea (ELIAMEP) e investigadora en CHOICE (China Observers in Central and Eastern Europe). Entre 2013 y 2018, ocup\u00f3 cargos en el Gobierno de Macedonia del Norte: trabaj\u00f3 como asesora del primer ministro, primera secretaria en la Misi\u00f3n Permanente del pa\u00eds en Bruselas y secretaria\u2026","og_url":"https:\/\/revistaidees.cat\/es\/autors\/ana-krstinovska\/","og_site_name":"IDEES","article_modified_time":"2025-02-05T09:04:13+00:00","twitter_card":"summary_large_image","twitter_misc":{"Tiempo de lectura":"1 minuto"},"schema":{"@context":"https:\/\/schema.org","@graph":[{"@type":"WebPage","@id":"https:\/\/revistaidees.cat\/es\/autors\/ana-krstinovska\/","url":"https:\/\/revistaidees.cat\/es\/autors\/ana-krstinovska\/","name":"Ana Krstinovska &#8211; IDEES","isPartOf":{"@id":"https:\/\/revistaidees.cat\/#website"},"datePublished":"2025-01-23T12:41:30+00:00","dateModified":"2025-02-05T09:04:13+00:00","breadcrumb":{"@id":"https:\/\/revistaidees.cat\/es\/autors\/ana-krstinovska\/#breadcrumb"},"inLanguage":"es","potentialAction":[{"@type":"ReadAction","target":["https:\/\/revistaidees.cat\/es\/autors\/ana-krstinovska\/"]}]},{"@type":"BreadcrumbList","@id":"https:\/\/revistaidees.cat\/es\/autors\/ana-krstinovska\/#breadcrumb","itemListElement":[{"@type":"ListItem","position":1,"name":"Inici","item":"https:\/\/revistaidees.cat\/es\/"},{"@type":"ListItem","position":2,"name":"Autors","item":"https:\/\/revistaidees.cat\/autors\/"},{"@type":"ListItem","position":3,"name":"Ana Krstinovska"}]},{"@type":"WebSite","@id":"https:\/\/revistaidees.cat\/#website","url":"https:\/\/revistaidees.cat\/","name":"IDEES","description":"Revista de temas contempor\u00e1neos","potentialAction":[{"@type":"SearchAction","target":{"@type":"EntryPoint","urlTemplate":"https:\/\/revistaidees.cat\/?s={search_term_string}"},"query-input":{"@type":"PropertyValueSpecification","valueRequired":true,"valueName":"search_term_string"}}],"inLanguage":"es"}]}},"jetpack_sharing_enabled":true,"_links":{"self":[{"href":"https:\/\/revistaidees.cat\/es\/wp-json\/wp\/v2\/autors\/78943","targetHints":{"allow":["GET"]}}],"collection":[{"href":"https:\/\/revistaidees.cat\/es\/wp-json\/wp\/v2\/autors"}],"about":[{"href":"https:\/\/revistaidees.cat\/es\/wp-json\/wp\/v2\/types\/autors"}],"version-history":[{"count":1,"href":"https:\/\/revistaidees.cat\/es\/wp-json\/wp\/v2\/autors\/78943\/revisions"}],"predecessor-version":[{"id":78947,"href":"https:\/\/revistaidees.cat\/es\/wp-json\/wp\/v2\/autors\/78943\/revisions\/78947"}],"wp:attachment":[{"href":"https:\/\/revistaidees.cat\/es\/wp-json\/wp\/v2\/media?parent=78943"}],"wp:term":[{"taxonomy":"category_autors","embeddable":true,"href":"https:\/\/revistaidees.cat\/es\/wp-json\/wp\/v2\/category_autors?post=78943"}],"curies":[{"name":"wp","href":"https:\/\/api.w.org\/{rel}","templated":true}]}}

<p>Ana Krstinovska es académica experta en China y en asuntos de la Unión Europea, especialmente en política exterior china y en las relaciones de China con Europa y con los Balcanes occidentales. Es presidenta de ESTIMA, un think tank con sede en Macedonia del Norte. También es investigadora en la Fundación Helénica de Política Exterior y Europea (ELIAMEP) e investigadora en CHOICE (China Observers in Central and Eastern Europe). Entre 2013 y 2018, ocupó cargos en el Gobierno de Macedonia del Norte: trabajó como asesora del primer ministro, primera secretaria en la Misión Permanente del país en Bruselas y secretaria de Estado de Asuntos Europeos. Es doctora en Relaciones Internacionales por la Universidad Sts. Cyril y Methodius de Skopje, tiene un máster en Estudios de Política Europea por el College of Europe de Brujas y una especialización en Lengua y Cultura Chinas por la Universidad de Estudios Extranjeros de Pekín.</p>

<!-- This site is optimized with the Yoast SEO plugin v27.5 - https://yoast.com/product/yoast-seo-wordpress/ -->
<title>Ana Krstinovska &#8211; IDEES</title>
<meta name="robots" content="index, follow, max-snippet:-1, max-image-preview:large, max-video-preview:-1" />
<link rel="canonical" href="https://revistaidees.cat/es/autors/ana-krstinovska/" />
<meta property="og:locale" content="es_ES" />
<meta property="og:type" content="article" />
<meta property="og:title" content="Ana Krstinovska &#8211; IDEES" />
<meta property="og:description" content="Ana Krstinovska es académica experta en China y en asuntos de la Unión Europea, especialmente en política exterior china y en las relaciones de China con Europa y con los Balcanes occidentales. Es presidenta de ESTIMA, un think tank con sede en Macedonia del Norte. También es investigadora en la Fundación Helénica de Política Exterior y Europea (ELIAMEP) e investigadora en CHOICE (China Observers in Central and Eastern Europe). Entre 2013 y 2018, ocupó cargos en el Gobierno de Macedonia del Norte: trabajó como asesora del primer ministro, primera secretaria en la Misión Permanente del país en Bruselas y secretaria…" />
<meta property="og:url" content="https://revistaidees.cat/es/autors/ana-krstinovska/" />
<meta property="og:site_name" content="IDEES" />
<meta property="article:modified_time" content="2025-02-05T09:04:13+00:00" />
<meta name="twitter:card" content="summary_large_image" />
<meta name="twitter:label1" content="Tiempo de lectura" />
	<meta name="twitter:data1" content="1 minuto" />
<script type="application/ld+json" class="yoast-schema-graph">{"@context":"https:\/\/schema.org","@graph":[{"@type":"WebPage","@id":"https:\/\/revistaidees.cat\/es\/autors\/ana-krstinovska\/","url":"https:\/\/revistaidees.cat\/es\/autors\/ana-krstinovska\/","name":"Ana Krstinovska &#8211; IDEES","isPartOf":{"@id":"https:\/\/revistaidees.cat\/#website"},"datePublished":"2025-01-23T12:41:30+00:00","dateModified":"2025-02-05T09:04:13+00:00","breadcrumb":{"@id":"https:\/\/revistaidees.cat\/es\/autors\/ana-krstinovska\/#breadcrumb"},"inLanguage":"es","potentialAction":[{"@type":"ReadAction","target":["https:\/\/revistaidees.cat\/es\/autors\/ana-krstinovska\/"]}]},{"@type":"BreadcrumbList","@id":"https:\/\/revistaidees.cat\/es\/autors\/ana-krstinovska\/#breadcrumb","itemListElement":[{"@type":"ListItem","position":1,"name":"Inici","item":"https:\/\/revistaidees.cat\/es\/"},{"@type":"ListItem","position":2,"name":"Autors","item":"https:\/\/revistaidees.cat\/autors\/"},{"@type":"ListItem","position":3,"name":"Ana Krstinovska"}]},{"@type":"WebSite","@id":"https:\/\/revistaidees.cat\/#website","url":"https:\/\/revistaidees.cat\/","name":"IDEES","description":"Revista de temas contemporáneos","potentialAction":[{"@type":"SearchAction","target":{"@type":"EntryPoint","urlTemplate":"https:\/\/revistaidees.cat\/?s={search_term_string}"},"query-input":{"@type":"PropertyValueSpecification","valueRequired":true,"valueName":"search_term_string"}}],"inLanguage":"es"}]}</script>
<!-- / Yoast SEO plugin. -->

Ana Krstinovska es académica experta en China y en asuntos de la Unión Europea, especialmente en política exterior china y en las relaciones de China con Europa y con los Balcanes occidentales. Es presidenta de ESTIMA, un think tank con sede en Macedonia del Norte. También es investigadora en la Fundación Helénica de Política Exterior y Europea (ELIAMEP) e investigadora en CHOICE (China Observers in Central and Eastern Europe). Entre 2013 y 2018, ocupó cargos en el Gobierno de Macedonia del Norte: trabajó como asesora del primer ministro, primera secretaria en la Misión Permanente del país en Bruselas y secretaria…

Revista de temas contemporáneos
