{"id":79005,"date":"2025-01-23T14:44:13","date_gmt":"2025-01-23T12:44:13","guid":{"rendered":"https:\/\/revistaidees.cat\/autors\/engjellushe-morina\/"},"modified":"2025-02-05T14:39:04","modified_gmt":"2025-02-05T12:39:04","slug":"engjellushe-morina","status":"publish","type":"autors","link":"https:\/\/revistaidees.cat\/es\/autors\/engjellushe-morina\/","title":{"rendered":"Engjellushe Morina"},"content":{"rendered":"\n<p>Engjellushe Morina es investigadora senior del programa Wider Europe en el think tank Consejo Europeo de Relaciones Exteriores (ECFR): concretamente, trabaja en la oficina del ECFR en Berl\u00edn. Su trabajo se centra en la geopol\u00edtica de la ampliaci\u00f3n de la UE, las relaciones entre Kosovo y Serbia y los aspectos geopol\u00edticos de la Agenda Verde. Tiene una amplia experiencia de investigaci\u00f3n y trabajo de campo sobre los Balcanes, la integraci\u00f3n euroatl\u00e1ntica, la consolidaci\u00f3n de la paz y la transformaci\u00f3n de conflictos, el extremismo violento, el di\u00e1logo y la mediaci\u00f3n. Antes de incorporarse al Consejo Europeo de Relaciones Exteriores (ECFR), desarroll\u00f3 y dirigi\u00f3 proyectos colaborativos de investigaci\u00f3n sobre el extremismo violento, y gestion\u00f3 otras iniciativas como un di\u00e1logo basado en la diplomacia de v\u00eda y media (<em>1.5 track dialogue<\/em>) en Macedonia del Norte. Durante las negociaciones de alto nivel sobre el estatus pol\u00edtico de Kosovo dirigidas por el expresidente finland\u00e9s Martti Ahtisaari, trabaj\u00f3 como experta y consultora en el Grupo de Patrimonio Cultural dentro del Equipo de Unidad (2005-2007). Su trabajo se centr\u00f3 en la protecci\u00f3n del patrimonio cultural y religioso de Kosovo. Fue cofundadora y directora del Consejo de Relaciones Exteriores de Pristina y directora ejecutiva de la Iniciativa para la Estabilidad de Kosovo. Ha trabajado para la embajada de Estados Unidos en Pristina. Tambi\u00e9n ha llevado a cabo trabajos arqueol\u00f3gicos de campo en Egipto, Italia, Albania y Reino Unido, y proyectos de investigaci\u00f3n en Ucrania y Kirguizst\u00e1n. Es licenciada por el University College de Londres (Instituto de Arqueolog\u00eda), la Universidad de Oxford (Somerville College) y la Hertie School de Berl\u00edn.<\/p>\n","protected":false},"featured_media":0,"template":"","category_autors":[],"class_list":["post-79005","autors","type-autors","status-publish","hentry"],"acf":[],"yoast_head":"<!-- This site is optimized with the Yoast SEO plugin v27.4 - https:\/\/yoast.com\/product\/yoast-seo-wordpress\/ -->\n<title>Engjellushe Morina &#8211; IDEES<\/title>\n<meta name=\"robots\" content=\"index, follow, max-snippet:-1, max-image-preview:large, max-video-preview:-1\" \/>\n<link rel=\"canonical\" href=\"https:\/\/revistaidees.cat\/es\/autors\/engjellushe-morina\/\" \/>\n<meta property=\"og:locale\" content=\"es_ES\" \/>\n<meta property=\"og:type\" content=\"article\" \/>\n<meta property=\"og:title\" content=\"Engjellushe Morina &#8211; IDEES\" \/>\n<meta property=\"og:description\" content=\"Engjellushe Morina es investigadora senior del programa Wider Europe en el think tank Consejo Europeo de Relaciones Exteriores (ECFR): concretamente, trabaja en la oficina del ECFR en Berl\u00edn. Su trabajo se centra en la geopol\u00edtica de la ampliaci\u00f3n de la UE, las relaciones entre Kosovo y Serbia y los aspectos geopol\u00edticos de la Agenda Verde. Tiene una amplia experiencia de investigaci\u00f3n y trabajo de campo sobre los Balcanes, la integraci\u00f3n euroatl\u00e1ntica, la consolidaci\u00f3n de la paz y la transformaci\u00f3n de conflictos, el extremismo violento, el di\u00e1logo y la mediaci\u00f3n. Antes de incorporarse al Consejo Europeo de Relaciones Exteriores (ECFR), desarroll\u00f3\u2026\" \/>\n<meta property=\"og:url\" content=\"https:\/\/revistaidees.cat\/es\/autors\/engjellushe-morina\/\" \/>\n<meta property=\"og:site_name\" content=\"IDEES\" \/>\n<meta property=\"article:modified_time\" content=\"2025-02-05T12:39:04+00:00\" \/>\n<meta name=\"twitter:card\" content=\"summary_large_image\" \/>\n<meta name=\"twitter:label1\" content=\"Tiempo de lectura\" \/>\n\t<meta name=\"twitter:data1\" content=\"2 minutos\" \/>\n<script type=\"application\/ld+json\" class=\"yoast-schema-graph\">{\"@context\":\"https:\\\/\\\/schema.org\",\"@graph\":[{\"@type\":\"WebPage\",\"@id\":\"https:\\\/\\\/revistaidees.cat\\\/es\\\/autors\\\/engjellushe-morina\\\/\",\"url\":\"https:\\\/\\\/revistaidees.cat\\\/es\\\/autors\\\/engjellushe-morina\\\/\",\"name\":\"Engjellushe Morina &#8211; IDEES\",\"isPartOf\":{\"@id\":\"https:\\\/\\\/revistaidees.cat\\\/#website\"},\"datePublished\":\"2025-01-23T12:44:13+00:00\",\"dateModified\":\"2025-02-05T12:39:04+00:00\",\"breadcrumb\":{\"@id\":\"https:\\\/\\\/revistaidees.cat\\\/es\\\/autors\\\/engjellushe-morina\\\/#breadcrumb\"},\"inLanguage\":\"es\",\"potentialAction\":[{\"@type\":\"ReadAction\",\"target\":[\"https:\\\/\\\/revistaidees.cat\\\/es\\\/autors\\\/engjellushe-morina\\\/\"]}]},{\"@type\":\"BreadcrumbList\",\"@id\":\"https:\\\/\\\/revistaidees.cat\\\/es\\\/autors\\\/engjellushe-morina\\\/#breadcrumb\",\"itemListElement\":[{\"@type\":\"ListItem\",\"position\":1,\"name\":\"Inici\",\"item\":\"https:\\\/\\\/revistaidees.cat\\\/es\\\/\"},{\"@type\":\"ListItem\",\"position\":2,\"name\":\"Autors\",\"item\":\"https:\\\/\\\/revistaidees.cat\\\/autors\\\/\"},{\"@type\":\"ListItem\",\"position\":3,\"name\":\"Engjellushe Morina\"}]},{\"@type\":\"WebSite\",\"@id\":\"https:\\\/\\\/revistaidees.cat\\\/#website\",\"url\":\"https:\\\/\\\/revistaidees.cat\\\/\",\"name\":\"IDEES\",\"description\":\"Revista de temas contempor\u00e1neos\",\"potentialAction\":[{\"@type\":\"SearchAction\",\"target\":{\"@type\":\"EntryPoint\",\"urlTemplate\":\"https:\\\/\\\/revistaidees.cat\\\/?s={search_term_string}\"},\"query-input\":{\"@type\":\"PropertyValueSpecification\",\"valueRequired\":true,\"valueName\":\"search_term_string\"}}],\"inLanguage\":\"es\"}]}<\/script>\n<!-- \/ Yoast SEO plugin. -->","yoast_head_json":{"title":"Engjellushe Morina &#8211; IDEES","robots":{"index":"index","follow":"follow","max-snippet":"max-snippet:-1","max-image-preview":"max-image-preview:large","max-video-preview":"max-video-preview:-1"},"canonical":"https:\/\/revistaidees.cat\/es\/autors\/engjellushe-morina\/","og_locale":"es_ES","og_type":"article","og_title":"Engjellushe Morina &#8211; IDEES","og_description":"Engjellushe Morina es investigadora senior del programa Wider Europe en el think tank Consejo Europeo de Relaciones Exteriores (ECFR): concretamente, trabaja en la oficina del ECFR en Berl\u00edn. Su trabajo se centra en la geopol\u00edtica de la ampliaci\u00f3n de la UE, las relaciones entre Kosovo y Serbia y los aspectos geopol\u00edticos de la Agenda Verde. Tiene una amplia experiencia de investigaci\u00f3n y trabajo de campo sobre los Balcanes, la integraci\u00f3n euroatl\u00e1ntica, la consolidaci\u00f3n de la paz y la transformaci\u00f3n de conflictos, el extremismo violento, el di\u00e1logo y la mediaci\u00f3n. Antes de incorporarse al Consejo Europeo de Relaciones Exteriores (ECFR), desarroll\u00f3\u2026","og_url":"https:\/\/revistaidees.cat\/es\/autors\/engjellushe-morina\/","og_site_name":"IDEES","article_modified_time":"2025-02-05T12:39:04+00:00","twitter_card":"summary_large_image","twitter_misc":{"Tiempo de lectura":"2 minutos"},"schema":{"@context":"https:\/\/schema.org","@graph":[{"@type":"WebPage","@id":"https:\/\/revistaidees.cat\/es\/autors\/engjellushe-morina\/","url":"https:\/\/revistaidees.cat\/es\/autors\/engjellushe-morina\/","name":"Engjellushe Morina &#8211; IDEES","isPartOf":{"@id":"https:\/\/revistaidees.cat\/#website"},"datePublished":"2025-01-23T12:44:13+00:00","dateModified":"2025-02-05T12:39:04+00:00","breadcrumb":{"@id":"https:\/\/revistaidees.cat\/es\/autors\/engjellushe-morina\/#breadcrumb"},"inLanguage":"es","potentialAction":[{"@type":"ReadAction","target":["https:\/\/revistaidees.cat\/es\/autors\/engjellushe-morina\/"]}]},{"@type":"BreadcrumbList","@id":"https:\/\/revistaidees.cat\/es\/autors\/engjellushe-morina\/#breadcrumb","itemListElement":[{"@type":"ListItem","position":1,"name":"Inici","item":"https:\/\/revistaidees.cat\/es\/"},{"@type":"ListItem","position":2,"name":"Autors","item":"https:\/\/revistaidees.cat\/autors\/"},{"@type":"ListItem","position":3,"name":"Engjellushe Morina"}]},{"@type":"WebSite","@id":"https:\/\/revistaidees.cat\/#website","url":"https:\/\/revistaidees.cat\/","name":"IDEES","description":"Revista de temas contempor\u00e1neos","potentialAction":[{"@type":"SearchAction","target":{"@type":"EntryPoint","urlTemplate":"https:\/\/revistaidees.cat\/?s={search_term_string}"},"query-input":{"@type":"PropertyValueSpecification","valueRequired":true,"valueName":"search_term_string"}}],"inLanguage":"es"}]}},"jetpack_sharing_enabled":true,"_links":{"self":[{"href":"https:\/\/revistaidees.cat\/es\/wp-json\/wp\/v2\/autors\/79005","targetHints":{"allow":["GET"]}}],"collection":[{"href":"https:\/\/revistaidees.cat\/es\/wp-json\/wp\/v2\/autors"}],"about":[{"href":"https:\/\/revistaidees.cat\/es\/wp-json\/wp\/v2\/types\/autors"}],"version-history":[{"count":2,"href":"https:\/\/revistaidees.cat\/es\/wp-json\/wp\/v2\/autors\/79005\/revisions"}],"predecessor-version":[{"id":79009,"href":"https:\/\/revistaidees.cat\/es\/wp-json\/wp\/v2\/autors\/79005\/revisions\/79009"}],"wp:attachment":[{"href":"https:\/\/revistaidees.cat\/es\/wp-json\/wp\/v2\/media?parent=79005"}],"wp:term":[{"taxonomy":"category_autors","embeddable":true,"href":"https:\/\/revistaidees.cat\/es\/wp-json\/wp\/v2\/category_autors?post=79005"}],"curies":[{"name":"wp","href":"https:\/\/api.w.org\/{rel}","templated":true}]}}

<p>Engjellushe Morina es investigadora senior del programa Wider Europe en el think tank Consejo Europeo de Relaciones Exteriores (ECFR): concretamente, trabaja en la oficina del ECFR en Berlín. Su trabajo se centra en la geopolítica de la ampliación de la UE, las relaciones entre Kosovo y Serbia y los aspectos geopolíticos de la Agenda Verde. Tiene una amplia experiencia de investigación y trabajo de campo sobre los Balcanes, la integración euroatlántica, la consolidación de la paz y la transformación de conflictos, el extremismo violento, el diálogo y la mediación. Antes de incorporarse al Consejo Europeo de Relaciones Exteriores (ECFR), desarrolló y dirigió proyectos colaborativos de investigación sobre el extremismo violento, y gestionó otras iniciativas como un diálogo basado en la diplomacia de vía y media (<em>1.5 track dialogue</em>) en Macedonia del Norte. Durante las negociaciones de alto nivel sobre el estatus político de Kosovo dirigidas por el expresidente finlandés Martti Ahtisaari, trabajó como experta y consultora en el Grupo de Patrimonio Cultural dentro del Equipo de Unidad (2005-2007). Su trabajo se centró en la protección del patrimonio cultural y religioso de Kosovo. Fue cofundadora y directora del Consejo de Relaciones Exteriores de Pristina y directora ejecutiva de la Iniciativa para la Estabilidad de Kosovo. Ha trabajado para la embajada de Estados Unidos en Pristina. También ha llevado a cabo trabajos arqueológicos de campo en Egipto, Italia, Albania y Reino Unido, y proyectos de investigación en Ucrania y Kirguizstán. Es licenciada por el University College de Londres (Instituto de Arqueología), la Universidad de Oxford (Somerville College) y la Hertie School de Berlín.</p>

<!-- This site is optimized with the Yoast SEO plugin v27.4 - https://yoast.com/product/yoast-seo-wordpress/ -->
<title>Engjellushe Morina &#8211; IDEES</title>
<meta name="robots" content="index, follow, max-snippet:-1, max-image-preview:large, max-video-preview:-1" />
<link rel="canonical" href="https://revistaidees.cat/es/autors/engjellushe-morina/" />
<meta property="og:locale" content="es_ES" />
<meta property="og:type" content="article" />
<meta property="og:title" content="Engjellushe Morina &#8211; IDEES" />
<meta property="og:description" content="Engjellushe Morina es investigadora senior del programa Wider Europe en el think tank Consejo Europeo de Relaciones Exteriores (ECFR): concretamente, trabaja en la oficina del ECFR en Berlín. Su trabajo se centra en la geopolítica de la ampliación de la UE, las relaciones entre Kosovo y Serbia y los aspectos geopolíticos de la Agenda Verde. Tiene una amplia experiencia de investigación y trabajo de campo sobre los Balcanes, la integración euroatlántica, la consolidación de la paz y la transformación de conflictos, el extremismo violento, el diálogo y la mediación. Antes de incorporarse al Consejo Europeo de Relaciones Exteriores (ECFR), desarrolló…" />
<meta property="og:url" content="https://revistaidees.cat/es/autors/engjellushe-morina/" />
<meta property="og:site_name" content="IDEES" />
<meta property="article:modified_time" content="2025-02-05T12:39:04+00:00" />
<meta name="twitter:card" content="summary_large_image" />
<meta name="twitter:label1" content="Tiempo de lectura" />
	<meta name="twitter:data1" content="2 minutos" />
<script type="application/ld+json" class="yoast-schema-graph">{"@context":"https:\/\/schema.org","@graph":[{"@type":"WebPage","@id":"https:\/\/revistaidees.cat\/es\/autors\/engjellushe-morina\/","url":"https:\/\/revistaidees.cat\/es\/autors\/engjellushe-morina\/","name":"Engjellushe Morina &#8211; IDEES","isPartOf":{"@id":"https:\/\/revistaidees.cat\/#website"},"datePublished":"2025-01-23T12:44:13+00:00","dateModified":"2025-02-05T12:39:04+00:00","breadcrumb":{"@id":"https:\/\/revistaidees.cat\/es\/autors\/engjellushe-morina\/#breadcrumb"},"inLanguage":"es","potentialAction":[{"@type":"ReadAction","target":["https:\/\/revistaidees.cat\/es\/autors\/engjellushe-morina\/"]}]},{"@type":"BreadcrumbList","@id":"https:\/\/revistaidees.cat\/es\/autors\/engjellushe-morina\/#breadcrumb","itemListElement":[{"@type":"ListItem","position":1,"name":"Inici","item":"https:\/\/revistaidees.cat\/es\/"},{"@type":"ListItem","position":2,"name":"Autors","item":"https:\/\/revistaidees.cat\/autors\/"},{"@type":"ListItem","position":3,"name":"Engjellushe Morina"}]},{"@type":"WebSite","@id":"https:\/\/revistaidees.cat\/#website","url":"https:\/\/revistaidees.cat\/","name":"IDEES","description":"Revista de temas contemporáneos","potentialAction":[{"@type":"SearchAction","target":{"@type":"EntryPoint","urlTemplate":"https:\/\/revistaidees.cat\/?s={search_term_string}"},"query-input":{"@type":"PropertyValueSpecification","valueRequired":true,"valueName":"search_term_string"}}],"inLanguage":"es"}]}</script>
<!-- / Yoast SEO plugin. -->

Engjellushe Morina es investigadora senior del programa Wider Europe en el think tank Consejo Europeo de Relaciones Exteriores (ECFR): concretamente, trabaja en la oficina del ECFR en Berlín. Su trabajo se centra en la geopolítica de la ampliación de la UE, las relaciones entre Kosovo y Serbia y los aspectos geopolíticos de la Agenda Verde. Tiene una amplia experiencia de investigación y trabajo de campo sobre los Balcanes, la integración euroatlántica, la consolidación de la paz y la transformación de conflictos, el extremismo violento, el diálogo y la mediación. Antes de incorporarse al Consejo Europeo de Relaciones Exteriores (ECFR), desarrolló…

Revista de temas contemporáneos
