{"id":79052,"date":"2025-01-23T14:44:42","date_gmt":"2025-01-23T12:44:42","guid":{"rendered":"https:\/\/revistaidees.cat\/autors\/tim-judah\/"},"modified":"2025-02-05T16:59:04","modified_gmt":"2025-02-05T14:59:04","slug":"tim-judah","status":"publish","type":"autors","link":"https:\/\/revistaidees.cat\/es\/autors\/tim-judah\/","title":{"rendered":"Tim Judah"},"content":{"rendered":"\n<p>Tim Judah es periodista y escritor. Cubre los Balcanes, Ucrania y otras regiones para el diario <em>The Economist<\/em>. Ha participado en el proyecto Europe&#8217;s Futures en el Instituto de Ciencias Humanas de Viena (IWM). Ha trabajado para grandes publicaciones y emisoras, especialmente como corresponsal de guerra para el <em>New York Review of Books<\/em> en conflictos como el de Afganist\u00e1n y el de Ucrania. En 2022 fue finalista del premio Bayeux Calvados-Normandy dirigido a los corresponsales de guerra. Ha escrito tres libros sobre los Balcanes: <em>The Serbs: History, Myth and the Destruction of Yugoslavia<\/em> (1997); <em>Kosovo: War &amp; Revenge<\/em> (2000) y <em>Kosovo: What Everyone Needs to Know<\/em> (2008). En 2009 fue profesor visitante agregado en el Instituto de Investigaci\u00f3n sobre el Sudeste de Europa de la London School of Economics (LSE), donde cre\u00f3 el concepto de la \u00abyugosfera\u00bb. En 2016, public\u00f3 <em>In Wartime: Stories from Ukraine<\/em>. La primavera de 2024 termin\u00f3 de escribir un libro sobre demograf\u00eda y el declive de poblaci\u00f3n en el centro, este y sureste de Europa.<\/p>\n","protected":false},"featured_media":0,"template":"","category_autors":[],"class_list":["post-79052","autors","type-autors","status-publish","hentry"],"acf":[],"yoast_head":"<!-- This site is optimized with the Yoast SEO plugin v27.4 - https:\/\/yoast.com\/product\/yoast-seo-wordpress\/ -->\n<title>Tim Judah &#8211; IDEES<\/title>\n<meta name=\"robots\" content=\"index, follow, max-snippet:-1, max-image-preview:large, max-video-preview:-1\" \/>\n<link rel=\"canonical\" href=\"https:\/\/revistaidees.cat\/es\/autors\/tim-judah\/\" \/>\n<meta property=\"og:locale\" content=\"es_ES\" \/>\n<meta property=\"og:type\" content=\"article\" \/>\n<meta property=\"og:title\" content=\"Tim Judah &#8211; IDEES\" \/>\n<meta property=\"og:description\" content=\"Tim Judah es periodista y escritor. Cubre los Balcanes, Ucrania y otras regiones para el diario The Economist. Ha participado en el proyecto Europe&#8217;s Futures en el Instituto de Ciencias Humanas de Viena (IWM). Ha trabajado para grandes publicaciones y emisoras, especialmente como corresponsal de guerra para el New York Review of Books en conflictos como el de Afganist\u00e1n y el de Ucrania. En 2022 fue finalista del premio Bayeux Calvados-Normandy dirigido a los corresponsales de guerra. Ha escrito tres libros sobre los Balcanes: The Serbs: History, Myth and the Destruction of Yugoslavia (1997); Kosovo: War &amp; Revenge (2000) y\u2026\" \/>\n<meta property=\"og:url\" content=\"https:\/\/revistaidees.cat\/es\/autors\/tim-judah\/\" \/>\n<meta property=\"og:site_name\" content=\"IDEES\" \/>\n<meta property=\"article:modified_time\" content=\"2025-02-05T14:59:04+00:00\" \/>\n<meta name=\"twitter:card\" content=\"summary_large_image\" \/>\n<meta name=\"twitter:label1\" content=\"Tiempo de lectura\" \/>\n\t<meta name=\"twitter:data1\" content=\"1 minuto\" \/>\n<script type=\"application\/ld+json\" class=\"yoast-schema-graph\">{\"@context\":\"https:\\\/\\\/schema.org\",\"@graph\":[{\"@type\":\"WebPage\",\"@id\":\"https:\\\/\\\/revistaidees.cat\\\/es\\\/autors\\\/tim-judah\\\/\",\"url\":\"https:\\\/\\\/revistaidees.cat\\\/es\\\/autors\\\/tim-judah\\\/\",\"name\":\"Tim Judah &#8211; IDEES\",\"isPartOf\":{\"@id\":\"https:\\\/\\\/revistaidees.cat\\\/#website\"},\"datePublished\":\"2025-01-23T12:44:42+00:00\",\"dateModified\":\"2025-02-05T14:59:04+00:00\",\"breadcrumb\":{\"@id\":\"https:\\\/\\\/revistaidees.cat\\\/es\\\/autors\\\/tim-judah\\\/#breadcrumb\"},\"inLanguage\":\"es\",\"potentialAction\":[{\"@type\":\"ReadAction\",\"target\":[\"https:\\\/\\\/revistaidees.cat\\\/es\\\/autors\\\/tim-judah\\\/\"]}]},{\"@type\":\"BreadcrumbList\",\"@id\":\"https:\\\/\\\/revistaidees.cat\\\/es\\\/autors\\\/tim-judah\\\/#breadcrumb\",\"itemListElement\":[{\"@type\":\"ListItem\",\"position\":1,\"name\":\"Inici\",\"item\":\"https:\\\/\\\/revistaidees.cat\\\/es\\\/\"},{\"@type\":\"ListItem\",\"position\":2,\"name\":\"Autors\",\"item\":\"https:\\\/\\\/revistaidees.cat\\\/autors\\\/\"},{\"@type\":\"ListItem\",\"position\":3,\"name\":\"Tim Judah\"}]},{\"@type\":\"WebSite\",\"@id\":\"https:\\\/\\\/revistaidees.cat\\\/#website\",\"url\":\"https:\\\/\\\/revistaidees.cat\\\/\",\"name\":\"IDEES\",\"description\":\"Revista de temas contempor\u00e1neos\",\"potentialAction\":[{\"@type\":\"SearchAction\",\"target\":{\"@type\":\"EntryPoint\",\"urlTemplate\":\"https:\\\/\\\/revistaidees.cat\\\/?s={search_term_string}\"},\"query-input\":{\"@type\":\"PropertyValueSpecification\",\"valueRequired\":true,\"valueName\":\"search_term_string\"}}],\"inLanguage\":\"es\"}]}<\/script>\n<!-- \/ Yoast SEO plugin. -->","yoast_head_json":{"title":"Tim Judah &#8211; IDEES","robots":{"index":"index","follow":"follow","max-snippet":"max-snippet:-1","max-image-preview":"max-image-preview:large","max-video-preview":"max-video-preview:-1"},"canonical":"https:\/\/revistaidees.cat\/es\/autors\/tim-judah\/","og_locale":"es_ES","og_type":"article","og_title":"Tim Judah &#8211; IDEES","og_description":"Tim Judah es periodista y escritor. Cubre los Balcanes, Ucrania y otras regiones para el diario The Economist. Ha participado en el proyecto Europe&#8217;s Futures en el Instituto de Ciencias Humanas de Viena (IWM). Ha trabajado para grandes publicaciones y emisoras, especialmente como corresponsal de guerra para el New York Review of Books en conflictos como el de Afganist\u00e1n y el de Ucrania. En 2022 fue finalista del premio Bayeux Calvados-Normandy dirigido a los corresponsales de guerra. Ha escrito tres libros sobre los Balcanes: The Serbs: History, Myth and the Destruction of Yugoslavia (1997); Kosovo: War &amp; Revenge (2000) y\u2026","og_url":"https:\/\/revistaidees.cat\/es\/autors\/tim-judah\/","og_site_name":"IDEES","article_modified_time":"2025-02-05T14:59:04+00:00","twitter_card":"summary_large_image","twitter_misc":{"Tiempo de lectura":"1 minuto"},"schema":{"@context":"https:\/\/schema.org","@graph":[{"@type":"WebPage","@id":"https:\/\/revistaidees.cat\/es\/autors\/tim-judah\/","url":"https:\/\/revistaidees.cat\/es\/autors\/tim-judah\/","name":"Tim Judah &#8211; IDEES","isPartOf":{"@id":"https:\/\/revistaidees.cat\/#website"},"datePublished":"2025-01-23T12:44:42+00:00","dateModified":"2025-02-05T14:59:04+00:00","breadcrumb":{"@id":"https:\/\/revistaidees.cat\/es\/autors\/tim-judah\/#breadcrumb"},"inLanguage":"es","potentialAction":[{"@type":"ReadAction","target":["https:\/\/revistaidees.cat\/es\/autors\/tim-judah\/"]}]},{"@type":"BreadcrumbList","@id":"https:\/\/revistaidees.cat\/es\/autors\/tim-judah\/#breadcrumb","itemListElement":[{"@type":"ListItem","position":1,"name":"Inici","item":"https:\/\/revistaidees.cat\/es\/"},{"@type":"ListItem","position":2,"name":"Autors","item":"https:\/\/revistaidees.cat\/autors\/"},{"@type":"ListItem","position":3,"name":"Tim Judah"}]},{"@type":"WebSite","@id":"https:\/\/revistaidees.cat\/#website","url":"https:\/\/revistaidees.cat\/","name":"IDEES","description":"Revista de temas contempor\u00e1neos","potentialAction":[{"@type":"SearchAction","target":{"@type":"EntryPoint","urlTemplate":"https:\/\/revistaidees.cat\/?s={search_term_string}"},"query-input":{"@type":"PropertyValueSpecification","valueRequired":true,"valueName":"search_term_string"}}],"inLanguage":"es"}]}},"jetpack_sharing_enabled":true,"_links":{"self":[{"href":"https:\/\/revistaidees.cat\/es\/wp-json\/wp\/v2\/autors\/79052","targetHints":{"allow":["GET"]}}],"collection":[{"href":"https:\/\/revistaidees.cat\/es\/wp-json\/wp\/v2\/autors"}],"about":[{"href":"https:\/\/revistaidees.cat\/es\/wp-json\/wp\/v2\/types\/autors"}],"version-history":[{"count":4,"href":"https:\/\/revistaidees.cat\/es\/wp-json\/wp\/v2\/autors\/79052\/revisions"}],"predecessor-version":[{"id":79065,"href":"https:\/\/revistaidees.cat\/es\/wp-json\/wp\/v2\/autors\/79052\/revisions\/79065"}],"wp:attachment":[{"href":"https:\/\/revistaidees.cat\/es\/wp-json\/wp\/v2\/media?parent=79052"}],"wp:term":[{"taxonomy":"category_autors","embeddable":true,"href":"https:\/\/revistaidees.cat\/es\/wp-json\/wp\/v2\/category_autors?post=79052"}],"curies":[{"name":"wp","href":"https:\/\/api.w.org\/{rel}","templated":true}]}}

<p>Tim Judah es periodista y escritor. Cubre los Balcanes, Ucrania y otras regiones para el diario <em>The Economist</em>. Ha participado en el proyecto Europe&#8217;s Futures en el Instituto de Ciencias Humanas de Viena (IWM). Ha trabajado para grandes publicaciones y emisoras, especialmente como corresponsal de guerra para el <em>New York Review of Books</em> en conflictos como el de Afganistán y el de Ucrania. En 2022 fue finalista del premio Bayeux Calvados-Normandy dirigido a los corresponsales de guerra. Ha escrito tres libros sobre los Balcanes: <em>The Serbs: History, Myth and the Destruction of Yugoslavia</em> (1997); <em>Kosovo: War &amp; Revenge</em> (2000) y <em>Kosovo: What Everyone Needs to Know</em> (2008). En 2009 fue profesor visitante agregado en el Instituto de Investigación sobre el Sudeste de Europa de la London School of Economics (LSE), donde creó el concepto de la «yugosfera». En 2016, publicó <em>In Wartime: Stories from Ukraine</em>. La primavera de 2024 terminó de escribir un libro sobre demografía y el declive de población en el centro, este y sureste de Europa.</p>

<!-- This site is optimized with the Yoast SEO plugin v27.4 - https://yoast.com/product/yoast-seo-wordpress/ -->
<title>Tim Judah &#8211; IDEES</title>
<meta name="robots" content="index, follow, max-snippet:-1, max-image-preview:large, max-video-preview:-1" />
<link rel="canonical" href="https://revistaidees.cat/es/autors/tim-judah/" />
<meta property="og:locale" content="es_ES" />
<meta property="og:type" content="article" />
<meta property="og:title" content="Tim Judah &#8211; IDEES" />
<meta property="og:description" content="Tim Judah es periodista y escritor. Cubre los Balcanes, Ucrania y otras regiones para el diario The Economist. Ha participado en el proyecto Europe&#8217;s Futures en el Instituto de Ciencias Humanas de Viena (IWM). Ha trabajado para grandes publicaciones y emisoras, especialmente como corresponsal de guerra para el New York Review of Books en conflictos como el de Afganistán y el de Ucrania. En 2022 fue finalista del premio Bayeux Calvados-Normandy dirigido a los corresponsales de guerra. Ha escrito tres libros sobre los Balcanes: The Serbs: History, Myth and the Destruction of Yugoslavia (1997); Kosovo: War &amp; Revenge (2000) y…" />
<meta property="og:url" content="https://revistaidees.cat/es/autors/tim-judah/" />
<meta property="og:site_name" content="IDEES" />
<meta property="article:modified_time" content="2025-02-05T14:59:04+00:00" />
<meta name="twitter:card" content="summary_large_image" />
<meta name="twitter:label1" content="Tiempo de lectura" />
	<meta name="twitter:data1" content="1 minuto" />
<script type="application/ld+json" class="yoast-schema-graph">{"@context":"https:\/\/schema.org","@graph":[{"@type":"WebPage","@id":"https:\/\/revistaidees.cat\/es\/autors\/tim-judah\/","url":"https:\/\/revistaidees.cat\/es\/autors\/tim-judah\/","name":"Tim Judah &#8211; IDEES","isPartOf":{"@id":"https:\/\/revistaidees.cat\/#website"},"datePublished":"2025-01-23T12:44:42+00:00","dateModified":"2025-02-05T14:59:04+00:00","breadcrumb":{"@id":"https:\/\/revistaidees.cat\/es\/autors\/tim-judah\/#breadcrumb"},"inLanguage":"es","potentialAction":[{"@type":"ReadAction","target":["https:\/\/revistaidees.cat\/es\/autors\/tim-judah\/"]}]},{"@type":"BreadcrumbList","@id":"https:\/\/revistaidees.cat\/es\/autors\/tim-judah\/#breadcrumb","itemListElement":[{"@type":"ListItem","position":1,"name":"Inici","item":"https:\/\/revistaidees.cat\/es\/"},{"@type":"ListItem","position":2,"name":"Autors","item":"https:\/\/revistaidees.cat\/autors\/"},{"@type":"ListItem","position":3,"name":"Tim Judah"}]},{"@type":"WebSite","@id":"https:\/\/revistaidees.cat\/#website","url":"https:\/\/revistaidees.cat\/","name":"IDEES","description":"Revista de temas contemporáneos","potentialAction":[{"@type":"SearchAction","target":{"@type":"EntryPoint","urlTemplate":"https:\/\/revistaidees.cat\/?s={search_term_string}"},"query-input":{"@type":"PropertyValueSpecification","valueRequired":true,"valueName":"search_term_string"}}],"inLanguage":"es"}]}</script>
<!-- / Yoast SEO plugin. -->

Tim Judah es periodista y escritor. Cubre los Balcanes, Ucrania y otras regiones para el diario The Economist. Ha participado en el proyecto Europe&#8217;s Futures en el Instituto de Ciencias Humanas de Viena (IWM). Ha trabajado para grandes publicaciones y emisoras, especialmente como corresponsal de guerra para el New York Review of Books en conflictos como el de Afganistán y el de Ucrania. En 2022 fue finalista del premio Bayeux Calvados-Normandy dirigido a los corresponsales de guerra. Ha escrito tres libros sobre los Balcanes: The Serbs: History, Myth and the Destruction of Yugoslavia (1997); Kosovo: War &amp; Revenge (2000) y…

Revista de temas contemporáneos
