{"id":81888,"date":"2025-09-19T08:54:01","date_gmt":"2025-09-19T06:54:01","guid":{"rendered":"https:\/\/revistaidees.cat\/?post_type=autors&#038;p=81888"},"modified":"2025-09-19T08:54:01","modified_gmt":"2025-09-19T06:54:01","slug":"jordi-bayona-i-carrasco","status":"publish","type":"autors","link":"https:\/\/revistaidees.cat\/es\/autors\/jordi-bayona-i-carrasco\/","title":{"rendered":"Jordi Bayona i Carrasco"},"content":{"rendered":"\n<p>Jordi Bayona-i-Carrasco es ge\u00f3grafo y doctor en Demograf\u00eda. Actualmente es profesor agregado Serra H\u00fanter en el Departamento de Geograf\u00eda de la Universitat de Barcelona e investigador asociado al Centre d\u2019Estudis Demogr\u00e0fics (CED), donde forma parte del grupo de investigaci\u00f3n consolidado Globalizaci\u00f3n, Migraciones y Espacio, dirigido por Andreu Domingo.<br>Su investigaci\u00f3n se centra en el an\u00e1lisis de los flujos migratorios \u2014tanto internos como internacionales\u2014 y en el estudio de las poblaciones inmigradas: sus caracter\u00edsticas sociodemogr\u00e1ficas, los procesos de asentamiento y las din\u00e1micas de integraci\u00f3n. Ha abordado cuestiones como los patrones de localizaci\u00f3n espacial de los migrantes, el acceso a la vivienda, la participaci\u00f3n en el mercado laboral y la presencia en el sistema educativo.<\/p>\n","protected":false},"featured_media":0,"template":"","category_autors":[],"class_list":["post-81888","autors","type-autors","status-publish","hentry"],"acf":[],"yoast_head":"<!-- This site is optimized with the Yoast SEO plugin v27.4 - https:\/\/yoast.com\/product\/yoast-seo-wordpress\/ -->\n<title>Jordi Bayona i Carrasco &#8211; IDEES<\/title>\n<meta name=\"robots\" content=\"index, follow, max-snippet:-1, max-image-preview:large, max-video-preview:-1\" \/>\n<link rel=\"canonical\" href=\"https:\/\/revistaidees.cat\/es\/autors\/jordi-bayona-i-carrasco\/\" \/>\n<meta property=\"og:locale\" content=\"es_ES\" \/>\n<meta property=\"og:type\" content=\"article\" \/>\n<meta property=\"og:title\" content=\"Jordi Bayona i Carrasco &#8211; IDEES\" \/>\n<meta property=\"og:description\" content=\"Jordi Bayona-i-Carrasco es ge\u00f3grafo y doctor en Demograf\u00eda. Actualmente es profesor agregado Serra H\u00fanter en el Departamento de Geograf\u00eda de la Universitat de Barcelona e investigador asociado al Centre d\u2019Estudis Demogr\u00e0fics (CED), donde forma parte del grupo de investigaci\u00f3n consolidado Globalizaci\u00f3n, Migraciones y Espacio, dirigido por Andreu Domingo.Su investigaci\u00f3n se centra en el an\u00e1lisis de los flujos migratorios \u2014tanto internos como internacionales\u2014 y en el estudio de las poblaciones inmigradas: sus caracter\u00edsticas sociodemogr\u00e1ficas, los procesos de asentamiento y las din\u00e1micas de integraci\u00f3n. Ha abordado cuestiones como los patrones de localizaci\u00f3n espacial de los migrantes, el acceso a la vivienda, la\u2026\" \/>\n<meta property=\"og:url\" content=\"https:\/\/revistaidees.cat\/es\/autors\/jordi-bayona-i-carrasco\/\" \/>\n<meta property=\"og:site_name\" content=\"IDEES\" \/>\n<meta name=\"twitter:card\" content=\"summary_large_image\" \/>\n<meta name=\"twitter:label1\" content=\"Tiempo de lectura\" \/>\n\t<meta name=\"twitter:data1\" content=\"1 minuto\" \/>\n<script type=\"application\/ld+json\" class=\"yoast-schema-graph\">{\"@context\":\"https:\\\/\\\/schema.org\",\"@graph\":[{\"@type\":\"WebPage\",\"@id\":\"https:\\\/\\\/revistaidees.cat\\\/es\\\/autors\\\/jordi-bayona-i-carrasco\\\/\",\"url\":\"https:\\\/\\\/revistaidees.cat\\\/es\\\/autors\\\/jordi-bayona-i-carrasco\\\/\",\"name\":\"Jordi Bayona i Carrasco &#8211; IDEES\",\"isPartOf\":{\"@id\":\"https:\\\/\\\/revistaidees.cat\\\/#website\"},\"datePublished\":\"2025-09-19T06:54:01+00:00\",\"breadcrumb\":{\"@id\":\"https:\\\/\\\/revistaidees.cat\\\/es\\\/autors\\\/jordi-bayona-i-carrasco\\\/#breadcrumb\"},\"inLanguage\":\"es\",\"potentialAction\":[{\"@type\":\"ReadAction\",\"target\":[\"https:\\\/\\\/revistaidees.cat\\\/es\\\/autors\\\/jordi-bayona-i-carrasco\\\/\"]}]},{\"@type\":\"BreadcrumbList\",\"@id\":\"https:\\\/\\\/revistaidees.cat\\\/es\\\/autors\\\/jordi-bayona-i-carrasco\\\/#breadcrumb\",\"itemListElement\":[{\"@type\":\"ListItem\",\"position\":1,\"name\":\"Inici\",\"item\":\"https:\\\/\\\/revistaidees.cat\\\/es\\\/\"},{\"@type\":\"ListItem\",\"position\":2,\"name\":\"Autors\",\"item\":\"https:\\\/\\\/revistaidees.cat\\\/autors\\\/\"},{\"@type\":\"ListItem\",\"position\":3,\"name\":\"Jordi Bayona i Carrasco\"}]},{\"@type\":\"WebSite\",\"@id\":\"https:\\\/\\\/revistaidees.cat\\\/#website\",\"url\":\"https:\\\/\\\/revistaidees.cat\\\/\",\"name\":\"IDEES\",\"description\":\"Revista de temas contempor\u00e1neos\",\"potentialAction\":[{\"@type\":\"SearchAction\",\"target\":{\"@type\":\"EntryPoint\",\"urlTemplate\":\"https:\\\/\\\/revistaidees.cat\\\/?s={search_term_string}\"},\"query-input\":{\"@type\":\"PropertyValueSpecification\",\"valueRequired\":true,\"valueName\":\"search_term_string\"}}],\"inLanguage\":\"es\"}]}<\/script>\n<!-- \/ Yoast SEO plugin. -->","yoast_head_json":{"title":"Jordi Bayona i Carrasco &#8211; IDEES","robots":{"index":"index","follow":"follow","max-snippet":"max-snippet:-1","max-image-preview":"max-image-preview:large","max-video-preview":"max-video-preview:-1"},"canonical":"https:\/\/revistaidees.cat\/es\/autors\/jordi-bayona-i-carrasco\/","og_locale":"es_ES","og_type":"article","og_title":"Jordi Bayona i Carrasco &#8211; IDEES","og_description":"Jordi Bayona-i-Carrasco es ge\u00f3grafo y doctor en Demograf\u00eda. Actualmente es profesor agregado Serra H\u00fanter en el Departamento de Geograf\u00eda de la Universitat de Barcelona e investigador asociado al Centre d\u2019Estudis Demogr\u00e0fics (CED), donde forma parte del grupo de investigaci\u00f3n consolidado Globalizaci\u00f3n, Migraciones y Espacio, dirigido por Andreu Domingo.Su investigaci\u00f3n se centra en el an\u00e1lisis de los flujos migratorios \u2014tanto internos como internacionales\u2014 y en el estudio de las poblaciones inmigradas: sus caracter\u00edsticas sociodemogr\u00e1ficas, los procesos de asentamiento y las din\u00e1micas de integraci\u00f3n. Ha abordado cuestiones como los patrones de localizaci\u00f3n espacial de los migrantes, el acceso a la vivienda, la\u2026","og_url":"https:\/\/revistaidees.cat\/es\/autors\/jordi-bayona-i-carrasco\/","og_site_name":"IDEES","twitter_card":"summary_large_image","twitter_misc":{"Tiempo de lectura":"1 minuto"},"schema":{"@context":"https:\/\/schema.org","@graph":[{"@type":"WebPage","@id":"https:\/\/revistaidees.cat\/es\/autors\/jordi-bayona-i-carrasco\/","url":"https:\/\/revistaidees.cat\/es\/autors\/jordi-bayona-i-carrasco\/","name":"Jordi Bayona i Carrasco &#8211; IDEES","isPartOf":{"@id":"https:\/\/revistaidees.cat\/#website"},"datePublished":"2025-09-19T06:54:01+00:00","breadcrumb":{"@id":"https:\/\/revistaidees.cat\/es\/autors\/jordi-bayona-i-carrasco\/#breadcrumb"},"inLanguage":"es","potentialAction":[{"@type":"ReadAction","target":["https:\/\/revistaidees.cat\/es\/autors\/jordi-bayona-i-carrasco\/"]}]},{"@type":"BreadcrumbList","@id":"https:\/\/revistaidees.cat\/es\/autors\/jordi-bayona-i-carrasco\/#breadcrumb","itemListElement":[{"@type":"ListItem","position":1,"name":"Inici","item":"https:\/\/revistaidees.cat\/es\/"},{"@type":"ListItem","position":2,"name":"Autors","item":"https:\/\/revistaidees.cat\/autors\/"},{"@type":"ListItem","position":3,"name":"Jordi Bayona i Carrasco"}]},{"@type":"WebSite","@id":"https:\/\/revistaidees.cat\/#website","url":"https:\/\/revistaidees.cat\/","name":"IDEES","description":"Revista de temas contempor\u00e1neos","potentialAction":[{"@type":"SearchAction","target":{"@type":"EntryPoint","urlTemplate":"https:\/\/revistaidees.cat\/?s={search_term_string}"},"query-input":{"@type":"PropertyValueSpecification","valueRequired":true,"valueName":"search_term_string"}}],"inLanguage":"es"}]}},"jetpack_sharing_enabled":true,"_links":{"self":[{"href":"https:\/\/revistaidees.cat\/es\/wp-json\/wp\/v2\/autors\/81888","targetHints":{"allow":["GET"]}}],"collection":[{"href":"https:\/\/revistaidees.cat\/es\/wp-json\/wp\/v2\/autors"}],"about":[{"href":"https:\/\/revistaidees.cat\/es\/wp-json\/wp\/v2\/types\/autors"}],"version-history":[{"count":2,"href":"https:\/\/revistaidees.cat\/es\/wp-json\/wp\/v2\/autors\/81888\/revisions"}],"predecessor-version":[{"id":81905,"href":"https:\/\/revistaidees.cat\/es\/wp-json\/wp\/v2\/autors\/81888\/revisions\/81905"}],"wp:attachment":[{"href":"https:\/\/revistaidees.cat\/es\/wp-json\/wp\/v2\/media?parent=81888"}],"wp:term":[{"taxonomy":"category_autors","embeddable":true,"href":"https:\/\/revistaidees.cat\/es\/wp-json\/wp\/v2\/category_autors?post=81888"}],"curies":[{"name":"wp","href":"https:\/\/api.w.org\/{rel}","templated":true}]}}

<p>Jordi Bayona-i-Carrasco es geógrafo y doctor en Demografía. Actualmente es profesor agregado Serra Húnter en el Departamento de Geografía de la Universitat de Barcelona e investigador asociado al Centre d’Estudis Demogràfics (CED), donde forma parte del grupo de investigación consolidado Globalización, Migraciones y Espacio, dirigido por Andreu Domingo.<br>Su investigación se centra en el análisis de los flujos migratorios —tanto internos como internacionales— y en el estudio de las poblaciones inmigradas: sus características sociodemográficas, los procesos de asentamiento y las dinámicas de integración. Ha abordado cuestiones como los patrones de localización espacial de los migrantes, el acceso a la vivienda, la participación en el mercado laboral y la presencia en el sistema educativo.</p>

<!-- This site is optimized with the Yoast SEO plugin v27.4 - https://yoast.com/product/yoast-seo-wordpress/ -->
<title>Jordi Bayona i Carrasco &#8211; IDEES</title>
<meta name="robots" content="index, follow, max-snippet:-1, max-image-preview:large, max-video-preview:-1" />
<link rel="canonical" href="https://revistaidees.cat/es/autors/jordi-bayona-i-carrasco/" />
<meta property="og:locale" content="es_ES" />
<meta property="og:type" content="article" />
<meta property="og:title" content="Jordi Bayona i Carrasco &#8211; IDEES" />
<meta property="og:description" content="Jordi Bayona-i-Carrasco es geógrafo y doctor en Demografía. Actualmente es profesor agregado Serra Húnter en el Departamento de Geografía de la Universitat de Barcelona e investigador asociado al Centre d’Estudis Demogràfics (CED), donde forma parte del grupo de investigación consolidado Globalización, Migraciones y Espacio, dirigido por Andreu Domingo.Su investigación se centra en el análisis de los flujos migratorios —tanto internos como internacionales— y en el estudio de las poblaciones inmigradas: sus características sociodemográficas, los procesos de asentamiento y las dinámicas de integración. Ha abordado cuestiones como los patrones de localización espacial de los migrantes, el acceso a la vivienda, la…" />
<meta property="og:url" content="https://revistaidees.cat/es/autors/jordi-bayona-i-carrasco/" />
<meta property="og:site_name" content="IDEES" />
<meta name="twitter:card" content="summary_large_image" />
<meta name="twitter:label1" content="Tiempo de lectura" />
	<meta name="twitter:data1" content="1 minuto" />
<script type="application/ld+json" class="yoast-schema-graph">{"@context":"https:\/\/schema.org","@graph":[{"@type":"WebPage","@id":"https:\/\/revistaidees.cat\/es\/autors\/jordi-bayona-i-carrasco\/","url":"https:\/\/revistaidees.cat\/es\/autors\/jordi-bayona-i-carrasco\/","name":"Jordi Bayona i Carrasco &#8211; IDEES","isPartOf":{"@id":"https:\/\/revistaidees.cat\/#website"},"datePublished":"2025-09-19T06:54:01+00:00","breadcrumb":{"@id":"https:\/\/revistaidees.cat\/es\/autors\/jordi-bayona-i-carrasco\/#breadcrumb"},"inLanguage":"es","potentialAction":[{"@type":"ReadAction","target":["https:\/\/revistaidees.cat\/es\/autors\/jordi-bayona-i-carrasco\/"]}]},{"@type":"BreadcrumbList","@id":"https:\/\/revistaidees.cat\/es\/autors\/jordi-bayona-i-carrasco\/#breadcrumb","itemListElement":[{"@type":"ListItem","position":1,"name":"Inici","item":"https:\/\/revistaidees.cat\/es\/"},{"@type":"ListItem","position":2,"name":"Autors","item":"https:\/\/revistaidees.cat\/autors\/"},{"@type":"ListItem","position":3,"name":"Jordi Bayona i Carrasco"}]},{"@type":"WebSite","@id":"https:\/\/revistaidees.cat\/#website","url":"https:\/\/revistaidees.cat\/","name":"IDEES","description":"Revista de temas contemporáneos","potentialAction":[{"@type":"SearchAction","target":{"@type":"EntryPoint","urlTemplate":"https:\/\/revistaidees.cat\/?s={search_term_string}"},"query-input":{"@type":"PropertyValueSpecification","valueRequired":true,"valueName":"search_term_string"}}],"inLanguage":"es"}]}</script>
<!-- / Yoast SEO plugin. -->

Jordi Bayona-i-Carrasco es geógrafo y doctor en Demografía. Actualmente es profesor agregado Serra Húnter en el Departamento de Geografía de la Universitat de Barcelona e investigador asociado al Centre d’Estudis Demogràfics (CED), donde forma parte del grupo de investigación consolidado Globalización, Migraciones y Espacio, dirigido por Andreu Domingo.Su investigación se centra en el análisis de los flujos migratorios —tanto internos como internacionales— y en el estudio de las poblaciones inmigradas: sus características sociodemográficas, los procesos de asentamiento y las dinámicas de integración. Ha abordado cuestiones como los patrones de localización espacial de los migrantes, el acceso a la vivienda, la…

Revista de temas contemporáneos
